000
CDUS42 KFFC 172137
CLIFFC


CLIMATE REPORT
NATIONAL WEATHER SERVICE PEACHTREE CITY GA
437 PM EST FRI NOV 17 2017


...................................

...THE PEACHTREE CITY CLIMATE SUMMARY FOR NOVEMBER 17 2017...
VALID TODAY AS OF 0400 PM LOCAL TIME.

CLIMATE NORMAL PERIOD 1981 TO 2010
CLIMATE RECORD PERIOD 9999 TO 9999


WEATHER ITEM   OBSERVED TIME   RECORD YEAR NORMAL DEPARTURE LAST
                VALUE   (LST)  VALUE       VALUE  FROM      YEAR
                                                  NORMAL
..................................................................
TEMPERATURE (F)
 TODAY
  MAXIMUM         69    302 PM  MM      MM  65      4       78
  MINIMUM         33    746 AM  MM      MM  40     -7       36
  AVERAGE         51                        52     -1       57

PRECIPITATION (IN)
  TODAY            0.00         MM      MM   0.14  -0.14     0.00
  MONTH TO DATE    0.58                      2.12  -1.54      T
  SINCE SEP 1     10.36                      9.37   0.99     2.91
  SINCE JAN 1     47.84                     44.10   3.74    27.78

SNOWFALL (IN)
  TODAY            0.0          MM      MM  MM     MM        0.0
  MONTH TO DATE    0.0                      MM     MM        0.0
  SINCE SEP 1      0.0                      MM     MM        0.0
  SINCE JUL 1      0.0                      MM     MM        0.0
  SNOW DEPTH       0

DEGREE DAYS
 HEATING
  TODAY           14                        13      1        8
  MONTH TO DATE  138                       182    -44      138
  SINCE SEP 1    275                       348    -73      194
  SINCE JUL 1    275                       348    -73      194

 COOLING
  TODAY            0                         0      0        0
  MONTH TO DATE   16                         2     14        6
  SINCE SEP 1    373                       270    103      451
  SINCE JAN 1   1872                      1650    222     2097
..................................................................


WIND (MPH)
  RESULTANT WIND SPEED   3   RESULTANT WIND DIRECTION  SE (130)
  HIGHEST WIND SPEED    13   HIGHEST WIND DIRECTION    SE (130)
  HIGHEST GUST SPEED    16   HIGHEST GUST DIRECTION    SE (120)
  AVERAGE WIND SPEED     2.9


SKY COVER
  POSSIBLE SUNSHINE  MM
  AVERAGE SKY COVER 0.1


WEATHER CONDITIONS
 THE FOLLOWING WEATHER WAS RECORDED TODAY.
  FOG
  FOG W/VISIBILITY <= 1/4 MILE


RELATIVE HUMIDITY (PERCENT)
 HIGHEST   100           700 AM
 LOWEST     37           400 PM
 AVERAGE    69

..........................................................


THE PEACHTREE CITY CLIMATE NORMALS FOR TOMORROW
                         NORMAL    RECORD    YEAR
 MAXIMUM TEMPERATURE (F)   65        MM        MM
 MINIMUM TEMPERATURE (F)   40        MM        MM


SUNRISE AND SUNSET
NOVEMBER 17 2017......SUNRISE   712 AM EST   SUNSET   535 PM EST
NOVEMBER 18 2017......SUNRISE   712 AM EST   SUNSET   534 PM EST


-  INDICATES NEGATIVE NUMBERS.
R  INDICATES RECORD WAS SET OR TIED.
MM INDICATES DATA IS MISSING.
T  INDICATES TRACE AMOUNT.




$$
