050
CDUS42 KFFC 250817
CLIFFC


CLIMATE REPORT
NATIONAL WEATHER SERVICE PEACHTREE CITY GA
417 AM EDT THU MAY 25 2017


...................................

...THE PEACHTREE CITY CLIMATE SUMMARY FOR MAY 24 2017...

CLIMATE NORMAL PERIOD 1981 TO 2010
CLIMATE RECORD PERIOD 9999 TO 9999


WEATHER ITEM   OBSERVED TIME   RECORD YEAR NORMAL DEPARTURE LAST
                VALUE   (LST)  VALUE       VALUE  FROM      YEAR
                                                  NORMAL
..................................................................
TEMPERATURE (F)
 YESTERDAY
  MAXIMUM         79    235 PM  MM      MM  83     -4       86
  MINIMUM         60   1159 PM  MM      MM  59      1       54
  AVERAGE         70                        71     -1       70

PRECIPITATION (IN)
  YESTERDAY        0.01         MM      MM   0.13  -0.12     0.00
  MONTH TO DATE    4.96                      2.42   2.54     0.56
  SINCE MAR 1      9.97                     11.45  -1.48     7.85
  SINCE JAN 1     20.22                     20.55  -0.33    19.12

SNOWFALL (IN)
  YESTERDAY        0.0          MM      MM  MM     MM       MM
  MONTH TO DATE    0.0                      MM     MM        0.0
  SINCE MAR 1      0.0                      MM     MM        0.0
  SINCE JUL 1      0.0                      MM     MM        0.2
  SNOW DEPTH       0

DEGREE DAYS
 HEATING
  YESTERDAY        0                         0      0        0
  MONTH TO DATE   30                        31     -1       27
  SINCE MAR 1    401                       568   -167      394
  SINCE JUL 1   2040                      2950   -910     2319

 COOLING
  YESTERDAY        5                         7     -2        5
  MONTH TO DATE  125                       101     24       86
  SINCE MAR 1    236                       137     99      135
  SINCE JAN 1    237                       137    100      135
..................................................................


WIND (MPH)
  RESULTANT WIND SPEED   4   RESULTANT WIND DIRECTION   W (250)
  HIGHEST WIND SPEED    17   HIGHEST WIND DIRECTION     W (260)
  HIGHEST GUST SPEED    27   HIGHEST GUST DIRECTION    NW (310)
  AVERAGE WIND SPEED     6.9


SKY COVER
  POSSIBLE SUNSHINE  MM
  AVERAGE SKY COVER 0.6


WEATHER CONDITIONS
 THE FOLLOWING WEATHER WAS RECORDED YESTERDAY.
  LIGHT RAIN


RELATIVE HUMIDITY (PERCENT)
 HIGHEST   100          1200 AM
 LOWEST     46           500 PM
 AVERAGE    73

..........................................................


THE PEACHTREE CITY CLIMATE NORMALS FOR TODAY
                         NORMAL    RECORD    YEAR
 MAXIMUM TEMPERATURE (F)   83        MM        MM
 MINIMUM TEMPERATURE (F)   59        MM        MM


SUNRISE AND SUNSET
MAY 25 2017...........SUNRISE   632 AM EDT   SUNSET   839 PM EDT
MAY 26 2017...........SUNRISE   632 AM EDT   SUNSET   839 PM EDT


-  INDICATES NEGATIVE NUMBERS.
R  INDICATES RECORD WAS SET OR TIED.
MM INDICATES DATA IS MISSING.
T  INDICATES TRACE AMOUNT.




$$
