970
CDUS43 KLMK 132131 RRA
CLIFFT

CLIMATE REPORT
NATIONAL WEATHER SERVICE LOUISVILLE KY
430 PM EST SAT FEB 13 2016


...................................

...THE FRANKFORT KY CLIMATE SUMMARY FOR FEBRUARY 13 2016...
VALID TODAY AS OF 0400 PM LOCAL TIME.

CLIMATE NORMAL PERIOD 1981 TO 2010
CLIMATE RECORD PERIOD 1895 TO 2016


WEATHER ITEM   OBSERVED TIME   RECORD YEAR NORMAL DEPARTURE LAST
                VALUE   (LST)  VALUE       VALUE  FROM      YEAR
                                                  NORMAL
..................................................................
TEMPERATURE (F)
 TODAY
  MAXIMUM         25   1201 AM  73    1984  46    -21       32
  MINIMUM         13    801 AM -16    1899  26    -13       11
  AVERAGE         19                        36    -17       22

PRECIPITATION (IN)
  TODAY            T             1.40 1916   0.11  -0.11     0.00
  MONTH TO DATE    1.88                      1.42   0.46     0.50
  SINCE DEC 1      9.59                      8.69   0.90     5.11
  SINCE JAN 1      3.33                      4.68  -1.35     1.96

SNOWFALL (IN)
  TODAY           MM            MM      MM  MM     MM       MM
  MONTH TO DATE   MM                        MM     MM       MM
  SINCE DEC 1     MM                        MM     MM       MM
  SINCE JUL 1     MM                        MM     MM       MM
  SNOW DEPTH      MM

DEGREE DAYS
 HEATING
  TODAY           46                        29     17       43
  MONTH TO DATE  413                       393     20      405
  SINCE DEC 1   1973                      2320   -347     2280
  SINCE JUL 1   2707                      3231   -524     3408

 COOLING
  TODAY            0                         0      0        0
  MONTH TO DATE    0                         0      0        0
  SINCE DEC 1      1                         0      1        0
  SINCE JAN 1      0                         0      0        0
..................................................................


WIND (MPH)
  HIGHEST WIND SPEED    21   HIGHEST WIND DIRECTION    NW (320)
  HIGHEST GUST SPEED    25   HIGHEST GUST DIRECTION    NW (330)
  AVERAGE WIND SPEED    10.2


SKY COVER
  POSSIBLE SUNSHINE  MM
  AVERAGE SKY COVER 0.4


WEATHER CONDITIONS
 THE FOLLOWING WEATHER WAS RECORDED TODAY.
  LIGHT SNOW


RELATIVE HUMIDITY (PERCENT)
 HIGHEST    61           800 AM
 LOWEST     32           400 PM
 AVERAGE    47

..........................................................


THE FRANKFORT KY CLIMATE NORMALS FOR TOMORROW
                         NORMAL    RECORD    YEAR
 MAXIMUM TEMPERATURE (F)   46        72      1962
 MINIMUM TEMPERATURE (F)   26        -5      1899


SUNRISE AND SUNSET
FEBRUARY 13 2016......SUNRISE   733 AM EST   SUNSET   615 PM EST
FEBRUARY 14 2016......SUNRISE   732 AM EST   SUNSET   616 PM EST


-  INDICATES NEGATIVE NUMBERS.
R  INDICATES RECORD WAS SET OR TIED.
MM INDICATES DATA IS MISSING.
T  INDICATES TRACE AMOUNT.




$$
