000
CDUS43 KLMK 220627
CLIFFT


CLIMATE REPORT
NATIONAL WEATHER SERVICE LOUISVILLE KY
226 AM EDT TUE AUG 22 2017


...................................

...THE FRANKFORT KY CLIMATE SUMMARY FOR AUGUST 21 2017...

CLIMATE NORMAL PERIOD 1981 TO 2010
CLIMATE RECORD PERIOD 1895 TO 2017


WEATHER ITEM   OBSERVED TIME   RECORD YEAR NORMAL DEPARTURE LAST
                VALUE   (LST)  VALUE       VALUE  FROM      YEAR
                                                  NORMAL
..................................................................
TEMPERATURE (F)
 YESTERDAY
  MAXIMUM         91    327 PM 105    1936  86      5       81
  MINIMUM         67    529 AM  47    1932  64      3       62
  AVERAGE         79                        75      4       72

PRECIPITATION (IN)
  YESTERDAY        0.00          1.03 2007   0.12  -0.12     0.03
  MONTH TO DATE    2.06                      2.20  -0.14     3.89
  SINCE JUN 1     12.67                     10.68   1.99    15.93
  SINCE JAN 1     33.15                     30.15   3.00    35.59

SNOWFALL (IN)
  YESTERDAY       MM            MM      MM  MM     MM       MM
  MONTH TO DATE   MM                        MM     MM       MM
  SINCE JUN 1     MM                        MM     MM       MM
  SINCE JUL 1     MM                        MM     MM       MM
  SNOW DEPTH      MM

DEGREE DAYS
 HEATING
  YESTERDAY        0                         0      0        0
  MONTH TO DATE    0                         0      0        0
  SINCE JUN 1      1                        10     -9        1
  SINCE JUL 1      0                         0      0        0

 COOLING
  YESTERDAY       14                        10      4        7
  MONTH TO DATE  204                       226    -22      300
  SINCE JUN 1    833                       812     21     1037
  SINCE JAN 1   1019                       911    108     1152
..................................................................


WIND (MPH)
  HIGHEST WIND SPEED    12   HIGHEST WIND DIRECTION     S (200)
  HIGHEST GUST SPEED    17   HIGHEST GUST DIRECTION     S (190)
  AVERAGE WIND SPEED     4.2


SKY COVER
  POSSIBLE SUNSHINE  MM
  AVERAGE SKY COVER 0.0


WEATHER CONDITIONS
 THE FOLLOWING WEATHER WAS RECORDED YESTERDAY.
  FOG


RELATIVE HUMIDITY (PERCENT)
 HIGHEST    90           200 AM
 LOWEST     44           100 PM
 AVERAGE    67

..........................................................


THE FRANKFORT KY CLIMATE NORMALS FOR TODAY
                         NORMAL    RECORD    YEAR
 MAXIMUM TEMPERATURE (F)   86       104      1936
 MINIMUM TEMPERATURE (F)   63        48      1982
                                             1950
                                             1940


SUNRISE AND SUNSET
AUGUST 22 2017........SUNRISE   701 AM EDT   SUNSET   823 PM EDT
AUGUST 23 2017........SUNRISE   702 AM EDT   SUNSET   822 PM EDT


-  INDICATES NEGATIVE NUMBERS.
R  INDICATES RECORD WAS SET OR TIED.
MM INDICATES DATA IS MISSING.
T  INDICATES TRACE AMOUNT.




$$
