000
CSUS97 KFGF 200724
CLIFGF


CLIMATE REPORT
NATIONAL WEATHER SERVICE EASTERN NORTH DAKOTA/GRAND FORKS
218 AM CDT SAT SEP 20 2014


...................................

...THE GRAND FORKS UNIV. (NWS) ND CLIMATE SUMMARY FOR SEPTEMBER 19 2014...

CLIMATE NORMAL PERIOD 1981 TO 2010
CLIMATE RECORD PERIOD 1890 TO 2014


WEATHER ITEM   OBSERVED TIME   RECORD YEAR NORMAL DEPARTURE LAST
                VALUE   (LST)  VALUE       VALUE  FROM      YEAR
                                                  NORMAL
..................................................................
TEMPERATURE (F)
 YESTERDAY
  MAXIMUM         84        MM  92    1941  68     16       73
                                      1914
  MINIMUM         59        MM  25    1938  45     14       53
  AVERAGE         72                        56     16       63

PRECIPITATION (IN)
  YESTERDAY        0.04          1.46   MM   0.07  -0.03     0.05
  MONTH TO DATE    0.73                      1.36  -0.63     0.53
  SINCE SEP 1      0.73                      1.36  -0.63     0.53
  SINCE JAN 1     21.15                     17.46   3.69    13.97

SNOWFALL (IN)
  YESTERDAY        0.0           0.0    MM   0.0    0.0      0.0
  MONTH TO DATE    0.0                       0.0    0.0      0.0
  SINCE SEP 1      0.0                       0.0    0.0      0.0
  SINCE JUL 1      0.0                       0.0    0.0      0.0
  SNOW DEPTH       0

DEGREE DAYS
 HEATING
  YESTERDAY        0                         9     -9        2
  MONTH TO DATE  139                       115     24       57
  SINCE SEP 1    139                       115     24       57
  SINCE JUL 1    195                       179     16      116

 COOLING
  YESTERDAY        7                         1      6        0
  MONTH TO DATE   12                        28    -16       34
  SINCE SEP 1     12                        28    -16       34
  SINCE JAN 1    376                       460    -84      516
..................................................................


WIND (MPH)
  RESULTANT WIND SPEED  MM   RESULTANT WIND DIRECTION  MM
  HIGHEST WIND SPEED    MM   HIGHEST WIND DIRECTION    MM
  HIGHEST GUST SPEED    MM   HIGHEST GUST DIRECTION    MM
  AVERAGE WIND SPEED    MM


SKY COVER
  POSSIBLE SUNSHINE  MM
  AVERAGE SKY COVER  MM


WEATHER CONDITIONS
 THE FOLLOWING WEATHER WAS RECORDED YESTERDAY.
  LIGHT RAIN


RELATIVE HUMIDITY (PERCENT)
 HIGHEST    MM
 LOWEST     MM
 AVERAGE    MM

..........................................................


THE GRAND FORKS UNIV. (NWS) ND CLIMATE NORMALS FOR TODAY
                         NORMAL    RECORD    YEAR
 MAXIMUM TEMPERATURE (F)   68        91      1914
 MINIMUM TEMPERATURE (F)   44        23      1918


SUNRISE AND SUNSET
SEPTEMBER 20 2014.....SUNRISE   712 AM CDT   SUNSET   730 PM CDT
SEPTEMBER 21 2014.....SUNRISE   714 AM CDT   SUNSET   728 PM CDT


-  INDICATES NEGATIVE NUMBERS.
R  INDICATES RECORD WAS SET OR TIED.
MM INDICATES DATA IS MISSING.
T  INDICATES TRACE AMOUNT.




$$
