000
CDUS43 KFGF 260718
CLIFGF


CLIMATE REPORT
NATIONAL WEATHER SERVICE EASTERN NORTH DAKOTA/GRAND FORKS
115 AM CST MON JAN 26 2015


...................................

...THE GRAND FORKS UNIV. (NWS) ND CLIMATE SUMMARY FOR JANUARY 25 2015...

CLIMATE NORMAL PERIOD 1981 TO 2010
CLIMATE RECORD PERIOD 1890 TO 2015


WEATHER ITEM   OBSERVED TIME   RECORD YEAR NORMAL DEPARTURE LAST
                VALUE   (LST)  VALUE       VALUE  FROM      YEAR
                                                  NORMAL
..................................................................
TEMPERATURE (F)
 YESTERDAY
  MAXIMUM         28        MM  44    1973  17     11        5
  MINIMUM         10        MM -30    1915  -1     11       -7
  AVERAGE         19                         8     11       -1

PRECIPITATION (IN)
  YESTERDAY        0.00          0.31   MM   0.02  -0.02     0.06
  MONTH TO DATE    0.27                      0.59  -0.32     0.46
  SINCE DEC 1      0.40                      1.24  -0.84     1.15
  SINCE JAN 1      0.27                      0.59  -0.32     0.46

SNOWFALL (IN)
  YESTERDAY        0.0          12.9    MM   0.3   -0.3      1.5
  MONTH TO DATE    6.0                       8.7   -2.7     14.9
  SINCE DEC 1      7.8                      19.6  -11.8     37.7
  SINCE JUL 1     11.6                      26.7  -15.1     39.3
  SNOW DEPTH       T

DEGREE DAYS
 HEATING
  YESTERDAY       46                        57    -11       66
  MONTH TO DATE 1343                      1446   -103     1536
  SINCE DEC 1   2776                      3083   -307     3524
  SINCE JUL 1   4896                      5177   -281     5575

 COOLING
  YESTERDAY        0                         0      0        0
  MONTH TO DATE    0                         0      0        0
  SINCE DEC 1      0                         0      0        0
  SINCE JAN 1      0                         0      0        0
..................................................................


WIND (MPH)
  RESULTANT WIND SPEED  MM   RESULTANT WIND DIRECTION  MM
  HIGHEST WIND SPEED    MM   HIGHEST WIND DIRECTION    MM
  HIGHEST GUST SPEED    MM   HIGHEST GUST DIRECTION    MM
  AVERAGE WIND SPEED    MM


SKY COVER
  POSSIBLE SUNSHINE  MM
  AVERAGE SKY COVER  MM


WEATHER CONDITIONS
 THE FOLLOWING WEATHER WAS RECORDED YESTERDAY.
  NO SIGNIFICANT WEATHER WAS OBSERVED.


RELATIVE HUMIDITY (PERCENT)
 HIGHEST    MM
 LOWEST     MM
 AVERAGE    MM

..........................................................


THE GRAND FORKS UNIV. (NWS) ND CLIMATE NORMALS FOR TODAY
                         NORMAL    RECORD    YEAR
 MAXIMUM TEMPERATURE (F)   17        43      1990
 MINIMUM TEMPERATURE (F)   -1       -32      1950
                                             1918


SUNRISE AND SUNSET
JANUARY 26 2015.......SUNRISE   803 AM CST   SUNSET   519 PM CST
JANUARY 27 2015.......SUNRISE   802 AM CST   SUNSET   521 PM CST


-  INDICATES NEGATIVE NUMBERS.
R  INDICATES RECORD WAS SET OR TIED.
MM INDICATES DATA IS MISSING.
T  INDICATES TRACE AMOUNT.




$$
