136
CDUS43 KFGF 260719
CLIFGF


CLIMATE REPORT
NATIONAL WEATHER SERVICE EASTERN NORTH DAKOTA/GRAND FORKS
216 AM CDT MON JUN 26 2017


...................................

...THE GRAND FORKS UNIV. (NWS) ND CLIMATE SUMMARY FOR JUNE 25 2017...

CLIMATE NORMAL PERIOD 1981 TO 2010
CLIMATE RECORD PERIOD 1893 TO 2017


WEATHER ITEM   OBSERVED TIME   RECORD YEAR NORMAL DEPARTURE LAST
                VALUE   (LST)  VALUE       VALUE  FROM      YEAR
                                                  NORMAL
..................................................................
TEMPERATURE (F)
 YESTERDAY
  MAXIMUM         68        MM  99    1900  79    -11       83
  MINIMUM         42        MM  38    1982  57    -15       65
  AVERAGE         55                        68    -13       74

PRECIPITATION (IN)
  YESTERDAY        0.00          1.85 1969   0.13  -0.13     0.00
  MONTH TO DATE    2.30                      3.12  -0.82     3.71
  SINCE JUN 1      2.30                      3.12  -0.82     3.71
  SINCE JAN 1      6.87                      9.17  -2.30    10.81

SNOWFALL (IN)
  YESTERDAY        0.0           0.5  1905   0.0    0.0      0.0
  MONTH TO DATE    0.0                       0.0    0.0      0.0
  SINCE JUN 1      0.0                       0.0    0.0      0.0
  SINCE JUL 1     49.7                      43.4    6.3     29.6
  SNOW DEPTH       0

DEGREE DAYS
 HEATING
  YESTERDAY       10                         2      8        0
  MONTH TO DATE   37                        76    -39       35
  SINCE JUN 1     37                        76    -39       35
  SINCE JUL 1   8099                      9201  -1102     7767

 COOLING
  YESTERDAY        0                         4     -4        9
  MONTH TO DATE   91                        68     23       80
  SINCE JUN 1     91                        68     23       80
  SINCE JAN 1     91                        94     -3      104
..................................................................


WIND (MPH)
  RESULTANT WIND SPEED  MM   RESULTANT WIND DIRECTION  MM
  HIGHEST WIND SPEED    MM   HIGHEST WIND DIRECTION    MM
  HIGHEST GUST SPEED    MM   HIGHEST GUST DIRECTION    MM
  AVERAGE WIND SPEED    MM


SKY COVER
  POSSIBLE SUNSHINE  MM
  AVERAGE SKY COVER  MM


WEATHER CONDITIONS
 THE FOLLOWING WEATHER WAS RECORDED YESTERDAY.
  NO SIGNIFICANT WEATHER WAS OBSERVED.


RELATIVE HUMIDITY (PERCENT)
 HIGHEST    MM
 LOWEST     MM
 AVERAGE    MM

..........................................................


THE GRAND FORKS UNIV. (NWS) ND CLIMATE NORMALS FOR TODAY
                         NORMAL    RECORD    YEAR
 MAXIMUM TEMPERATURE (F)   79        96      1961
 MINIMUM TEMPERATURE (F)   57        37      1907


SUNRISE AND SUNSET
JUNE 26 2017..........SUNRISE   531 AM CDT   SUNSET   932 PM CDT
JUNE 27 2017..........SUNRISE   531 AM CDT   SUNSET   932 PM CDT


-  INDICATES NEGATIVE NUMBERS.
R  INDICATES RECORD WAS SET OR TIED.
MM INDICATES DATA IS MISSING.
T  INDICATES TRACE AMOUNT.




$$
