000
CDUS43 KFGF 182211
CLIFGF


CLIMATE REPORT
NATIONAL WEATHER SERVICE EASTERN NORTH DAKOTA/GRAND FORKS
509 PM CDT WED OCT 18 2017


...................................

...THE GRAND FORKS UNIV. (NWS) ND CLIMATE SUMMARY FOR OCTOBER 18 2017...
VALID TODAY AS OF 0400 PM LOCAL TIME.

CLIMATE NORMAL PERIOD 1981 TO 2010
CLIMATE RECORD PERIOD 1893 TO 2017


WEATHER ITEM   OBSERVED TIME   RECORD YEAR NORMAL DEPARTURE LAST
                VALUE   (LST)  VALUE       VALUE  FROM      YEAR
                                                  NORMAL
..................................................................
TEMPERATURE (F)
 TODAY
  MAXIMUM         61        MM  76    1945  53      8       54
  MINIMUM         52        MM  11    1992  33     19       37
  AVERAGE         57                        43     14       46

PRECIPITATION (IN)
  TODAY            0.00          1.11 2007   0.07  -0.07     0.00
  MONTH TO DATE    0.14                      1.26  -1.12     1.14
  SINCE SEP 1      5.02                      3.31   1.71     6.11
  SINCE JAN 1     17.51                     19.41  -1.90    27.84

SNOWFALL (IN)
  TODAY            0.0           2.0  1968   0.0    0.0      0.0
  MONTH TO DATE    0.0                       0.3   -0.3      0.0
  SINCE SEP 1      0.0                       0.3   -0.3      0.0
  SINCE JUL 1      T                         0.3   -0.3       T
  SNOW DEPTH       0

DEGREE DAYS
 HEATING
  TODAY            8                        22    -14       19
  MONTH TO DATE  267                       320    -53      276
  SINCE SEP 1    442                       560   -118      431
  SINCE JUL 1    460                       624   -164      449

 COOLING
  TODAY            0                         0      0        0
  MONTH TO DATE    0                         0      0        5
  SINCE SEP 1     43                        30     13       27
  SINCE JAN 1    440                       462    -22      461
..................................................................


WIND (MPH)
  HIGHEST WIND SPEED    MM   HIGHEST WIND DIRECTION    MM
  HIGHEST GUST SPEED    MM   HIGHEST GUST DIRECTION     N (0)
  AVERAGE WIND SPEED    MM


SKY COVER
  POSSIBLE SUNSHINE  MM
  AVERAGE SKY COVER  MM


WEATHER CONDITIONS
 THE FOLLOWING WEATHER WAS RECORDED TODAY.
  NO SIGNIFICANT WEATHER WAS OBSERVED.


RELATIVE HUMIDITY (PERCENT)
 HIGHEST    MM
 LOWEST     MM
 AVERAGE    MM

..........................................................


THE GRAND FORKS UNIV. (NWS) ND CLIMATE NORMALS FOR TOMORROW
                         NORMAL    RECORD    YEAR
 MAXIMUM TEMPERATURE (F)   53        80      1956
                                             1942
                                             1927
 MINIMUM TEMPERATURE (F)   33        15      1976
                                             1930


SUNRISE AND SUNSET
OCTOBER 18 2017.......SUNRISE   752 AM CDT   SUNSET   634 PM CDT
OCTOBER 19 2017.......SUNRISE   754 AM CDT   SUNSET   632 PM CDT


-  INDICATES NEGATIVE NUMBERS.
R  INDICATES RECORD WAS SET OR TIED.
MM INDICATES DATA IS MISSING.
T  INDICATES TRACE AMOUNT.




$$
