000
CDUS43 KFGF 242155
CLIFGF


CLIMATE REPORT
NATIONAL WEATHER SERVICE EASTERN NORTH DAKOTA/GRAND FORKS
449 PM CDT SUN JUL 24 2016


...................................

...THE GRAND FORKS UNIV. (NWS) ND CLIMATE SUMMARY FOR JULY 24 2016...
VALID TODAY AS OF 0400 PM LOCAL TIME.

CLIMATE NORMAL PERIOD 1981 TO 2010
CLIMATE RECORD PERIOD 1890 TO 2016


WEATHER ITEM   OBSERVED TIME   RECORD YEAR NORMAL DEPARTURE LAST
                VALUE   (LST)  VALUE       VALUE  FROM      YEAR
                                                  NORMAL
..................................................................
TEMPERATURE (F)
 TODAY
  MAXIMUM         81        MM  97    1931  82     -1       84
  MINIMUM         62        MM  41    1913  59      3       64
  AVERAGE         72                        70      2       74

PRECIPITATION (IN)
  TODAY            0.00          2.06 2012   0.09  -0.09     0.08
  MONTH TO DATE    6.29                      2.54   3.75     4.84
  SINCE JUN 1     10.01                      6.28   3.73     7.16
  SINCE JAN 1     17.11                     12.33   4.78    13.06

SNOWFALL (IN)
  TODAY            0.0           0.0    MM   0.0    0.0      0.0
  MONTH TO DATE    0.0                       0.0    0.0      0.0
  SINCE JUN 1      0.0                       0.0    0.0      0.0
  SINCE JUL 1      0.0                       0.0    0.0      0.0
  SNOW DEPTH       0

DEGREE DAYS
 HEATING
  TODAY            0                         0      0        0
  MONTH TO DATE    8                        19    -11       12
  SINCE JUN 1     54                       102    -48       58
  SINCE JUL 1      8                        19    -11       12

 COOLING
  TODAY            7                         6      1        9
  MONTH TO DATE  127                       134     -7      156
  SINCE JUN 1    214                       225    -11      257
  SINCE JAN 1    238                       251    -13      268
..................................................................


WIND (MPH)
  HIGHEST WIND SPEED    MM   HIGHEST WIND DIRECTION    MM
  HIGHEST GUST SPEED    MM   HIGHEST GUST DIRECTION    MM
  AVERAGE WIND SPEED    MM


SKY COVER
  POSSIBLE SUNSHINE  MM
  AVERAGE SKY COVER  MM


WEATHER CONDITIONS
 THE FOLLOWING WEATHER WAS RECORDED TODAY.
  NO SIGNIFICANT WEATHER WAS OBSERVED.


RELATIVE HUMIDITY (PERCENT)
 HIGHEST    MM
 LOWEST     MM
 AVERAGE    MM

..........................................................


THE GRAND FORKS UNIV. (NWS) ND CLIMATE NORMALS FOR TOMORROW
                         NORMAL    RECORD    YEAR
 MAXIMUM TEMPERATURE (F)   82       103      1931
 MINIMUM TEMPERATURE (F)   59        41      1905


SUNRISE AND SUNSET
JULY 24 2016..........SUNRISE   556 AM CDT   SUNSET   913 PM CDT
JULY 25 2016..........SUNRISE   557 AM CDT   SUNSET   912 PM CDT


-  INDICATES NEGATIVE NUMBERS.
R  INDICATES RECORD WAS SET OR TIED.
MM INDICATES DATA IS MISSING.
T  INDICATES TRACE AMOUNT.




$$
