507
CDUS43 KFGF 252326
CLIFGF


CLIMATE REPORT
NATIONAL WEATHER SERVICE EASTERN NORTH DAKOTA/GRAND FORKS
525 PM CST SAT FEB 25 2017


...................................

...THE GRAND FORKS UNIV. (NWS) ND CLIMATE SUMMARY FOR FEBRUARY 25 2017...
VALID TODAY AS OF 0400 PM LOCAL TIME.

CLIMATE NORMAL PERIOD 1981 TO 2010
CLIMATE RECORD PERIOD 1890 TO 2017


WEATHER ITEM   OBSERVED TIME   RECORD YEAR NORMAL DEPARTURE LAST
                VALUE   (LST)  VALUE       VALUE  FROM      YEAR
                                                  NORMAL
..................................................................
TEMPERATURE (F)
 TODAY
  MAXIMUM         31        MM  65    1958  26      5       29
  MINIMUM         11        MM -33    1950   9      2       23
  AVERAGE         21                        17      4       26

PRECIPITATION (IN)
  TODAY            T             0.92 2000   0.02  -0.02      T
  MONTH TO DATE    0.43                      0.50  -0.07     0.33
  SINCE DEC 1      2.87                      1.86   1.01     1.75
  SINCE JAN 1      1.03                      1.21  -0.18     0.63

SNOWFALL (IN)
  TODAY            T             6.8  1930   0.3   -0.3       T
  MONTH TO DATE    4.0                       6.1   -2.1      4.3
  SINCE DEC 1     40.8                      27.4   13.4     23.8
  SINCE JUL 1     41.7                      34.5    7.2     27.2
  SNOW DEPTH       T

DEGREE DAYS
 HEATING
  TODAY           44                        48     -4       39
  MONTH TO DATE 1110                      1301   -191     1126
  SINCE DEC 1   4346                      4725   -379     4163
  SINCE JUL 1   5800                      6819  -1019     5772

 COOLING
  TODAY            0                         0      0        0
  MONTH TO DATE    0                         0      0        0
  SINCE DEC 1      0                         0      0        0
  SINCE JAN 1      0                         0      0        0
..................................................................


WIND (MPH)
  HIGHEST WIND SPEED    MM   HIGHEST WIND DIRECTION    MM
  HIGHEST GUST SPEED    MM   HIGHEST GUST DIRECTION    MM
  AVERAGE WIND SPEED    MM


SKY COVER
  POSSIBLE SUNSHINE  MM
  AVERAGE SKY COVER  MM


WEATHER CONDITIONS
 THE FOLLOWING WEATHER WAS RECORDED TODAY.
  LIGHT SNOW


RELATIVE HUMIDITY (PERCENT)
 HIGHEST    MM
 LOWEST     MM
 AVERAGE    MM

..........................................................


THE GRAND FORKS UNIV. (NWS) ND CLIMATE NORMALS FOR TOMORROW
                         NORMAL    RECORD    YEAR
 MAXIMUM TEMPERATURE (F)   26        57      1896
 MINIMUM TEMPERATURE (F)    9       -30      1897


SUNRISE AND SUNSET
FEBRUARY 25 2017......SUNRISE   716 AM CST   SUNSET   607 PM CST
FEBRUARY 26 2017......SUNRISE   714 AM CST   SUNSET   609 PM CST


-  INDICATES NEGATIVE NUMBERS.
R  INDICATES RECORD WAS SET OR TIED.
MM INDICATES DATA IS MISSING.
T  INDICATES TRACE AMOUNT.




$$
