000
CDUS43 KFGF 250716
CLIFGF


CLIMATE REPORT
NATIONAL WEATHER SERVICE EASTERN NORTH DAKOTA/GRAND FORKS
212 AM CDT SAT OCT 25 2014


...................................

...THE GRAND FORKS UNIV. (NWS) ND CLIMATE SUMMARY FOR OCTOBER 24 2014...

CLIMATE NORMAL PERIOD 1981 TO 2010
CLIMATE RECORD PERIOD 1890 TO 2014


WEATHER ITEM   OBSERVED TIME   RECORD YEAR NORMAL DEPARTURE LAST
                VALUE   (LST)  VALUE       VALUE  FROM      YEAR
                                                  NORMAL
..................................................................
TEMPERATURE (F)
 YESTERDAY
  MAXIMUM         74        MM  79    1989  50     24       42
  MINIMUM         42        MM  11    1933  31     11       29
  AVERAGE         58                        40     18       36

PRECIPITATION (IN)
  YESTERDAY        0.00          0.92   MM   0.05  -0.05      T
  MONTH TO DATE    0.54                      1.60  -1.06     2.82
  SINCE SEP 1      1.86                      3.65  -1.79     4.89
  SINCE JAN 1     22.28                     19.75   2.53    18.33

SNOWFALL (IN)
  YESTERDAY        0.0          10.8    MM   0.1   -0.1      0.0
  MONTH TO DATE    T                         0.6   -0.6       T
  SINCE SEP 1      T                         0.6   -0.6       T
  SINCE JUL 1      T                         0.6   -0.6       T
  SNOW DEPTH       0

DEGREE DAYS
 HEATING
  YESTERDAY        7                        25    -18       29
  MONTH TO DATE  378                       461    -83      476
  SINCE SEP 1    575                       701   -126      596
  SINCE JUL 1    631                       765   -134      655

 COOLING
  YESTERDAY        0                         0      0        0
  MONTH TO DATE    0                         0      0        0
  SINCE SEP 1     31                        30      1       46
  SINCE JAN 1    395                       462    -67      528
..................................................................


WIND (MPH)
  RESULTANT WIND SPEED  MM   RESULTANT WIND DIRECTION  MM
  HIGHEST WIND SPEED    MM   HIGHEST WIND DIRECTION    MM
  HIGHEST GUST SPEED    MM   HIGHEST GUST DIRECTION    MM
  AVERAGE WIND SPEED    MM


SKY COVER
  POSSIBLE SUNSHINE  MM
  AVERAGE SKY COVER  MM


WEATHER CONDITIONS
 THE FOLLOWING WEATHER WAS RECORDED YESTERDAY.
  NO SIGNIFICANT WEATHER WAS OBSERVED.


RELATIVE HUMIDITY (PERCENT)
 HIGHEST    MM
 LOWEST     MM
 AVERAGE    MM

..........................................................


THE GRAND FORKS UNIV. (NWS) ND CLIMATE NORMALS FOR TODAY
                         NORMAL    RECORD    YEAR
 MAXIMUM TEMPERATURE (F)   49        79      1989
 MINIMUM TEMPERATURE (F)   30        -1      1919


SUNRISE AND SUNSET
OCTOBER 25 2014.......SUNRISE   803 AM CDT   SUNSET   622 PM CDT
OCTOBER 26 2014.......SUNRISE   804 AM CDT   SUNSET   620 PM CDT


-  INDICATES NEGATIVE NUMBERS.
R  INDICATES RECORD WAS SET OR TIED.
MM INDICATES DATA IS MISSING.
T  INDICATES TRACE AMOUNT.




$$
