000
CDUS45 KFGZ 010816
CLIFLG
CLIMATE REPORT
NATIONAL WEATHER SERVICE FLAGSTAFF, AZ
114 AM MST WED MAR 1 2017


...................................

...THE FLAGSTAFF AZ AIRPORT CLIMATE SUMMARY FOR FEBRUARY 28 2017...

CLIMATE NORMAL PERIOD 1981 TO 2010
CLIMATE RECORD PERIOD 1898 TO 2017


WEATHER ITEM   OBSERVED TIME   RECORD YEAR NORMAL DEPARTURE LAST
                VALUE   (LST)  VALUE       VALUE  FROM      YEAR
                                                  NORMAL
..................................................................
TEMPERATURE (F)
 YESTERDAY
  MAXIMUM         37    253 PM  65    1999  47    -10       63
  MINIMUM         21   1159 PM -16    1962  21      0       27
  AVERAGE         29                        34     -5

PRECIPITATION (IN)
  YESTERDAY        0.75          1.80 1991   0.08   0.67     0.00
  MONTH TO DATE    2.33                      2.16   0.17     0.37
  SINCE SEP 1     15.50                     11.88   3.62    12.61
  SINCE JAN 1      6.89                      4.21   2.68     3.78

SNOWFALL (IN)
  YESTERDAY        6.3          11.0  1991   0.7             0.0
  MONTH TO DATE   18.2                      20.9             7.8
  SINCE JUL 1     82.3                      73.2            71.7
  SNOW DEPTH      16

DEGREE DAYS
 HEATING
  YESTERDAY       36                        31      5       20
  MONTH TO DATE  812                       921   -109      808
  SINCE JUL 1   4465                      4839   -374     4667

 COOLING
  YESTERDAY        0                         0      0        0
  MONTH TO DATE    0                         0      0        0
  SINCE JAN 1      0                         0      0        0
..................................................................


WIND (MPH)
  HIGHEST WIND SPEED    20   HIGHEST WIND DIRECTION    SW (230)
  HIGHEST GUST SPEED    25   HIGHEST GUST DIRECTION    SW (230)
  AVERAGE WIND SPEED     7.6


SKY COVER
  POSSIBLE SUNSHINE  MM
  AVERAGE SKY COVER 0.8


WEATHER CONDITIONS
 THE FOLLOWING WEATHER WAS RECORDED YESTERDAY.
  HEAVY SNOW
  SNOW
  LIGHT SNOW
  FOG
  FOG W/VISIBILITY <= 1/4 MILE
  HAZE


RELATIVE HUMIDITY (PERCENT)
 HIGHEST   100           200 AM
 LOWEST     69           600 PM
 AVERAGE    85

..........................................................


THE FLAGSTAFF AZ AIRPORT CLIMATE NORMALS FOR TODAY
                         NORMAL    RECORD    YEAR
 MAXIMUM TEMPERATURE (F)   47        67      2009
 MINIMUM TEMPERATURE (F)   21       -10      1997


SUNRISE AND SUNSET
MARCH  1 2017.........SUNRISE   656 AM MST   SUNSET   623 PM MST
MARCH  2 2017.........SUNRISE   654 AM MST   SUNSET   623 PM MST


-  INDICATES NEGATIVE NUMBERS.
R  INDICATES RECORD WAS SET OR TIED.
MM INDICATES DATA IS MISSING.
T  INDICATES TRACE AMOUNT.




$$
&&

-------------------------------------------------------------------
SNOW DEPTH DATA FOR FLAGSTAFF AIRPORT IS REPORTED AT 5 AM MST


-------------------------------------------------------------------
SUPPLEMENTARY CLIMATE DATA FOR NWS BELLEMONT, ARIZONA

SNOW DEPTH (IN) AT 11 AM..........................................16
WATER EQUIVALENT OF SNOW PACK (IN) AT 11 AM*......................1.7
* ONLY MEASURED IF SNOW DEPTH IS 2.0 INCHES OR GREATER
-------------------------------------------------------------------
