000
CDUS45 KFGZ 170734
CLIFLG
CLIMATE REPORT
NATIONAL WEATHER SERVICE FLAGSTAFF, AZ
1233 AM MST TUE JAN 17 2017


...................................

...THE FLAGSTAFF AZ AIRPORT CLIMATE SUMMARY FOR JANUARY 16 2017...

CLIMATE NORMAL PERIOD 1981 TO 2010
CLIMATE RECORD PERIOD 1898 TO 2017


WEATHER ITEM   OBSERVED TIME   RECORD YEAR NORMAL DEPARTURE LAST
                VALUE   (LST)  VALUE       VALUE  FROM      YEAR
                                                  NORMAL
..................................................................
TEMPERATURE (F)
 YESTERDAY
  MAXIMUM         40   1246 PM  60    1974  43     -3       45
                                      1971
  MINIMUM         27   1159 PM  -8    1915  17     10        5
  AVERAGE         34                        30      4

PRECIPITATION (IN)
  YESTERDAY        0.01          0.84 1917   0.07  -0.06     0.00
  MONTH TO DATE    2.15                      1.12   1.03     2.90
  SINCE SEP 1     10.76                      8.79   1.97    11.73
  SINCE JAN 1      2.15                      1.12   1.03     2.90

SNOWFALL (IN)
  YESTERDAY        0.1          13.0  1928   0.8             0.0
  MONTH TO DATE    6.6                      11.6            33.9
  SINCE JUL 1     27.1                      40.7            61.4
  SNOW DEPTH       T

DEGREE DAYS
 HEATING
  YESTERDAY       31                        35     -4       40
  MONTH TO DATE  512                       566    -54      639
  SINCE JUL 1   3075                      3394   -319     3370

 COOLING
  YESTERDAY        0                         0      0        0
  MONTH TO DATE    0                         0      0        0
  SINCE JAN 1      0                         0      0        0
..................................................................


WIND (MPH)
  HIGHEST WIND SPEED     9   HIGHEST WIND DIRECTION     S (190)
  HIGHEST GUST SPEED    13   HIGHEST GUST DIRECTION     W (260)
  AVERAGE WIND SPEED     1.4


SKY COVER
  POSSIBLE SUNSHINE  MM
  AVERAGE SKY COVER 0.8


WEATHER CONDITIONS
 THE FOLLOWING WEATHER WAS RECORDED YESTERDAY.
  LIGHT SNOW
  FOG


RELATIVE HUMIDITY (PERCENT)
 HIGHEST   100           700 AM
 LOWEST     59           200 PM
 AVERAGE    80

..........................................................


THE FLAGSTAFF AZ AIRPORT CLIMATE NORMALS FOR TODAY
                         NORMAL    RECORD    YEAR
 MAXIMUM TEMPERATURE (F)   43        62      1971
 MINIMUM TEMPERATURE (F)   17       -13      1987


SUNRISE AND SUNSET
JANUARY 17 2017.......SUNRISE   734 AM MST   SUNSET   540 PM MST
JANUARY 18 2017.......SUNRISE   733 AM MST   SUNSET   541 PM MST


-  INDICATES NEGATIVE NUMBERS.
R  INDICATES RECORD WAS SET OR TIED.
MM INDICATES DATA IS MISSING.
T  INDICATES TRACE AMOUNT.




$$
&&

-------------------------------------------------------------------
SNOW DEPTH DATA FOR FLAGSTAFF AIRPORT IS REPORTED AT 5 AM MST


-------------------------------------------------------------------
SUPPLEMENTARY CLIMATE DATA FOR NWS BELLEMONT, ARIZONA

SNOW DEPTH (IN) AT 11 AM.........................................T
WATER EQUIVALENT OF SNOW PACK (IN) AT 11 AM*..................
* ONLY MEASURED IF SNOW DEPTH IS 2.0 INCHES OR GREATER
-------------------------------------------------------------------
