000
CDUS45 KFGZ 160800
CLIFLG
CLIMATE REPORT
NATIONAL WEATHER SERVICE FLAGSTAFF, AZ
1258 AM MST WED APR 16 2014


...................................

...THE FLAGSTAFF AZ AIRPORT CLIMATE SUMMARY FOR APRIL 15 2014...

CLIMATE NORMAL PERIOD 1981 TO 2010
CLIMATE RECORD PERIOD 1898 TO 2014


WEATHER ITEM   OBSERVED TIME   RECORD YEAR NORMAL DEPARTURE LAST
                VALUE   (LST)  VALUE       VALUE  FROM      YEAR
                                                  NORMAL
..................................................................
TEMPERATURE (F)
 YESTERDAY
  MAXIMUM         64    255 PM  76    1948  58      6       58
                                      1936
  MINIMUM         17    609 AM  11    1965  28    -11       40
  AVERAGE         41                        43     -2

PRECIPITATION (IN)
  YESTERDAY        0.00          0.48 1976   0.04  -0.04     0.00
  MONTH TO DATE    0.33                      0.68  -0.35     0.12
  SINCE SEP 1      9.28                     14.68  -5.40     9.39
  SINCE JAN 1      2.17                      7.01  -4.84     5.00

SNOWFALL (IN)
  YESTERDAY        0.0           5.0  1976   0.3             0.0
  MONTH TO DATE    3.6                       4.2             1.4
  SINCE JUL 1     38.5                      98.1            69.7
  SNOW DEPTH       0

DEGREE DAYS
 HEATING
  YESTERDAY       24                        22      2       16
  MONTH TO DATE  345                       354     -9      311
  SINCE JUL 1   5707                      6061   -354     5947

 COOLING
  YESTERDAY        0                         0      0        0
  MONTH TO DATE    0                         0      0        0
  SINCE JAN 1      0                         0      0        0
..................................................................


WIND (MPH)
  HIGHEST WIND SPEED    23   HIGHEST WIND DIRECTION    SW (220)
  HIGHEST GUST SPEED    27   HIGHEST GUST DIRECTION    SW (220)
  AVERAGE WIND SPEED     5.7


SKY COVER
  POSSIBLE SUNSHINE  MM
  AVERAGE SKY COVER 0.0


WEATHER CONDITIONS
 THE FOLLOWING WEATHER WAS RECORDED YESTERDAY.
  NO SIGNIFICANT WEATHER WAS OBSERVED.


RELATIVE HUMIDITY (PERCENT)
 HIGHEST    54           500 AM
 LOWEST      6           300 PM
 AVERAGE    30

..........................................................


THE FLAGSTAFF AZ AIRPORT CLIMATE NORMALS FOR TODAY
                         NORMAL    RECORD    YEAR
 MAXIMUM TEMPERATURE (F)   58        77      1948
 MINIMUM TEMPERATURE (F)   28        13      1995


SUNRISE AND SUNSET
APRIL 16 2014.........SUNRISE   553 AM MST   SUNSET   700 PM MST
APRIL 17 2014.........SUNRISE   552 AM MST   SUNSET   701 PM MST


-  INDICATES NEGATIVE NUMBERS.
R  INDICATES RECORD WAS SET OR TIED.
MM INDICATES DATA IS MISSING.
T  INDICATES TRACE AMOUNT.




$$


&&

-------------------------------------------------------------------
SNOW DEPTH DATA FOR FLAGSTAFF AIRPORT IS REPORTED AT 5 AM MST

SOME SUPPLEMENTARY CLIMATE DATA FOR NWS BELLEMONT, ARIZONA IS NO
LONGER AVAILABLE IN THIS SECTION. IT CAN STILL BE FOUND IN THE
REGIONAL SUMMARY (RTP) AVAILABLE ON THE WEB AT
WWW.NWS.NOAA.GOV/CLIMATE/INDEX.PHP?WFO=FGZ
-------------------------------------------------------------------
SUPPLEMENTARY CLIMATE DATA FOR NWS BELLEMONT, ARIZONA

SNOW DEPTH (IN) AT 11 AM..........................................0
WATER EQUIVALENT OF SNOW PACK (IN) AT 11 AM*.......................
* ONLY MEASURED IF SNOW DEPTH IS 2.0 INCHES OR GREATER
-------------------------------------------------------------------
