000
CDUS45 KFGZ 180739
CLIFLG
CLIMATE REPORT
NATIONAL WEATHER SERVICE FLAGSTAFF, AZ
1237 AM MST THU DEC 18 2014


...................................

...THE FLAGSTAFF AZ AIRPORT CLIMATE SUMMARY FOR DECEMBER 17 2014...

CLIMATE NORMAL PERIOD 1981 TO 2010
CLIMATE RECORD PERIOD 1898 TO 2014


WEATHER ITEM   OBSERVED TIME   RECORD YEAR NORMAL DEPARTURE LAST
                VALUE   (LST)  VALUE       VALUE  FROM      YEAR
                                                  NORMAL
..................................................................
TEMPERATURE (F)
 YESTERDAY
  MAXIMUM         34    401 PM  65    1980  42     -8       50
                                      1939
  MINIMUM         30   1159 PM -14    1928  16     14       17
  AVERAGE         32                        29      3

PRECIPITATION (IN)
  YESTERDAY        0.09          1.20 1978   0.06   0.03     0.00
  MONTH TO DATE    2.51                      0.97   1.54     0.65
  SINCE SEP 1      6.90                      6.77   0.13     6.41
  SINCE JAN 1     19.74                     20.96  -1.22    24.09

SNOWFALL (IN)
  YESTERDAY        1.3          10.0  1924   0.5             0.0
  MONTH TO DATE    2.4                       8.7             9.7
  SINCE JUL 1      2.4                      20.9            21.7
  SNOW DEPTH       1

DEGREE DAYS
 HEATING
  YESTERDAY       33                        36     -3       31
  MONTH TO DATE  468                       593   -125      682
  SINCE JUL 1   1885                      2325   -440     2437

 COOLING
  YESTERDAY        0                         0      0        0
  MONTH TO DATE    0                         0      0        0
  SINCE JAN 1    109                       117     -8      148
..................................................................


WIND (MPH)
  HIGHEST WIND SPEED    15   HIGHEST WIND DIRECTION    SW (210)
  HIGHEST GUST SPEED    19   HIGHEST GUST DIRECTION    SW (210)
  AVERAGE WIND SPEED     5.2


SKY COVER
  POSSIBLE SUNSHINE  MM
  AVERAGE SKY COVER 1.0


WEATHER CONDITIONS
 THE FOLLOWING WEATHER WAS RECORDED YESTERDAY.
  LIGHT SNOW
  FOG


RELATIVE HUMIDITY (PERCENT)
 HIGHEST    92           200 AM
 LOWEST     82           100 PM
 AVERAGE    87

..........................................................


THE FLAGSTAFF AZ AIRPORT CLIMATE NORMALS FOR TODAY
                         NORMAL    RECORD    YEAR
 MAXIMUM TEMPERATURE (F)   42        65      1901
 MINIMUM TEMPERATURE (F)   16       -14      1908


SUNRISE AND SUNSET
DECEMBER 18 2014......SUNRISE   729 AM MST   SUNSET   517 PM MST
DECEMBER 19 2014......SUNRISE   730 AM MST   SUNSET   518 PM MST


-  INDICATES NEGATIVE NUMBERS.
R  INDICATES RECORD WAS SET OR TIED.
MM INDICATES DATA IS MISSING.
T  INDICATES TRACE AMOUNT.




$$


&&

-------------------------------------------------------------------
SNOW DEPTH DATA FOR FLAGSTAFF AIRPORT IS REPORTED AT 5 AM MST


-------------------------------------------------------------------
SUPPLEMENTARY CLIMATE DATA FOR NWS BELLEMONT, ARIZONA

SNOW DEPTH (IN) AT 5 AM........................................T
WATER EQUIVALENT OF SNOW PACK (IN) AT 11 AM*....................
* ONLY MEASURED IF SNOW DEPTH IS 2.0 INCHES OR GREATER
-------------------------------------------------------------------
