000
CDUS45 KFGZ 280833
CLIFLG
CLIMATE REPORT
NATIONAL WEATHER SERVICE FLAGSTAFF, AZ
132 AM MST MON JUL 28 2014


...................................

...THE FLAGSTAFF AZ AIRPORT CLIMATE SUMMARY FOR JULY 27 2014...

CLIMATE NORMAL PERIOD 1981 TO 2010
CLIMATE RECORD PERIOD 1898 TO 2014


WEATHER ITEM   OBSERVED TIME   RECORD YEAR NORMAL DEPARTURE LAST
                VALUE   (LST)  VALUE       VALUE  FROM      YEAR
                                                  NORMAL
..................................................................
TEMPERATURE (F)
 YESTERDAY
  MAXIMUM         84    320 PM  93    1947  80      4       76
  MINIMUM         55    606 AM  36    1913  52      3       55
  AVERAGE         70                        66      4

PRECIPITATION (IN)
  YESTERDAY        0.07          1.13 1905   0.11  -0.04     0.13
  MONTH TO DATE    3.66                      2.14   1.52     6.97
  SINCE SEP 1     13.98                     18.28  -4.30    16.62
  SINCE JAN 1      6.87                     10.61  -3.74    12.23

SNOWFALL (IN)
  YESTERDAY        0.0           0.0  2002   0.0             0.0
                                      2001
                                      2000
  MONTH TO DATE    0.0                       0.0             0.0
  SINCE JUL 1      0.0                       0.0             0.0
  SNOW DEPTH       0

DEGREE DAYS
 HEATING
  YESTERDAY        0                         1     -1        0
  MONTH TO DATE    1                        32    -31        6
  SINCE JUL 1      1                        32    -31        6

 COOLING
  YESTERDAY        5                         2      3        1
  MONTH TO DATE   79                        54     25       74
  SINCE JAN 1     93                        71     22      124
..................................................................


WIND (MPH)
  HIGHEST WIND SPEED    20   HIGHEST WIND DIRECTION    SW (220)
  HIGHEST GUST SPEED    24   HIGHEST GUST DIRECTION    SE (150)
  AVERAGE WIND SPEED     5.7


SKY COVER
  POSSIBLE SUNSHINE  MM
  AVERAGE SKY COVER 0.4


WEATHER CONDITIONS
 THE FOLLOWING WEATHER WAS RECORDED YESTERDAY.
  LIGHT RAIN


RELATIVE HUMIDITY (PERCENT)
 HIGHEST    93           500 AM
 LOWEST     24           300 PM
 AVERAGE    59

..........................................................


THE FLAGSTAFF AZ AIRPORT CLIMATE NORMALS FOR TODAY
                         NORMAL    RECORD    YEAR
 MAXIMUM TEMPERATURE (F)   80        94      1995
 MINIMUM TEMPERATURE (F)   52        36      1913


SUNRISE AND SUNSET
JULY 28 2014..........SUNRISE   533 AM MST   SUNSET   733 PM MST
JULY 29 2014..........SUNRISE   534 AM MST   SUNSET   732 PM MST


-  INDICATES NEGATIVE NUMBERS.
R  INDICATES RECORD WAS SET OR TIED.
MM INDICATES DATA IS MISSING.
T  INDICATES TRACE AMOUNT.




$$


&&

-------------------------------------------------------------------
SNOW DEPTH DATA FOR FLAGSTAFF AIRPORT IS REPORTED AT 5 AM MST


-------------------------------------------------------------------
SUPPLEMENTARY CLIMATE DATA FOR NWS BELLEMONT, ARIZONA

SNOW DEPTH (IN) AT 11 AM..........................................0
WATER EQUIVALENT OF SNOW PACK (IN) AT 11 AM*......................0
* ONLY MEASURED IF SNOW DEPTH IS 2.0 INCHES OR GREATER
-------------------------------------------------------------------
