000
CDUS45 KFGZ 210751
CLIFLG
CLIMATE REPORT
NATIONAL WEATHER SERVICE FLAGSTAFF, AZ
1250 AM MST THU AUG 21 2014


...................................

...THE FLAGSTAFF AZ AIRPORT CLIMATE SUMMARY FOR AUGUST 20 2014...

CLIMATE NORMAL PERIOD 1981 TO 2010
CLIMATE RECORD PERIOD 1898 TO 2014


WEATHER ITEM   OBSERVED TIME   RECORD YEAR NORMAL DEPARTURE LAST
                VALUE   (LST)  VALUE       VALUE  FROM      YEAR
                                                  NORMAL
..................................................................
TEMPERATURE (F)
 YESTERDAY
  MAXIMUM         71    410 PM  90    2009  78     -7       83
  MINIMUM         48    406 AM  35    1979  50     -2       47
  AVERAGE         60                        64     -4

PRECIPITATION (IN)
  YESTERDAY        0.00          1.84 2004   0.10  -0.10     0.00
  MONTH TO DATE    4.61                      2.09   2.52     0.94
  SINCE SEP 1     19.25                     20.84  -1.59    18.16
  SINCE JAN 1     12.14                     13.17  -1.03    13.77

SNOWFALL (IN)
  YESTERDAY       MM             0.0  2002   0.0             0.0
                                      2001
                                      2000
  MONTH TO DATE    0.0                       0.0             0.0
  SINCE JUL 1      0.0                       0.0             0.0
  SNOW DEPTH       0

DEGREE DAYS
 HEATING
  YESTERDAY        5                         2      3        0
  MONTH TO DATE   38                        27     11       27
  SINCE JUL 1     39                        59    -20       36

 COOLING
  YESTERDAY        0                         1     -1        0
  MONTH TO DATE   11                        27    -16       18
  SINCE JAN 1    109                       108      1      143
..................................................................


WIND (MPH)
  HIGHEST WIND SPEED    18   HIGHEST WIND DIRECTION    SW (230)
  HIGHEST GUST SPEED    24   HIGHEST GUST DIRECTION    SW (240)
  AVERAGE WIND SPEED     4.6


SKY COVER
  POSSIBLE SUNSHINE  MM
  AVERAGE SKY COVER 0.3


WEATHER CONDITIONS
 THE FOLLOWING WEATHER WAS RECORDED YESTERDAY.
  HAZE


RELATIVE HUMIDITY (PERCENT)
 HIGHEST    93           300 AM
 LOWEST     37           600 PM
 AVERAGE    65

..........................................................


THE FLAGSTAFF AZ AIRPORT CLIMATE NORMALS FOR TODAY
                         NORMAL    RECORD    YEAR
 MAXIMUM TEMPERATURE (F)   78        90      2009
                                             1991
 MINIMUM TEMPERATURE (F)   49        33      1979


SUNRISE AND SUNSET
AUGUST 21 2014........SUNRISE   551 AM MST   SUNSET   708 PM MST
AUGUST 22 2014........SUNRISE   552 AM MST   SUNSET   707 PM MST


-  INDICATES NEGATIVE NUMBERS.
R  INDICATES RECORD WAS SET OR TIED.
MM INDICATES DATA IS MISSING.
T  INDICATES TRACE AMOUNT.




$$


&&

-------------------------------------------------------------------
SNOW DEPTH DATA FOR FLAGSTAFF AIRPORT IS REPORTED AT 5 AM MST


-------------------------------------------------------------------
SUPPLEMENTARY CLIMATE DATA FOR NWS BELLEMONT, ARIZONA

SNOW DEPTH (IN) AT 11 AM..........................................0
WATER EQUIVALENT OF SNOW PACK (IN) AT 11 AM*......................0
* ONLY MEASURED IF SNOW DEPTH IS 2.0 INCHES OR GREATER
-------------------------------------------------------------------
