673
CDUS42 KMFL 070928
CLIFLL


CLIMATE REPORT
NATIONAL WEATHER SERVICE MIAMI, FL
428 AM EST WED DEC 7 2016


...................................

...THE FORT LAUDERDALE CLIMATE SUMMARY FOR DECEMBER 6 2016...

CLIMATE NORMAL PERIOD 1981 TO 2010
CLIMATE RECORD PERIOD 1912 TO 2016


WEATHER ITEM   OBSERVED TIME   RECORD YEAR NORMAL DEPARTURE LAST
                VALUE   (LST)  VALUE       VALUE  FROM      YEAR
                                                  NORMAL
..................................................................
TEMPERATURE (F)
 YESTERDAY
  MAXIMUM         88R  1240 PM  88    1947  79      9       82
  MINIMUM         77    447 AM  42    1968  66     11       75
  AVERAGE         83                        72     11       79

PRECIPITATION (IN)
  YESTERDAY        T             1.70 1976   0.09  -0.09     0.02
  MONTH TO DATE    0.67                      0.50   0.17     4.74
  SINCE NOV 1      1.71                      3.74  -2.03     9.62
  SINCE JAN 1     47.38                     60.22 -12.84    46.35

SNOWFALL (IN)
  YESTERDAY        0.0
  MONTH TO DATE    0.0
  SINCE DEC 1      0.0
  SINCE JUL 1      0.0
  SNOW DEPTH       0

DEGREE DAYS
 HEATING
  YESTERDAY        0                         1     -1        0
  MONTH TO DATE    0                         1     -1        0
  SINCE DEC 1      0                         1     -1        0
  SINCE JUL 1      0                         3     -3        0

 COOLING
  YESTERDAY       18                         8     10       14
  MONTH TO DATE   80                        49     31       66
  SINCE DEC 1     80                        49     31       66
  SINCE JAN 1   4606                      4562     44     4859
..................................................................


WIND (MPH)
  HIGHEST WIND SPEED    18   HIGHEST WIND DIRECTION    SW (220)
  HIGHEST GUST SPEED    25   HIGHEST GUST DIRECTION    SW (210)
  AVERAGE WIND SPEED    10.6


SKY COVER
  AVERAGE SKY COVER 0.6


WEATHER CONDITIONS
 THE FOLLOWING WEATHER WAS RECORDED YESTERDAY.
  LIGHT RAIN


RELATIVE HUMIDITY (PERCENT)
 HIGHEST    91
 LOWEST     57
 AVERAGE    74

..........................................................


THE FORT LAUDERDALE CLIMATE NORMALS FOR TODAY
                         NORMAL    RECORD    YEAR
 MAXIMUM TEMPERATURE (F)   79        86      1922
 MINIMUM TEMPERATURE (F)   66        40      2010


SUNRISE AND SUNSET
DECEMBER  7 2016......SUNRISE   655 AM EST   SUNSET   529 PM EST
DECEMBER  8 2016......SUNRISE   656 AM EST   SUNSET   529 PM EST


-  INDICATES NEGATIVE NUMBERS.
R  INDICATES RECORD WAS SET OR TIED.
MM INDICATES DATA IS MISSING.
T  INDICATES TRACE AMOUNT.




$$
