000
CDUS42 KMFL 062128
CLIFLL


CLIMATE REPORT
NATIONAL WEATHER SERVICE MIAMI, FL
427 PM EST FRI MAR 6 2015


...................................

...THE FORT LAUDERDALE CLIMATE SUMMARY FOR MARCH 6 2015...
VALID TODAY AS OF 0400 PM LOCAL TIME.

CLIMATE NORMAL PERIOD 1981 TO 2010
CLIMATE RECORD PERIOD 1839 TO 2015


WEATHER ITEM   OBSERVED TIME   RECORD YEAR NORMAL DEPARTURE LAST
                VALUE   (LST)  VALUE       VALUE  FROM      YEAR
                                                  NORMAL
..................................................................
TEMPERATURE (F)
 TODAY
  MAXIMUM         82    232 PM  91    1964  79      3       86
  MINIMUM         72    639 AM  41    1960  65      7       67
  AVERAGE         77                        72      5       77

PRECIPITATION (IN)
  TODAY            0.00          3.34 2008   0.11  -0.11     0.44
  MONTH TO DATE    0.02                      0.52  -0.50     1.14
  SINCE NOV 1     12.47                     12.81  -0.34    18.77
  SINCE JAN 1      7.36                      7.11   0.25     6.65

SNOWFALL (IN)
  TODAY            0.0
  MONTH TO DATE    0.0
  SINCE MAR 1      0.0
  SINCE JUL 1      0.0
  SNOW DEPTH       0

DEGREE DAYS
 HEATING
  TODAY            0                         1     -1        0
  MONTH TO DATE    0                         6     -6        0
  SINCE MAR 1      0                         6     -6        0
  SINCE JUL 1     97                       108    -11       80

 COOLING
  TODAY           12                         8      4       12
  MONTH TO DATE   70                        44     26       58
  SINCE MAR 1     70                        44     26       58
  SINCE JAN 1    351                       400    -49      446
..................................................................


WIND (MPH)
  HIGHEST WIND SPEED    14   HIGHEST WIND DIRECTION     E (110)
  HIGHEST GUST SPEED    17   HIGHEST GUST DIRECTION    SE (130)
  AVERAGE WIND SPEED     6.1


SKY COVER
  AVERAGE SKY COVER 0.6


WEATHER CONDITIONS
 THE FOLLOWING WEATHER WAS RECORDED TODAY.
  NO SIGNIFICANT WEATHER WAS OBSERVED.


RELATIVE HUMIDITY (PERCENT)
 HIGHEST    93
 LOWEST     69
 AVERAGE    81

..........................................................


THE FORT LAUDERDALE CLIMATE NORMALS FOR TOMORROW
                         NORMAL    RECORD    YEAR
 MAXIMUM TEMPERATURE (F)   79        89      2003
                                             1967
                                             1923
 MINIMUM TEMPERATURE (F)   65        35      1920


SUNRISE AND SUNSET
MARCH  6 2015.........SUNRISE   639 AM EST   SUNSET   625 PM EST
MARCH  7 2015.........SUNRISE   638 AM EST   SUNSET   625 PM EST


-  INDICATES NEGATIVE NUMBERS.
R  INDICATES RECORD WAS SET OR TIED.
MM INDICATES DATA IS MISSING.
T  INDICATES TRACE AMOUNT.




$$
