000
CDUS42 KMFL 240921
CLIFLL


CLIMATE REPORT
NATIONAL WEATHER SERVICE MIAMI, FL
420 AM EST FRI NOV 24 2017


...................................

...THE FORT LAUDERDALE CLIMATE SUMMARY FOR NOVEMBER 23 2017...

CLIMATE NORMAL PERIOD 1981 TO 2010
CLIMATE RECORD PERIOD 1912 TO 2017


WEATHER ITEM   OBSERVED TIME   RECORD YEAR NORMAL DEPARTURE LAST
                VALUE   (LST)  VALUE       VALUE  FROM      YEAR
                                                  NORMAL
..................................................................
TEMPERATURE (F)
 YESTERDAY
  MAXIMUM         82    235 PM  89    1923  81      1       81
  MINIMUM         72    400 PM  44    1944  68      4       72
  AVERAGE         77                        74      3       77

PRECIPITATION (IN)
  YESTERDAY        0.46          2.15 1964   0.07   0.39     0.02
  MONTH TO DATE    3.92                      2.58   1.34     0.88
  SINCE NOV 1      3.92                      2.58   1.34     0.88
  SINCE JAN 1     66.59                     59.06   7.53    46.55

SNOWFALL (IN)
  YESTERDAY        0.0
  MONTH TO DATE    0.0
  SINCE SEP 1      0.0
  SINCE JUL 1      0.0
  SNOW DEPTH       0

DEGREE DAYS
 HEATING
  YESTERDAY        0                         0      0        0
  MONTH TO DATE    0                         0      0        0
  SINCE SEP 1      2                         0      2        0
  SINCE JUL 1      2                         0      2        0

 COOLING
  YESTERDAY       12                        10      2       12
  MONTH TO DATE  259                       256      3      223
  SINCE SEP 1   1291                      1284      7     1245
  SINCE JAN 1   4618                      4450    168     4446
..................................................................


WIND (MPH)
  HIGHEST WIND SPEED    20   HIGHEST WIND DIRECTION     W (270)
  HIGHEST GUST SPEED    25   HIGHEST GUST DIRECTION     W (270)
  AVERAGE WIND SPEED     7.3


SKY COVER
  AVERAGE SKY COVER 0.7


WEATHER CONDITIONS
 THE FOLLOWING WEATHER WAS RECORDED YESTERDAY.
  THUNDERSTORM
  HEAVY RAIN
  LIGHT RAIN
  FOG


RELATIVE HUMIDITY (PERCENT)
 HIGHEST   100
 LOWEST     69
 AVERAGE    85

..........................................................


THE FORT LAUDERDALE CLIMATE NORMALS FOR TODAY
                         NORMAL    RECORD    YEAR
 MAXIMUM TEMPERATURE (F)   81        88      1971
 MINIMUM TEMPERATURE (F)   68        41      1925


SUNRISE AND SUNSET
NOVEMBER 24 2017......SUNRISE   646 AM EST   SUNSET   529 PM EST
NOVEMBER 25 2017......SUNRISE   646 AM EST   SUNSET   529 PM EST


-  INDICATES NEGATIVE NUMBERS.
R  INDICATES RECORD WAS SET OR TIED.
MM INDICATES DATA IS MISSING.
T  INDICATES TRACE AMOUNT.




$$
