000
CDUS42 KMFL 272119
CLIFLL


CLIMATE REPORT
NATIONAL WEATHER SERVICE MIAMI, FL
419 PM EST SAT DEC 27 2014


...................................

...THE FORT LAUDERDALE CLIMATE SUMMARY FOR DECEMBER 27 2014...
VALID TODAY AS OF 0400 PM LOCAL TIME.

CLIMATE NORMAL PERIOD 1981 TO 2010
CLIMATE RECORD PERIOD 1839 TO 2014


WEATHER ITEM   OBSERVED TIME   RECORD YEAR NORMAL DEPARTURE LAST
                VALUE   (LST)  VALUE       VALUE  FROM      YEAR
                                                  NORMAL
..................................................................
TEMPERATURE (F)
 TODAY
  MAXIMUM         79    214 PM  86    1924  77      2       79
  MINIMUM         67    747 AM  38    1956  62      5       73
                                      1935
  AVERAGE         73                        69      4       76

PRECIPITATION (IN)
  TODAY            0.00          3.22 1940   0.06  -0.06     0.01
  MONTH TO DATE    2.18                      2.24  -0.06     1.20
  SINCE NOV 1      5.10                      5.48  -0.38    12.12
  SINCE JAN 1     61.54                     61.96  -0.42    76.45

SNOWFALL (IN)
  TODAY            0.0
  MONTH TO DATE    0.0
  SINCE DEC 1      0.0
  SINCE JUL 1      0.0
  SNOW DEPTH       0

DEGREE DAYS
 HEATING
  TODAY            0                         1     -1
  MONTH TO DATE   16                        22     -6
  SINCE DEC 1     16                        22     -6
  SINCE JUL 1     26                        24      2

 COOLING
  TODAY            8                         6      2
  MONTH TO DATE  172                       194    -22
  SINCE DEC 1    172                       194    -22
  SINCE JAN 1   4773                      4707     66
..................................................................


WIND (MPH)
  HIGHEST WIND SPEED     9   HIGHEST WIND DIRECTION    SE (120)
  HIGHEST GUST SPEED    MM   HIGHEST GUST DIRECTION    MM
  AVERAGE WIND SPEED     3.5


SKY COVER
  AVERAGE SKY COVER 0.5


WEATHER CONDITIONS
 THE FOLLOWING WEATHER WAS RECORDED TODAY.
  FOG


RELATIVE HUMIDITY (PERCENT)
 HIGHEST   100
 LOWEST     69
 AVERAGE    85

..........................................................


THE FORT LAUDERDALE CLIMATE NORMALS FOR TOMORROW
                         NORMAL    RECORD    YEAR
 MAXIMUM TEMPERATURE (F)   77        88      1973
 MINIMUM TEMPERATURE (F)   62        36      2010


SUNRISE AND SUNSET
DECEMBER 27 2014......SUNRISE   706 AM EST   SUNSET   537 PM EST
DECEMBER 28 2014......SUNRISE   707 AM EST   SUNSET   538 PM EST


-  INDICATES NEGATIVE NUMBERS.
R  INDICATES RECORD WAS SET OR TIED.
MM INDICATES DATA IS MISSING.
T  INDICATES TRACE AMOUNT.




$$
