000
CDUS42 KMFL 070841
CLIFLL


CLIMATE REPORT
NATIONAL WEATHER SERVICE MIAMI, FL
437 AM EDT TUE JUL 7 2015


...................................

...THE FORT LAUDERDALE CLIMATE SUMMARY FOR JULY 6 2015...

CLIMATE NORMAL PERIOD 1981 TO 2010
CLIMATE RECORD PERIOD 1839 TO 2015


WEATHER ITEM   OBSERVED TIME   RECORD YEAR NORMAL DEPARTURE LAST
                VALUE   (LST)  VALUE       VALUE  FROM      YEAR
                                                  NORMAL
..................................................................
TEMPERATURE (F)
 YESTERDAY
  MAXIMUM         91    255 PM  97    1954  90      1       89
  MINIMUM         74   1258 AM  69    1949  78     -4       79
                                      1922
  AVERAGE         83                        84     -1       84

PRECIPITATION (IN)
  YESTERDAY        0.18          2.12 1977   0.22  -0.04     0.24
  MONTH TO DATE    0.18                      1.37  -1.19     3.37
  SINCE JUN 1      1.27                     11.53 -10.26    12.01
  SINCE JAN 1     15.32                     29.02 -13.70    32.61

SNOWFALL (IN)
  YESTERDAY        0.0
  MONTH TO DATE    0.0
  SINCE JUN 1      0.0
  SINCE JUL 1      0.0
  SNOW DEPTH       0

DEGREE DAYS
 HEATING
  YESTERDAY        0                         0      0        0
  MONTH TO DATE    0                         0      0        0
  SINCE JUN 1      0                         0      0        0
  SINCE JUL 1      0                         0      0        0

 COOLING
  YESTERDAY       18                        19     -1       19
  MONTH TO DATE  121                       114      7      117
  SINCE JUN 1    683                       657     26      633
  SINCE JAN 1   2219                      2075    144     2168
..................................................................


WIND (MPH)
  HIGHEST WIND SPEED    22   HIGHEST WIND DIRECTION    SE (140)
  HIGHEST GUST SPEED    26   HIGHEST GUST DIRECTION    SE (130)
  AVERAGE WIND SPEED     9.6


SKY COVER
  AVERAGE SKY COVER 0.5


WEATHER CONDITIONS
 THE FOLLOWING WEATHER WAS RECORDED YESTERDAY.
  HEAVY RAIN
  RAIN
  FOG


RELATIVE HUMIDITY (PERCENT)
 HIGHEST    88
 LOWEST     59
 AVERAGE    74

..........................................................


THE FORT LAUDERDALE CLIMATE NORMALS FOR TODAY
                         NORMAL    RECORD    YEAR
 MAXIMUM TEMPERATURE (F)   90        97      2009
                                             1963
 MINIMUM TEMPERATURE (F)   78        68      1950
                                             1922


SUNRISE AND SUNSET
JULY  7 2015..........SUNRISE   634 AM EDT   SUNSET   816 PM EDT
JULY  8 2015..........SUNRISE   635 AM EDT   SUNSET   816 PM EDT


-  INDICATES NEGATIVE NUMBERS.
R  INDICATES RECORD WAS SET OR TIED.
MM INDICATES DATA IS MISSING.
T  INDICATES TRACE AMOUNT.




$$
