000
CDUS42 KMFL 220930
CLIFLL


CLIMATE REPORT
NATIONAL WEATHER SERVICE MIAMI, FL
430 AM EST SUN JAN 22 2017


...................................

...THE FORT LAUDERDALE CLIMATE SUMMARY FOR JANUARY 21 2017...

CLIMATE NORMAL PERIOD 1981 TO 2010
CLIMATE RECORD PERIOD 1912 TO 2017


WEATHER ITEM   OBSERVED TIME   RECORD YEAR NORMAL DEPARTURE LAST
                VALUE   (LST)  VALUE       VALUE  FROM      YEAR
                                                  NORMAL
..................................................................
TEMPERATURE (F)
 YESTERDAY
  MAXIMUM         83    224 PM  86    1925  76      7       74
                                      1922
  MINIMUM         64    718 AM  32    1977  62      2       61
                                      1971
  AVERAGE         74                        69      5       68

PRECIPITATION (IN)
  YESTERDAY        0.00          1.50 1958   0.16  -0.16     0.00
                                      1956
  MONTH TO DATE    0.65                      1.89  -1.24     2.98
  SINCE NOV 1      5.28                      7.59  -2.31    14.20
  SINCE JAN 1      0.65                      1.89  -1.24     2.98

SNOWFALL (IN)
  YESTERDAY        0.0
  MONTH TO DATE    0.0
  SINCE DEC 1      0.0
  SINCE JUL 1      0.0
  SNOW DEPTH      MM

DEGREE DAYS
 HEATING
  YESTERDAY        0                         1     -1        0
  MONTH TO DATE   11                        37    -26       15
  SINCE DEC 1     13                        67    -54       15
  SINCE JUL 1     13                        69    -56       15

 COOLING
  YESTERDAY        9                         5      4        3
  MONTH TO DATE  167                       114     53       96
  SINCE DEC 1    510                       330    180      493
  SINCE JAN 1    167                       114     53       96
..................................................................


WIND (MPH)
  HIGHEST WIND SPEED    20   HIGHEST WIND DIRECTION     S (190)
  HIGHEST GUST SPEED    24   HIGHEST GUST DIRECTION     S (180)
  AVERAGE WIND SPEED     6.7


SKY COVER
  AVERAGE SKY COVER  MM


WEATHER CONDITIONS
 THE FOLLOWING WEATHER WAS RECORDED YESTERDAY.
  NO SIGNIFICANT WEATHER WAS OBSERVED.


RELATIVE HUMIDITY (PERCENT)
 HIGHEST    MM
 LOWEST     MM
 AVERAGE    MM

..........................................................


THE FORT LAUDERDALE CLIMATE NORMALS FOR TODAY
                         NORMAL    RECORD    YEAR
 MAXIMUM TEMPERATURE (F)   76        88      1926
 MINIMUM TEMPERATURE (F)   62        29      1985


SUNRISE AND SUNSET
JANUARY 22 2017.......SUNRISE   708 AM EST   SUNSET   557 PM EST
JANUARY 23 2017.......SUNRISE   708 AM EST   SUNSET   557 PM EST


-  INDICATES NEGATIVE NUMBERS.
R  INDICATES RECORD WAS SET OR TIED.
MM INDICATES DATA IS MISSING.
T  INDICATES TRACE AMOUNT.




$$
