000
CDUS42 KMFL 270824
CLIFLL


CLIMATE REPORT
NATIONAL WEATHER SERVICE MIAMI, FL
424 AM EDT FRI MAR 27 2015


...................................

...THE FORT LAUDERDALE CLIMATE SUMMARY FOR MARCH 26 2015...

CLIMATE NORMAL PERIOD 1981 TO 2010
CLIMATE RECORD PERIOD 1839 TO 2015


WEATHER ITEM   OBSERVED TIME   RECORD YEAR NORMAL DEPARTURE LAST
                VALUE   (LST)  VALUE       VALUE  FROM      YEAR
                                                  NORMAL
..................................................................
TEMPERATURE (F)
 YESTERDAY
  MAXIMUM         85    415 PM  90    1935  81      4       71
                                      1923
  MINIMUM         72    251 AM  45    1947  67      5       56
  AVERAGE         79                        74      5       64

PRECIPITATION (IN)
  YESTERDAY        0.00          2.14 1958   0.11  -0.11     0.00
  MONTH TO DATE    0.49                      2.74  -2.25     2.27
  SINCE NOV 1     12.94                     15.03  -2.09    19.90
  SINCE JAN 1      7.83                      9.33  -1.50     7.78

SNOWFALL (IN)
  YESTERDAY        0.0
  MONTH TO DATE    0.0
  SINCE MAR 1      0.0
  SINCE JUL 1      0.0
  SNOW DEPTH       0

DEGREE DAYS
 HEATING
  YESTERDAY        0                         0      0        1
  MONTH TO DATE    0                         7     -7        1
  SINCE MAR 1      0                         7     -7        1
  SINCE JUL 1     97                       109    -12       81

 COOLING
  YESTERDAY       14                         9      5        0
  MONTH TO DATE  305                       209     96      226
  SINCE MAR 1    305                       209     96      226
  SINCE JAN 1    586                       565     21      614
..................................................................


WIND (MPH)
  HIGHEST WIND SPEED    25   HIGHEST WIND DIRECTION     S (160)
  HIGHEST GUST SPEED    33   HIGHEST GUST DIRECTION     S (160)
  AVERAGE WIND SPEED    10.1


SKY COVER
  AVERAGE SKY COVER 0.5


WEATHER CONDITIONS
 THE FOLLOWING WEATHER WAS RECORDED YESTERDAY.
  NO SIGNIFICANT WEATHER WAS OBSERVED.


RELATIVE HUMIDITY (PERCENT)
 HIGHEST    87
 LOWEST     61
 AVERAGE    74

..........................................................


THE FORT LAUDERDALE CLIMATE NORMALS FOR TODAY
                         NORMAL    RECORD    YEAR
 MAXIMUM TEMPERATURE (F)   81        91      1928
 MINIMUM TEMPERATURE (F)   67        39      1947


SUNRISE AND SUNSET
MARCH 27 2015.........SUNRISE   717 AM EDT   SUNSET   735 PM EDT
MARCH 28 2015.........SUNRISE   716 AM EDT   SUNSET   736 PM EDT


-  INDICATES NEGATIVE NUMBERS.
R  INDICATES RECORD WAS SET OR TIED.
MM INDICATES DATA IS MISSING.
T  INDICATES TRACE AMOUNT.




$$
