000
CDUS42 KMFL 290824
CLIFLL


CLIMATE REPORT
NATIONAL WEATHER SERVICE MIAMI, FL
424 AM EDT FRI AUG 29 2014


...................................

...THE FORT LAUDERDALE CLIMATE SUMMARY FOR AUGUST 28 2014...

CLIMATE NORMAL PERIOD 1981 TO 2010
CLIMATE RECORD PERIOD 1839 TO 2014


WEATHER ITEM   OBSERVED TIME   RECORD YEAR NORMAL DEPARTURE LAST
                VALUE   (LST)  VALUE       VALUE  FROM      YEAR
                                                  NORMAL
..................................................................
TEMPERATURE (F)
 YESTERDAY
  MAXIMUM         92   1220 PM  96    1954  90      2       86
                                      1924
  MINIMUM         82    707 AM  68    1927  78      4       74
  AVERAGE         87                        84      3       80

PRECIPITATION (IN)
  YESTERDAY        0.02          2.24 2002   0.27  -0.25     0.18
  MONTH TO DATE    5.32                      6.62  -1.30     1.95
  SINCE JUN 1     23.14                     22.76   0.38    32.16
  SINCE JAN 1     43.74                     40.25   3.49    56.94

SNOWFALL (IN)
  YESTERDAY        0.0
  MONTH TO DATE    0.0
  SINCE JUN 1      0.0
  SINCE JUL 1      0.0
  SNOW DEPTH       0

DEGREE DAYS
 HEATING
  YESTERDAY        0                         0      0        0
  MONTH TO DATE    0                         0      0        0
  SINCE JUN 1      0                         0      0        0
  SINCE JUL 1      0                         0      0        0

 COOLING
  YESTERDAY       22                        19      3       15
  MONTH TO DATE  579                       551     28      529
  SINCE JUN 1   1710                      1692     18     1598
  SINCE JAN 1   3245                      3110    135     2994
..................................................................


WIND (MPH)
  HIGHEST WIND SPEED    20   HIGHEST WIND DIRECTION    SE (120)
  HIGHEST GUST SPEED    24   HIGHEST GUST DIRECTION     S (160)
  AVERAGE WIND SPEED     7.6


SKY COVER
  AVERAGE SKY COVER 0.6


WEATHER CONDITIONS
 THE FOLLOWING WEATHER WAS RECORDED YESTERDAY.
  THUNDERSTORM
  LIGHT RAIN


RELATIVE HUMIDITY (PERCENT)
 HIGHEST    85
 LOWEST     56
 AVERAGE    71

..........................................................


THE FORT LAUDERDALE CLIMATE NORMALS FOR TODAY
                         NORMAL    RECORD    YEAR
 MAXIMUM TEMPERATURE (F)   90        97      1964
 MINIMUM TEMPERATURE (F)   78        69      1930
                                             1920


SUNRISE AND SUNSET
AUGUST 29 2014........SUNRISE   659 AM EDT   SUNSET   743 PM EDT
AUGUST 30 2014........SUNRISE   700 AM EDT   SUNSET   742 PM EDT


-  INDICATES NEGATIVE NUMBERS.
R  INDICATES RECORD WAS SET OR TIED.
MM INDICATES DATA IS MISSING.
T  INDICATES TRACE AMOUNT.




$$
