637
CDUS42 KMFL 192021
CLIFLL


CLIMATE REPORT
NATIONAL WEATHER SERVICE MIAMI, FL
419 PM EDT TUE SEP 19 2017


...................................

...THE FORT LAUDERDALE CLIMATE SUMMARY FOR SEPTEMBER 19 2017...
VALID TODAY AS OF 0400 PM LOCAL TIME.

CLIMATE NORMAL PERIOD 1981 TO 2010
CLIMATE RECORD PERIOD 1912 TO 2017


WEATHER ITEM   OBSERVED TIME   RECORD YEAR NORMAL DEPARTURE LAST
                VALUE   (LST)  VALUE       VALUE  FROM      YEAR
                                                  NORMAL
..................................................................
TEMPERATURE (F)
 TODAY
  MAXIMUM         MM        MM  98    1955  89     MM       90
  MINIMUM         MM        MM  69    1985  77     MM       78
  AVERAGE         MM                        83     MM       84

PRECIPITATION (IN)
  TODAY           MM             5.35 1984   0.33  MM        0.75
  MONTH TO DATE    7.68                      5.49   2.19     2.43
  SINCE JUN 1     39.80                     29.07  10.73    21.06
  SINCE JAN 1     51.40                     46.56   4.84    40.01

SNOWFALL (IN)
  TODAY           MM
  MONTH TO DATE    0.0
  SINCE SEP 1      0.0
  SINCE JUL 1      0.0
  SNOW DEPTH       0

DEGREE DAYS
 HEATING
  TODAY           MM                         0     MM        0
  MONTH TO DATE    0                         0      0        0
  SINCE SEP 1      0                         0      0        0
  SINCE JUL 1      0                         0      0        0

 COOLING
  TODAY           MM                        18     MM       19
  MONTH TO DATE  346                       348     -2      350
  SINCE SEP 1    346                       348     -2      350
  SINCE JAN 1   3673                      3514    159     3551
..................................................................


WIND (MPH)
  HIGHEST WIND SPEED    12   HIGHEST WIND DIRECTION    NE (60)
  HIGHEST GUST SPEED    17   HIGHEST GUST DIRECTION    NE (60)
  AVERAGE WIND SPEED     5.6


SKY COVER
  AVERAGE SKY COVER 0.6


WEATHER CONDITIONS
 THE FOLLOWING WEATHER WAS RECORDED TODAY.
  LIGHT RAIN


RELATIVE HUMIDITY (PERCENT)
 HIGHEST    97
 LOWEST     64
 AVERAGE    81

..........................................................


THE FORT LAUDERDALE CLIMATE NORMALS FOR TOMORROW
                         NORMAL    RECORD    YEAR
 MAXIMUM TEMPERATURE (F)   89        94      1951
 MINIMUM TEMPERATURE (F)   77        68      1949
                                             1925


SUNRISE AND SUNSET
SEPTEMBER 19 2017.....SUNRISE   708 AM EDT   SUNSET   720 PM EDT
SEPTEMBER 20 2017.....SUNRISE   708 AM EDT   SUNSET   719 PM EDT


-  INDICATES NEGATIVE NUMBERS.
R  INDICATES RECORD WAS SET OR TIED.
MM INDICATES DATA IS MISSING.
T  INDICATES TRACE AMOUNT.




$$
