242
CDUS42 KMFL 230830
CLIFLL


CLIMATE REPORT
NATIONAL WEATHER SERVICE MIAMI, FL
429 AM EDT SUN APR 23 2017


...................................

...THE FORT LAUDERDALE CLIMATE SUMMARY FOR APRIL 22 2017...

CLIMATE NORMAL PERIOD 1981 TO 2010
CLIMATE RECORD PERIOD 1912 TO 2017


WEATHER ITEM   OBSERVED TIME   RECORD YEAR NORMAL DEPARTURE LAST
                VALUE   (LST)  VALUE       VALUE  FROM      YEAR
                                                  NORMAL
..................................................................
TEMPERATURE (F)
 YESTERDAY
  MAXIMUM         82   1121 AM  95    1935  83     -1       83
  MINIMUM         76   1150 PM  50    1940  71      5       75
  AVERAGE         79                        77      2       79

PRECIPITATION (IN)
  YESTERDAY        0.00          3.66 1994   0.10  -0.10      T
  MONTH TO DATE    0.30                      2.28  -1.98     0.73
  SINCE NOV 1      9.71                     17.93  -8.22    25.52
  SINCE JAN 1      5.08                     12.23  -7.15    14.30

SNOWFALL (IN)
  YESTERDAY        0.0
  MONTH TO DATE    0.0
  SINCE MAR 1      0.0
  SINCE JUL 1      0.0
  SNOW DEPTH       0

DEGREE DAYS
 HEATING
  YESTERDAY        0                         0      0        0
  MONTH TO DATE    0                         0      0        0
  SINCE MAR 1      6                         9     -3        2
  SINCE JUL 1     35                       111    -76       87

 COOLING
  YESTERDAY       14                        12      2       14
  MONTH TO DATE  267                       237     30      252
  SINCE MAR 1    520                       491     29      575
  SINCE JAN 1    976                       847    129      834
..................................................................


WIND (MPH)
  HIGHEST WIND SPEED    22   HIGHEST WIND DIRECTION    SE (130)
  HIGHEST GUST SPEED    27   HIGHEST GUST DIRECTION    SE (140)
  AVERAGE WIND SPEED    15.4


SKY COVER
  AVERAGE SKY COVER 0.8


WEATHER CONDITIONS
 THE FOLLOWING WEATHER WAS RECORDED YESTERDAY.
  NO SIGNIFICANT WEATHER WAS OBSERVED.


RELATIVE HUMIDITY (PERCENT)
 HIGHEST    87
 LOWEST     58
 AVERAGE    73

..........................................................


THE FORT LAUDERDALE CLIMATE NORMALS FOR TODAY
                         NORMAL    RECORD    YEAR
 MAXIMUM TEMPERATURE (F)   83        93      1921
 MINIMUM TEMPERATURE (F)   71        53      1986


SUNRISE AND SUNSET
APRIL 23 2017.........SUNRISE   650 AM EDT   SUNSET   748 PM EDT
APRIL 24 2017.........SUNRISE   649 AM EDT   SUNSET   749 PM EDT


-  INDICATES NEGATIVE NUMBERS.
R  INDICATES RECORD WAS SET OR TIED.
MM INDICATES DATA IS MISSING.
T  INDICATES TRACE AMOUNT.




$$
