000
CDUS42 KILM 302046
CLIFLO


CLIMATE REPORT
NATIONAL WEATHER SERVICE WILMINGTON NC
446 PM EDT TUE JUN 30 2015


...................................

...THE FLORENCE SC CLIMATE SUMMARY FOR JUNE 30 2015...
VALID TODAY AS OF 0400 PM LOCAL TIME.

CLIMATE NORMAL PERIOD 1981 TO 2010
CLIMATE RECORD PERIOD 1948 TO 2015


WEATHER ITEM   OBSERVED TIME   RECORD YEAR NORMAL DEPARTURE LAST
                VALUE   (LST)  VALUE       VALUE  FROM      YEAR
                                                  NORMAL
..................................................................
TEMPERATURE (F)
 TODAY
  MAXIMUM         95    253 PM 105    2012  90      5       92
  MINIMUM         70    547 AM  61    1970  71     -1       67
  AVERAGE         83                        80      3       80

PRECIPITATION (IN)
  TODAY            0.00          2.03 1985   0.15  -0.15      T
  MONTH TO DATE    3.40                      4.62  -1.22     0.98
  SINCE JUN 1      3.40                      4.62  -1.22     0.98
  SINCE JAN 1     18.42                     19.98  -1.56    18.34

DEGREE DAYS
 HEATING
  TODAY            0                         0      0        0
  MONTH TO DATE    0                         0      0        0
  SINCE JUN 1      0                         1     -1        0
  SINCE JUL 1   2544                      2524     20     2669

 COOLING
  TODAY           18                        16      2       15
  MONTH TO DATE  541                       397    144      482
  SINCE JUN 1    541                       397    144      482
  SINCE JAN 1    926                       704    222      864
..................................................................


WIND (MPH)
  HIGHEST WIND SPEED    18   HIGHEST WIND DIRECTION    SW (240)
  HIGHEST GUST SPEED    23   HIGHEST GUST DIRECTION    SW (240)
  AVERAGE WIND SPEED     8.6


SKY COVER
  POSSIBLE SUNSHINE  MM
  AVERAGE SKY COVER 0.0


WEATHER CONDITIONS
 THE FOLLOWING WEATHER WAS RECORDED TODAY.
  NO SIGNIFICANT WEATHER WAS OBSERVED.


RELATIVE HUMIDITY (PERCENT)
 HIGHEST    84           500 AM
 LOWEST     34           300 PM
 AVERAGE    59

..........................................................


THE FLORENCE SC CLIMATE NORMALS FOR TOMORROW
                         NORMAL    RECORD    YEAR
 MAXIMUM TEMPERATURE (F)   91       103      2012
 MINIMUM TEMPERATURE (F)   71        59      1955


SUNRISE AND SUNSET
JUNE 30 2015..........SUNRISE   610 AM EDT   SUNSET   835 PM EDT
JULY  1 2015..........SUNRISE   611 AM EDT   SUNSET   835 PM EDT


-  INDICATES NEGATIVE NUMBERS.
R  INDICATES RECORD WAS SET OR TIED.
MM INDICATES DATA IS MISSING.
T  INDICATES TRACE AMOUNT.




$$
