000
CDUS42 KILM 300910
CLIFLO


CLIMATE REPORT
NATIONAL WEATHER SERVICE WILMINGTON NC
509 AM EDT THU MAR 30 2017


...................................

...THE FLORENCE SC CLIMATE SUMMARY FOR MARCH 29 2017...

CLIMATE NORMAL PERIOD 1981 TO 2010
CLIMATE RECORD PERIOD 1948 TO 2017


WEATHER ITEM   OBSERVED TIME   RECORD YEAR NORMAL DEPARTURE LAST
                VALUE   (LST)  VALUE       VALUE  FROM      YEAR
                                                  NORMAL
..................................................................
TEMPERATURE (F)
 YESTERDAY
  MAXIMUM         82    352 PM  89    1985  71     11       69
  MINIMUM         58    640 AM  28    2015  47     11       47
                                      1966
  AVERAGE         70                        59     11       58

PRECIPITATION (IN)
  YESTERDAY        0.00          2.45 1991   0.11  -0.11     0.00
  MONTH TO DATE    1.25                      3.12  -1.87     1.63
  SINCE MAR 1      1.25                      3.12  -1.87     1.63
  SINCE JAN 1      6.12                      9.27  -3.15     9.09

SNOWFALL (IN)
  YESTERDAY       MM
  MONTH TO DATE   MM
  SINCE MAR 1     MM
  SINCE JUL 1     MM
  SNOW DEPTH      MM

DEGREE DAYS
 HEATING
  YESTERDAY        0                         7     -7        7
  MONTH TO DATE  331                       295     36      160
  SINCE MAR 1    331                       295     36      160
  SINCE JUL 1   1776                      2361   -585     1820

 COOLING
  YESTERDAY        5                         1      4        0
  MONTH TO DATE   32                        16     16       46
  SINCE MAR 1     32                        16     16       46
  SINCE JAN 1     45                        22     23       47
..................................................................


WIND (MPH)
  HIGHEST WIND SPEED    16   HIGHEST WIND DIRECTION    SE (130)
  HIGHEST GUST SPEED    21   HIGHEST GUST DIRECTION    SE (130)
  AVERAGE WIND SPEED     7.2


SKY COVER
  POSSIBLE SUNSHINE  MM
  AVERAGE SKY COVER 0.1


WEATHER CONDITIONS
 THE FOLLOWING WEATHER WAS RECORDED YESTERDAY.
  NO SIGNIFICANT WEATHER WAS OBSERVED.


RELATIVE HUMIDITY (PERCENT)
 HIGHEST    80           400 AM
 LOWEST     39           200 PM
 AVERAGE    60

..........................................................


THE FLORENCE SC CLIMATE NORMALS FOR TODAY
                         NORMAL    RECORD    YEAR
 MAXIMUM TEMPERATURE (F)   72        89      1985
 MINIMUM TEMPERATURE (F)   47        30      1964


SUNRISE AND SUNSET
MARCH 30 2017.........SUNRISE   709 AM EDT   SUNSET   738 PM EDT
MARCH 31 2017.........SUNRISE   707 AM EDT   SUNSET   739 PM EDT


-  INDICATES NEGATIVE NUMBERS.
R  INDICATES RECORD WAS SET OR TIED.
MM INDICATES DATA IS MISSING.
T  INDICATES TRACE AMOUNT.




$$
