000
CDUS42 KILM 210942
CLIFLO


CLIMATE REPORT
NATIONAL WEATHER SERVICE WILMINGTON NC
442 AM EST WED FEB 21 2018


...................................

...THE FLORENCE SOUTH  CAROLINA CLIMATE SUMMARY FOR FEBRUARY 20 2018...

CLIMATE NORMAL PERIOD 1981 TO 2010
CLIMATE RECORD PERIOD 1948 TO 2018


WEATHER ITEM   OBSERVED TIME   RECORD YEAR NORMAL DEPARTURE LAST
                VALUE   (LST)  VALUE       VALUE  FROM      YEAR
                                                  NORMAL
..................................................................
TEMPERATURE (F)
 YESTERDAY
  MAXIMUM         82    341 PM  83    2014  61     21       75
  MINIMUM         58    713 AM  13    2015  38     20       43
  AVERAGE         70                        50     20       59

PRECIPITATION (IN)
  YESTERDAY        T             0.93 1956   0.11  -0.11     0.00
  MONTH TO DATE    0.70                      2.06  -1.36     1.60
  SINCE DEC 1      7.53                      8.30  -0.77     9.43
  SINCE JAN 1      2.87                      5.29  -2.42     4.86

SNOWFALL (IN)
  YESTERDAY       MM             0.0    MM   0.1
  MONTH TO DATE   MM                         0.2
  SINCE DEC 1     MM                         1.4
  SINCE JUL 1     MM                         1.4
  SNOW DEPTH      MM

DEGREE DAYS
 HEATING
  YESTERDAY        0                        16    -16        6
  MONTH TO DATE  201                       348   -147      211
  SINCE DEC 1   1462                      1528    -66     1095
  SINCE JUL 1   1867                      1950    -83     1408

 COOLING
  YESTERDAY        5                         0      5        0
  MONTH TO DATE   23                         0     23        6
  SINCE DEC 1     25                         6     19       10
  SINCE JAN 1     25                         2     23        6
..................................................................


WIND (MPH)
  RESULTANT WIND SPEED   4   RESULTANT WIND DIRECTION   S (170)
  HIGHEST WIND SPEED    15   HIGHEST WIND DIRECTION     S (200)
  HIGHEST GUST SPEED    19   HIGHEST GUST DIRECTION    SW (230)
  AVERAGE WIND SPEED     5.2


SKY COVER
  POSSIBLE SUNSHINE  MM
  AVERAGE SKY COVER 0.7


WEATHER CONDITIONS
 THE FOLLOWING WEATHER WAS RECORDED YESTERDAY.
  LIGHT RAIN
  FOG
  FOG W/VISIBILITY <= 1/4 MILE


RELATIVE HUMIDITY (PERCENT)
 HIGHEST   100           100 AM
 LOWEST     47           200 PM
 AVERAGE    74

..........................................................


THE FLORENCE SOUTH  CAROLINA CLIMATE NORMALS FOR TODAY
                         NORMAL    RECORD    YEAR
 MAXIMUM TEMPERATURE (F)   61        81      1997
 MINIMUM TEMPERATURE (F)   39        21      1959


SUNRISE AND SUNSET
FEBRUARY 21 2018......SUNRISE   657 AM EST   SUNSET   608 PM EST
FEBRUARY 22 2018......SUNRISE   656 AM EST   SUNSET   609 PM EST


-  INDICATES NEGATIVE NUMBERS.
R  INDICATES RECORD WAS SET OR TIED.
MM INDICATES DATA IS MISSING.
T  INDICATES TRACE AMOUNT.




$$
