000
CDUS42 KILM 260841
CLIFLO


CLIMATE REPORT
NATIONAL WEATHER SERVICE WILMINGTON NC
440 AM EDT MON SEP 26 2016


...................................

...THE FLORENCE SC CLIMATE SUMMARY FOR SEPTEMBER 25 2016...

CLIMATE NORMAL PERIOD 1981 TO 2010
CLIMATE RECORD PERIOD 1948 TO 2016


WEATHER ITEM   OBSERVED TIME   RECORD YEAR NORMAL DEPARTURE LAST
                VALUE   (LST)  VALUE       VALUE  FROM      YEAR
                                                  NORMAL
..................................................................
TEMPERATURE (F)
 YESTERDAY
  MAXIMUM         88    214 PM  95    2010  82      6       81
  MINIMUM         68    600 AM  41    1950  61      7       69
  AVERAGE         78                        71      7       75

PRECIPITATION (IN)
  YESTERDAY        0.00          2.19 1956   0.11  -0.11     0.14
  MONTH TO DATE    9.36                      3.08   6.28     1.65
  SINCE SEP 1      9.36                      3.08   6.28     1.65
  SINCE JAN 1     42.24                     33.56   8.68    29.49

DEGREE DAYS
 HEATING
  YESTERDAY        0                         1     -1        0
  MONTH TO DATE    0                         2     -2        0
  SINCE SEP 1      0                         2     -2        0
  SINCE JUL 1      0                         2     -2        0

 COOLING
  YESTERDAY       13                         7      6       10
  MONTH TO DATE  344                       256     88      301
  SINCE SEP 1    344                       256     88      301
  SINCE JAN 1   2381                      1926    455     2318
..................................................................


WIND (MPH)
  HIGHEST WIND SPEED    16   HIGHEST WIND DIRECTION    SE (120)
  HIGHEST GUST SPEED    20   HIGHEST GUST DIRECTION    SE (120)
  AVERAGE WIND SPEED     4.2


SKY COVER
  POSSIBLE SUNSHINE  MM
  AVERAGE SKY COVER 0.2


WEATHER CONDITIONS
 THE FOLLOWING WEATHER WAS RECORDED YESTERDAY.
  FOG


RELATIVE HUMIDITY (PERCENT)
 HIGHEST    97           200 AM
 LOWEST     55           200 PM
 AVERAGE    76

..........................................................


THE FLORENCE SC CLIMATE NORMALS FOR TODAY
                         NORMAL    RECORD    YEAR
 MAXIMUM TEMPERATURE (F)   81        96      1986
 MINIMUM TEMPERATURE (F)   61        42      1950


SUNRISE AND SUNSET
SEPTEMBER 26 2016.....SUNRISE   710 AM EDT   SUNSET   709 PM EDT
SEPTEMBER 27 2016.....SUNRISE   711 AM EDT   SUNSET   708 PM EDT


-  INDICATES NEGATIVE NUMBERS.
R  INDICATES RECORD WAS SET OR TIED.
MM INDICATES DATA IS MISSING.
T  INDICATES TRACE AMOUNT.




$$
