000
CDUS42 KTBW 262115
CLIFMY


CLIMATE REPORT
NATIONAL WEATHER SERVICE TAMPA BAY FL
512 PM EDT THU MAR 26 2015


...................................

...THE FORT MYERS CLIMATE SUMMARY FOR MARCH 26 2015...
VALID TODAY AS OF 0500 PM LOCAL TIME.

CLIMATE NORMAL PERIOD 1981 TO 2010
CLIMATE RECORD PERIOD 1902 TO 2015


WEATHER ITEM   OBSERVED TIME   RECORD YEAR NORMAL DEPARTURE LAST
                VALUE   (LST)  VALUE       VALUE  FROM      YEAR
                                                  NORMAL
..................................................................
TEMPERATURE (F)
 TODAY
  MAXIMUM         87    101 PM  92    1949  82      5       70
  MINIMUM         66    624 AM  44    1956  61      5       51
  AVERAGE         77                        71      6       61

PRECIPITATION (IN)
  TODAY            0.00          2.40 1970   0.09  -0.09     0.00
  MONTH TO DATE    0.36                      2.45  -2.09     2.19
  SINCE MAR 1      0.36                      2.45  -2.09     2.19
  SINCE JAN 1      3.55                      6.54  -2.99     5.63

DEGREE DAYS
 HEATING
  TODAY            0                         0      0        4
  MONTH TO DATE    0                        21    -21        7
  SINCE MAR 1      0                        21    -21        7
  SINCE JUL 1    231                       281    -50      176

 COOLING
  TODAY           12                         6      6        0
  MONTH TO DATE  288                       142    146      138
  SINCE MAR 1    288                       142    146      138
  SINCE JAN 1    436                       327    109      399
..................................................................


WIND (MPH)
  RESULTANT WIND SPEED   6   RESULTANT WIND DIRECTION   S (200)
  HIGHEST WIND SPEED    21   HIGHEST WIND DIRECTION    SW (210)
  HIGHEST GUST SPEED    29   HIGHEST GUST DIRECTION     S (190)
  AVERAGE WIND SPEED     6.4


SKY COVER
  POSSIBLE SUNSHINE  MM
  AVERAGE SKY COVER 0.2


WEATHER CONDITIONS
 THE FOLLOWING WEATHER WAS RECORDED TODAY.
  NO SIGNIFICANT WEATHER WAS OBSERVED.


RELATIVE HUMIDITY (PERCENT)
 HIGHEST    93           300 AM
 LOWEST     50          1200 PM

..........................................................


THE FORT MYERS CLIMATE NORMALS FOR TOMORROW
                         NORMAL    RECORD    YEAR
 MAXIMUM TEMPERATURE (F)   82        91      1989
                                             1950
 MINIMUM TEMPERATURE (F)   61        44      2013


SUNRISE AND SUNSET
MARCH 26 2015.........SUNRISE   725 AM EDT   SUNSET   742 PM EDT
MARCH 27 2015.........SUNRISE   724 AM EDT   SUNSET   742 PM EDT


-  INDICATES NEGATIVE NUMBERS.
R  INDICATES RECORD WAS SET OR TIED.
MM INDICATES DATA IS MISSING.
T  INDICATES TRACE AMOUNT.




$$


&&
------------------------------------------------------------------
******************** SUPPLEMENTAL DATA ***************************

...GULF WATER TEMPERATURE AT FORT MYERS BEACH 78
