000
CDUS42 KTBW 042219
CLIFMY


CLIMATE REPORT
NATIONAL WEATHER SERVICE TAMPA BAY FL
517 PM EST SUN DEC 4 2016


...................................

...THE FORT MYERS CLIMATE SUMMARY FOR DECEMBER 4 2016...
VALID TODAY AS OF 0500 PM LOCAL TIME.

CLIMATE NORMAL PERIOD 1981 TO 2010
CLIMATE RECORD PERIOD 1902 TO 2016


WEATHER ITEM   OBSERVED TIME   RECORD YEAR NORMAL DEPARTURE LAST
                VALUE   (LST)  VALUE       VALUE  FROM      YEAR
                                                  NORMAL
..................................................................
TEMPERATURE (F)
 TODAY
  MAXIMUM         87R   221 PM  87    1994  78      9       71
                                      1978
  MINIMUM         65    422 AM  36    1910  59      6       61
  AVERAGE         76                        68      8       66

PRECIPITATION (IN)
  TODAY            0.00          2.17 2009   0.05  -0.05     1.06
  MONTH TO DATE    T                         0.18  -0.18     2.95
  SINCE DEC 1      T                         0.18  -0.18     2.95
  SINCE JAN 1     63.62                     54.40   9.22    60.25

DEGREE DAYS
 HEATING
  TODAY            0                         1     -1        0
  MONTH TO DATE    0                         4     -4        0
  SINCE DEC 1      0                         4     -4        0
  SINCE JUL 1      5                        22    -17        0

 COOLING
  TODAY           11                         5      6        1
  MONTH TO DATE   39                        20     19       30
  SINCE DEC 1     39                        20     19       30
  SINCE JAN 1   4047                      3883    164     4356
..................................................................


WIND (MPH)
  RESULTANT WIND SPEED   9   RESULTANT WIND DIRECTION   E (110)
  HIGHEST WIND SPEED    18   HIGHEST WIND DIRECTION     E (110)
  HIGHEST GUST SPEED    23   HIGHEST GUST DIRECTION    SE (120)
  AVERAGE WIND SPEED     9.6


SKY COVER
  POSSIBLE SUNSHINE  MM
  AVERAGE SKY COVER 0.2


WEATHER CONDITIONS
 THE FOLLOWING WEATHER WAS RECORDED TODAY.
  NO SIGNIFICANT WEATHER WAS OBSERVED.


RELATIVE HUMIDITY (PERCENT)
 HIGHEST    93           400 AM
 LOWEST     55           100 PM

..........................................................


THE FORT MYERS CLIMATE NORMALS FOR TOMORROW
                         NORMAL    RECORD    YEAR
 MAXIMUM TEMPERATURE (F)   78        86      1942
                                             1941
 MINIMUM TEMPERATURE (F)   58        39      1963
                                             1957
                                             1907


SUNRISE AND SUNSET
DECEMBER  4 2016......SUNRISE   701 AM EST   SUNSET   535 PM EST
DECEMBER  5 2016......SUNRISE   702 AM EST   SUNSET   535 PM EST


-  INDICATES NEGATIVE NUMBERS.
R  INDICATES RECORD WAS SET OR TIED.
MM INDICATES DATA IS MISSING.
T  INDICATES TRACE AMOUNT.




$$


&&
------------------------------------------------------------------
******************** SUPPLEMENTAL DATA ***************************

...GULF WATER TEMPERATURE AT FORT MYERS BEACH 71 DEGREES
