000
CDUS42 KTBW 082215
CLIFMY


CLIMATE REPORT
NATIONAL WEATHER SERVICE TAMPA BAY FL
514 PM EST MON FEB 8 2016


...................................

...THE FORT MYERS CLIMATE SUMMARY FOR FEBRUARY 8 2016...
VALID TODAY AS OF 0500 PM LOCAL TIME.

CLIMATE NORMAL PERIOD 1981 TO 2010
CLIMATE RECORD PERIOD 1902 TO 2016


WEATHER ITEM   OBSERVED TIME   RECORD YEAR NORMAL DEPARTURE LAST
                VALUE   (LST)  VALUE       VALUE  FROM      YEAR
                                                  NORMAL
..................................................................
TEMPERATURE (F)
 TODAY
  MAXIMUM         65    122 PM  88    1949  77    -12       77
  MINIMUM         43    710 AM  33    1895  55    -12       51
  AVERAGE         54                        66    -12       64

PRECIPITATION (IN)
  TODAY            0.00          1.84 1941   0.07  -0.07     0.00
  MONTH TO DATE    1.08                      0.55   0.53     0.70
  SINCE DEC 1     17.66                      4.20  13.46     1.32
  SINCE JAN 1     14.06                      2.49  11.57     1.27

DEGREE DAYS
 HEATING
  TODAY           11                         2      9        1
  MONTH TO DATE   33                        22     11        9
  SINCE DEC 1    140                       205    -65      112
  SINCE JUL 1    140                       223    -83      153

 COOLING
  TODAY            0                         3     -3        0
  MONTH TO DATE   37                        24     13        4
  SINCE DEC 1    359                       228    131      242
  SINCE JAN 1     81                       107    -26      104
..................................................................


WIND (MPH)
  RESULTANT WIND SPEED   3   RESULTANT WIND DIRECTION  SW (240)
  HIGHEST WIND SPEED    15   HIGHEST WIND DIRECTION    SW (230)
  HIGHEST GUST SPEED    20   HIGHEST GUST DIRECTION    SW (220)
  AVERAGE WIND SPEED     4.9


SKY COVER
  POSSIBLE SUNSHINE  MM
  AVERAGE SKY COVER 0.1


WEATHER CONDITIONS
 THE FOLLOWING WEATHER WAS RECORDED TODAY.
  NO SIGNIFICANT WEATHER WAS OBSERVED.


RELATIVE HUMIDITY (PERCENT)
 HIGHEST    96           700 AM
 LOWEST     48          1100 AM

..........................................................


THE FORT MYERS CLIMATE NORMALS FOR TOMORROW
                         NORMAL    RECORD    YEAR
 MAXIMUM TEMPERATURE (F)   77        88      1949
 MINIMUM TEMPERATURE (F)   55        30      1895


SUNRISE AND SUNSET
FEBRUARY  8 2016......SUNRISE   709 AM EST   SUNSET   615 PM EST
FEBRUARY  9 2016......SUNRISE   708 AM EST   SUNSET   616 PM EST


-  INDICATES NEGATIVE NUMBERS.
R  INDICATES RECORD WAS SET OR TIED.
MM INDICATES DATA IS MISSING.
T  INDICATES TRACE AMOUNT.




$$


&&
------------------------------------------------------------------
******************** SUPPLEMENTAL DATA ***************************

...GULF WATER TEMPERATURE AT FORT MYERS BEACH 63 DEGREES
