000
CDUS42 KTBW 250828
CLIFMY


CLIMATE REPORT
NATIONAL WEATHER SERVICE TAMPA BAY FL
426 AM EDT SAT OCT 25 2014


...................................

...THE FORT MYERS CLIMATE SUMMARY FOR OCTOBER 24 2014...

CLIMATE NORMAL PERIOD 1981 TO 2010
CLIMATE RECORD PERIOD 1902 TO 2014


WEATHER ITEM   OBSERVED TIME   RECORD YEAR NORMAL DEPARTURE LAST
                VALUE   (LST)  VALUE       VALUE  FROM      YEAR
                                                  NORMAL
..................................................................
TEMPERATURE (F)
 YESTERDAY
  MAXIMUM         85    259 PM  93    1919  85      0       76
  MINIMUM         63    701 AM  50    1937  67     -4       65
  AVERAGE         74                        76     -2       71

PRECIPITATION (IN)
  YESTERDAY        0.00          4.69 2005   0.08  -0.08     0.00
  MONTH TO DATE    1.24                      2.38  -1.14     1.34
  SINCE SEP 1      8.48                     10.69  -2.21    12.26
  SINCE JAN 1     37.72                     51.76 -14.04    51.86

DEGREE DAYS
 HEATING
  YESTERDAY        0                         0      0        0
  MONTH TO DATE    0                         0      0        0
  SINCE SEP 1      0                         0      0        0
  SINCE JUL 1      0                         0      0        0

 COOLING
  YESTERDAY        9                        11     -2        6
  MONTH TO DATE  315                       328    -13      351
  SINCE SEP 1    815                       850    -35      838
  SINCE JAN 1   3726                      3574    152     3556
..................................................................


WIND (MPH)
  RESULTANT WIND SPEED  10   RESULTANT WIND DIRECTION  NE (50)
  HIGHEST WIND SPEED    18   HIGHEST WIND DIRECTION    NE (50)
  HIGHEST GUST SPEED    22   HIGHEST GUST DIRECTION    NE (30)
  AVERAGE WIND SPEED    10.2


SKY COVER
  POSSIBLE SUNSHINE  MM
  AVERAGE SKY COVER 0.2


WEATHER CONDITIONS
 THE FOLLOWING WEATHER WAS RECORDED YESTERDAY.
  NO SIGNIFICANT WEATHER WAS OBSERVED.


RELATIVE HUMIDITY (PERCENT)
 HIGHEST    90           700 AM
 LOWEST     47           400 PM

..........................................................


THE FORT MYERS CLIMATE NORMALS FOR TODAY
                         NORMAL    RECORD    YEAR
 MAXIMUM TEMPERATURE (F)   85        91      2010
                                             1919
 MINIMUM TEMPERATURE (F)   67        50      2006


SUNRISE AND SUNSET
OCTOBER 25 2014.......SUNRISE   732 AM EDT   SUNSET   650 PM EDT
OCTOBER 26 2014.......SUNRISE   733 AM EDT   SUNSET   649 PM EDT


-  INDICATES NEGATIVE NUMBERS.
R  INDICATES RECORD WAS SET OR TIED.
MM INDICATES DATA IS MISSING.
T  INDICATES TRACE AMOUNT.




$$


&&
------------------------------------------------------------------
******************** SUPPLEMENTAL DATA ***************************

...GULF WATER TEMPERATURE AT FORT MYERS BEACH 78
