000
CDUS42 KTBW 012117
CLIFMY


CLIMATE REPORT
NATIONAL WEATHER SERVICE TAMPA BAY FL
513 PM EDT WED JUL 1 2015


...................................

...THE FORT MYERS CLIMATE SUMMARY FOR JULY 1 2015...
VALID TODAY AS OF 0500 PM LOCAL TIME.

CLIMATE NORMAL PERIOD 1981 TO 2010
CLIMATE RECORD PERIOD 1902 TO 2015


WEATHER ITEM   OBSERVED TIME   RECORD YEAR NORMAL DEPARTURE LAST
                VALUE   (LST)  VALUE       VALUE  FROM      YEAR
                                                  NORMAL
..................................................................
TEMPERATURE (F)
 TODAY
  MAXIMUM         96R   145 PM  96    1987  92      4       94
  MINIMUM         77    622 AM  67    1989  74      3       78
                                      1923
  AVERAGE         87                        83      4       86

PRECIPITATION (IN)
  TODAY            0.00          3.67 1917   0.33  -0.33     0.00
  MONTH TO DATE    0.00                      0.33  -0.33     0.00
  SINCE JUN 1      8.60                     10.42  -1.82     2.48
  SINCE JAN 1     17.45                     22.22  -4.77    13.82

DEGREE DAYS
 HEATING
  TODAY            0                         0      0        0
  MONTH TO DATE    0                         0      0        0
  SINCE JUN 1      0                         0      0        0
  SINCE JUL 1      0                         0      0        0

 COOLING
  TODAY           22                        18      4       21
  MONTH TO DATE   22                        18      4       21
  SINCE JUN 1    560                       543     17      551
  SINCE JAN 1   1914                      1609    305     1742
..................................................................


WIND (MPH)
  RESULTANT WIND SPEED   3   RESULTANT WIND DIRECTION  SE (140)
  HIGHEST WIND SPEED    14   HIGHEST WIND DIRECTION     W (280)
  HIGHEST GUST SPEED    17   HIGHEST GUST DIRECTION     W (260)
  AVERAGE WIND SPEED     5.3


SKY COVER
  POSSIBLE SUNSHINE  MM
  AVERAGE SKY COVER 0.1


WEATHER CONDITIONS
 THE FOLLOWING WEATHER WAS RECORDED TODAY.
  THUNDERSTORM
  HAZE


RELATIVE HUMIDITY (PERCENT)
 HIGHEST    82           600 AM
 LOWEST     41           100 PM

..........................................................


THE FORT MYERS CLIMATE NORMALS FOR TOMORROW
                         NORMAL    RECORD    YEAR
 MAXIMUM TEMPERATURE (F)   92        97      1998
 MINIMUM TEMPERATURE (F)   74        68      1931
                                             1924


SUNRISE AND SUNSET
JULY  1 2015..........SUNRISE   638 AM EDT   SUNSET   825 PM EDT
JULY  2 2015..........SUNRISE   638 AM EDT   SUNSET   825 PM EDT


-  INDICATES NEGATIVE NUMBERS.
R  INDICATES RECORD WAS SET OR TIED.
MM INDICATES DATA IS MISSING.
T  INDICATES TRACE AMOUNT.




$$


&&
------------------------------------------------------------------
******************** SUPPLEMENTAL DATA ***************************

...GULF WATER TEMPERATURE AT FORT MYERS BEACH 91
