000
CDUS42 KTBW 282117
CLIFMY


CLIMATE REPORT
NATIONAL WEATHER SERVICE TAMPA BAY FL
512 PM EDT WED JUN 28 2017


...................................

...THE FORT MYERS CLIMATE SUMMARY FOR JUNE 28 2017...
VALID TODAY AS OF 0500 PM LOCAL TIME.

CLIMATE NORMAL PERIOD 1981 TO 2010
CLIMATE RECORD PERIOD 1902 TO 2017


WEATHER ITEM   OBSERVED TIME   RECORD YEAR NORMAL DEPARTURE LAST
                VALUE   (LST)  VALUE       VALUE  FROM      YEAR
                                                  NORMAL
..................................................................
TEMPERATURE (F)
 TODAY
  MAXIMUM         93    345 PM  98    1980  92      1       90
  MINIMUM         75    554 AM  67    1950  74      1       74
  AVERAGE         84                        83      1       82

PRECIPITATION (IN)
  TODAY            0.00          3.74 1992   0.37  -0.37     0.53
  MONTH TO DATE   11.53                      9.35   2.18    12.03
  SINCE JUN 1     11.53                      9.35   2.18    12.03
  SINCE JAN 1     17.71                     21.15  -3.44    32.90

DEGREE DAYS
 HEATING
  TODAY            0                         0      0        0
  MONTH TO DATE    0                         0      0        0
  SINCE JUN 1      0                         0      0        0
  SINCE JUL 1     76                       287   -211      204

 COOLING
  TODAY           19                        18      1       17
  MONTH TO DATE  457                       492    -35      507
  SINCE JUN 1    457                       492    -35      507
  SINCE JAN 1   1739                      1558    181     1605
..................................................................


WIND (MPH)
  RESULTANT WIND SPEED   1   RESULTANT WIND DIRECTION   N (340)
  HIGHEST WIND SPEED    16   HIGHEST WIND DIRECTION    NW (300)
  HIGHEST GUST SPEED    20   HIGHEST GUST DIRECTION    NW (300)
  AVERAGE WIND SPEED     3.3


SKY COVER
  POSSIBLE SUNSHINE  MM
  AVERAGE SKY COVER 0.2


WEATHER CONDITIONS
 THE FOLLOWING WEATHER WAS RECORDED TODAY.
  THUNDERSTORM


RELATIVE HUMIDITY (PERCENT)
 HIGHEST   100          1200 AM
 LOWEST     52           100 PM

..........................................................


THE FORT MYERS CLIMATE NORMALS FOR TOMORROW
                         NORMAL    RECORD    YEAR
 MAXIMUM TEMPERATURE (F)   92        97      2014
 MINIMUM TEMPERATURE (F)   74        68      1947
                                             1917
                                             1914


SUNRISE AND SUNSET
JUNE 28 2017..........SUNRISE   637 AM EDT   SUNSET   825 PM EDT
JUNE 29 2017..........SUNRISE   637 AM EDT   SUNSET   825 PM EDT


-  INDICATES NEGATIVE NUMBERS.
R  INDICATES RECORD WAS SET OR TIED.
MM INDICATES DATA IS MISSING.
T  INDICATES TRACE AMOUNT.




$$


&&
------------------------------------------------------------------
******************** SUPPLEMENTAL DATA ***************************

...GULF WATER TEMPERATURE AT FORT MYERS BEACH 88 DEGREES
