000
CDUS43 KDTX 280556
CLIFNT


CLIMATE REPORT
NATIONAL WEATHER SERVICE DETROIT/PONTIAC MI
156 AM EDT WED JUN 28 2017


...................................

...THE FLINT MI CLIMATE SUMMARY FOR JUNE 27 2017...

CLIMATE NORMAL PERIOD 1981 TO 2010
CLIMATE RECORD PERIOD 1921 TO 2017


WEATHER ITEM   OBSERVED TIME   RECORD YEAR NORMAL DEPARTURE LAST
                VALUE   (LST)  VALUE       VALUE  FROM      YEAR
                                                  NORMAL
..................................................................
TEMPERATURE (F)
 YESTERDAY
  MAXIMUM         74    255 PM 100    1933  81     -7       95
  MINIMUM         51    255 AM  44    1988  58     -7       69
  AVERAGE         63                        70     -7       82

PRECIPITATION (IN)
  YESTERDAY        T             1.22 1935   0.10  -0.10     0.00
  MONTH TO DATE    2.64                      2.78  -0.14     0.67
  SINCE JUN 1      2.64                      2.78  -0.14     0.67
  SINCE JAN 1     19.07                     13.77   5.30    12.90

SNOWFALL (IN)
  YESTERDAY        0.0           0.0    MM   0.0    0.0      0.0
  MONTH TO DATE    0.0                       0.0    0.0      0.0
  SINCE JUN 1      0.0                       0.0    0.0      0.0
  SINCE JUL 1     39.4                      47.4   -8.0     69.0
  SNOW DEPTH      MM

DEGREE DAYS
 HEATING
  YESTERDAY        2                         1      1        0
  MONTH TO DATE   36                        63    -27       22
  SINCE JUN 1     36                        63    -27       22
  SINCE JUL 1   5824                      6950  -1126     5378

 COOLING
  YESTERDAY        0                         5     -5       17
  MONTH TO DATE  125                        94     31      175
  SINCE JUN 1    125                        94     31      175
  SINCE JAN 1    150                       126     24      254
..................................................................


WIND (MPH)
  HIGHEST WIND SPEED    21   HIGHEST WIND DIRECTION     W (270)
  HIGHEST GUST SPEED    26   HIGHEST GUST DIRECTION     W (290)
  AVERAGE WIND SPEED    10.5


SKY COVER
  POSSIBLE SUNSHINE  MM
  AVERAGE SKY COVER 0.4


WEATHER CONDITIONS
 THE FOLLOWING WEATHER WAS RECORDED YESTERDAY.
  LIGHT RAIN


RELATIVE HUMIDITY (PERCENT)
 HIGHEST    89           400 AM
 LOWEST     38           300 PM
 AVERAGE    64

..........................................................


THE FLINT MI CLIMATE NORMALS FOR TODAY
                         NORMAL    RECORD    YEAR
 MAXIMUM TEMPERATURE (F)   81       100      2012
                                             1934
 MINIMUM TEMPERATURE (F)   58        46      1992
                                             1930


SUNRISE AND SUNSET
JUNE 28 2017..........SUNRISE   558 AM EDT   SUNSET   918 PM EDT
JUNE 29 2017..........SUNRISE   559 AM EDT   SUNSET   918 PM EDT


-  INDICATES NEGATIVE NUMBERS.
R  INDICATES RECORD WAS SET OR TIED.
MM INDICATES DATA IS MISSING.
T  INDICATES TRACE AMOUNT.




$$
