000
CDUS43 KFSD 220657
CLIFSD


CLIMATE REPORT
NATIONAL WEATHER SERVICE SIOUX FALLS SD
1256 AM CST MON JAN 22 2018


...................................

...THE SIOUX FALLS SD CLIMATE SUMMARY FOR JANUARY 21 2018...

CLIMATE NORMAL PERIOD 1981 TO 2010
CLIMATE RECORD PERIOD 1893 TO 2018


WEATHER ITEM   OBSERVED TIME   RECORD YEAR NORMAL DEPARTURE LAST
                VALUE   (LST)  VALUE       VALUE  FROM      YEAR
                                                  NORMAL
..................................................................
TEMPERATURE (F)
 YESTERDAY
  MAXIMUM         42    201 PM  53    1900  27     15       37
  MINIMUM         27    512 AM -31    1970   7     20       31
  AVERAGE         35                        17     18       34

PRECIPITATION (IN)
  YESTERDAY        0.02          0.50 1917   0.02   0.00     0.03
  MONTH TO DATE    0.10                      0.38  -0.28     0.17
  SINCE DEC 1      0.78                      1.07  -0.29     2.09
  SINCE JAN 1      0.10                      0.38  -0.28     0.17

SNOWFALL (IN)
  YESTERDAY        0.2           5.0  1917   0.2    0.0      0.0
  MONTH TO DATE    1.8                       5.1   -3.3      2.1
  SINCE DEC 1     12.2                      13.3   -1.1     13.0
  SINCE JUL 1     12.4                      22.0   -9.6     19.0
  SNOW DEPTH       T

DEGREE DAYS
 HEATING
  YESTERDAY       30                        48    -18       31
  MONTH TO DATE 1060                      1026     34      995
  SINCE DEC 1   2412                      2447    -35     2384
  SINCE JUL 1   3821                      4159   -338     3519

 COOLING
  YESTERDAY        0                         0      0        0
  MONTH TO DATE    0                         0      0        0
  SINCE DEC 1      0                         0      0        0
  SINCE JAN 1      0                         0      0        0
..................................................................


WIND (MPH)
  HIGHEST WIND SPEED    26   HIGHEST WIND DIRECTION    NE (30)
  HIGHEST GUST SPEED    40   HIGHEST GUST DIRECTION     E (70)
  AVERAGE WIND SPEED    14.2


SKY COVER
  POSSIBLE SUNSHINE  MM
  AVERAGE SKY COVER 0.9


WEATHER CONDITIONS
 THE FOLLOWING WEATHER WAS RECORDED YESTERDAY.
  LIGHT SNOW
  FOG


RELATIVE HUMIDITY (PERCENT)
 HIGHEST   100           500 AM
 LOWEST     70           300 PM
 AVERAGE    85

..........................................................


THE SIOUX FALLS SD CLIMATE NORMALS FOR TODAY
                         NORMAL    RECORD    YEAR
 MAXIMUM TEMPERATURE (F)   27        58      1900
 MINIMUM TEMPERATURE (F)    7       -28      1966


SUNRISE AND SUNSET
JANUARY 22 2018.......SUNRISE   753 AM CST   SUNSET   525 PM CST
JANUARY 23 2018.......SUNRISE   752 AM CST   SUNSET   526 PM CST


-  INDICATES NEGATIVE NUMBERS.
R  INDICATES RECORD WAS SET OR TIED.
MM INDICATES DATA IS MISSING.
T  INDICATES TRACE AMOUNT.




$$
