000
CDUS43 KFSD 010643
CLIFSD


CLIMATE REPORT
NATIONAL WEATHER SERVICE SIOUX FALLS SD
143 AM CDT WED OCT 1 2014


...................................

...THE SIOUX FALLS SD CLIMATE SUMMARY FOR SEPTEMBER 30 2014...

CLIMATE NORMAL PERIOD 1981 TO 2010
CLIMATE RECORD PERIOD 1893 TO 2014


WEATHER ITEM   OBSERVED TIME   RECORD YEAR NORMAL DEPARTURE LAST
                VALUE   (LST)  VALUE       VALUE  FROM      YEAR
                                                  NORMAL
..................................................................
TEMPERATURE (F)
 YESTERDAY
  MAXIMUM         67    607 PM  90    1976  67      0       83
                                      1952
  MINIMUM         52    634 AM  20    1895  42     10       57
  AVERAGE         60                        55      5       70

PRECIPITATION (IN)
  YESTERDAY        0.17          2.71 1977   0.08   0.09     0.00
  MONTH TO DATE    2.28                      2.77  -0.49     0.77
  SINCE SEP 1      2.28                      2.77  -0.49     0.77
  SINCE JAN 1     26.71                     22.16   4.55    21.19

SNOWFALL (IN)
  YESTERDAY        0.0           T    1985   0.0    0.0      0.0
                                      1961
                                      1947
  MONTH TO DATE    0.0                       T      0.0      0.0
  SINCE SEP 1      0.0                       T      0.0      0.0
  SINCE JUL 1      T                         T      0.0      0.0
  SNOW DEPTH       0

DEGREE DAYS
 HEATING
  YESTERDAY        5                        11     -6        0
  MONTH TO DATE  130                       173    -43       66
  SINCE SEP 1    130                       173    -43       66
  SINCE JUL 1    148                       204    -56      100

 COOLING
  YESTERDAY        0                         0      0        5
  MONTH TO DATE   59                        60     -1      130
  SINCE SEP 1     59                        60     -1      130
  SINCE JAN 1    610                       685    -75      784
..................................................................


WIND (MPH)
  HIGHEST WIND SPEED    29   HIGHEST WIND DIRECTION     S (170)
  HIGHEST GUST SPEED    41   HIGHEST GUST DIRECTION     S (160)
  AVERAGE WIND SPEED    16.3


SKY COVER
  POSSIBLE SUNSHINE  MM
  AVERAGE SKY COVER 0.9


WEATHER CONDITIONS
 THE FOLLOWING WEATHER WAS RECORDED YESTERDAY.
  RAIN
  LIGHT RAIN
  FOG


RELATIVE HUMIDITY (PERCENT)
 HIGHEST    93           800 AM
 LOWEST     80           900 AM
 AVERAGE    87

..........................................................


THE SIOUX FALLS SD CLIMATE NORMALS FOR TODAY
                         NORMAL    RECORD    YEAR
 MAXIMUM TEMPERATURE (F)   67        91      1963
 MINIMUM TEMPERATURE (F)   42        23      1974


SUNRISE AND SUNSET
OCTOBER  1 2014.......SUNRISE   724 AM CDT   SUNSET   708 PM CDT
OCTOBER  2 2014.......SUNRISE   726 AM CDT   SUNSET   706 PM CDT


-  INDICATES NEGATIVE NUMBERS.
R  INDICATES RECORD WAS SET OR TIED.
MM INDICATES DATA IS MISSING.
T  INDICATES TRACE AMOUNT.




$$
