000
CDUS43 KFSD 290640
CLIFSD


CLIMATE REPORT
NATIONAL WEATHER SERVICE SIOUX FALLS SD
1238 AM CST MON DEC 29 2014


...................................

...THE SIOUX FALLS SD CLIMATE SUMMARY FOR DECEMBER 28 2014...

CLIMATE NORMAL PERIOD 1981 TO 2010
CLIMATE RECORD PERIOD 1893 TO 2014


WEATHER ITEM   OBSERVED TIME   RECORD YEAR NORMAL DEPARTURE LAST
                VALUE   (LST)  VALUE       VALUE  FROM      YEAR
                                                  NORMAL
..................................................................
TEMPERATURE (F)
 YESTERDAY
  MAXIMUM         21    536 PM  57    2002  26     -5       44
  MINIMUM         -5    738 AM -23    1924   7    -12        4
  AVERAGE          8                        17     -9       24

PRECIPITATION (IN)
  YESTERDAY        0.02          0.34 1972   0.02   0.00      T
  MONTH TO DATE    1.33                      0.64   0.69     1.02
  SINCE DEC 1      1.33                      0.64   0.69     1.02
  SINCE JAN 1     29.27                     26.33   2.94    25.68

SNOWFALL (IN)
  YESTERDAY        0.2           4.5  1982   0.2    0.0       T
  MONTH TO DATE    5.8                       7.5   -1.7     11.3
  SINCE DEC 1      5.8                       7.5   -1.7     11.3
  SINCE JUL 1     14.1                      16.2   -2.1     19.2
  SNOW DEPTH       3

DEGREE DAYS
 HEATING
  YESTERDAY       57                        48      9       41
  MONTH TO DATE 1052                      1275   -223     1459
  SINCE DEC 1   1052                      1275   -223     1459
  SINCE JUL 1   2808                      2987   -179     3080

 COOLING
  YESTERDAY        0                         0      0        0
  MONTH TO DATE    0                         0      0        0
  SINCE DEC 1      0                         0      0        0
  SINCE JAN 1    610                       690    -80      787
..................................................................


WIND (MPH)
  HIGHEST WIND SPEED    17   HIGHEST WIND DIRECTION     E (70)
  HIGHEST GUST SPEED    20   HIGHEST GUST DIRECTION    NE (60)
  AVERAGE WIND SPEED     5.9


SKY COVER
  POSSIBLE SUNSHINE  MM
  AVERAGE SKY COVER 0.5


WEATHER CONDITIONS
 THE FOLLOWING WEATHER WAS RECORDED YESTERDAY.
  LIGHT SNOW
  FOG


RELATIVE HUMIDITY (PERCENT)
 HIGHEST   100           100 AM
 LOWEST     77           900 PM
 AVERAGE    89

..........................................................


THE SIOUX FALLS SD CLIMATE NORMALS FOR TODAY
                         NORMAL    RECORD    YEAR
 MAXIMUM TEMPERATURE (F)   26        56      1999
 MINIMUM TEMPERATURE (F)    7       -31      1917


SUNRISE AND SUNSET
DECEMBER 29 2014......SUNRISE   800 AM CST   SUNSET   458 PM CST
DECEMBER 30 2014......SUNRISE   800 AM CST   SUNSET   459 PM CST


-  INDICATES NEGATIVE NUMBERS.
R  INDICATES RECORD WAS SET OR TIED.
MM INDICATES DATA IS MISSING.
T  INDICATES TRACE AMOUNT.




$$
