000
CDUS44 KTSA 030804
CLIFSM

CLIMATE REPORT
NATIONAL WEATHER SERVICE TULSA OK
147 AM CDT WED JUN 3 2015


...................................

...THE FORT SMITH ARKANSAS CLIMATE SUMMARY FOR JUNE 2 2015...

CLIMATE NORMAL PERIOD 1981 TO 2010
CLIMATE RECORD PERIOD 1882 TO 2015


WEATHER ITEM   OBSERVED TIME   RECORD YEAR NORMAL DEPARTURE LAST
                VALUE   (LST)  VALUE       VALUE  FROM      YEAR
                                                  NORMAL
..................................................................
TEMPERATURE (F)
 YESTERDAY
  MAXIMUM         84    404 PM  99    1911  85     -1       86
  MINIMUM         65    526 AM  49    1964  64      1       71
  AVERAGE         75                        74      1       79

PRECIPITATION (IN)
  YESTERDAY        0.00          2.60 1979   0.16  -0.16     0.02
  MONTH TO DATE    0.00                      0.32  -0.32     0.02
  SINCE JUN 1      0.00                      0.32  -0.32     0.02
  SINCE JAN 1     33.25                     19.51  13.74    14.76

DEGREE DAYS
 COOLING
  YESTERDAY       10                        10      0       14
  MONTH TO DATE   18                        19     -1       28
  SINCE JUN 1     18                        19     -1       28
  SINCE JAN 1    258                       263     -5      306
..................................................................


WIND (MPH)
  HIGHEST WIND SPEED    12   HIGHEST WIND DIRECTION     E (80)
  HIGHEST GUST SPEED    16   HIGHEST GUST DIRECTION     E (80)
  AVERAGE WIND SPEED     6.4


SKY COVER
  POSSIBLE SUNSHINE  MM
  AVERAGE SKY COVER 0.4


WEATHER CONDITIONS
 THE FOLLOWING WEATHER WAS RECORDED YESTERDAY.
  NO SIGNIFICANT WEATHER WAS OBSERVED.


RELATIVE HUMIDITY (PERCENT)
 HIGHEST    93           300 AM
 LOWEST     55           400 PM
 AVERAGE    74

..........................................................


THE FORT SMITH ARKANSAS CLIMATE NORMALS FOR TODAY
                         NORMAL    RECORD    YEAR
 MAXIMUM TEMPERATURE (F)   85        98      1911
 MINIMUM TEMPERATURE (F)   64        47      1964


SUNRISE AND SUNSET
JUNE  3 2015..........SUNRISE   603 AM CDT   SUNSET   828 PM CDT
JUNE  4 2015..........SUNRISE   603 AM CDT   SUNSET   829 PM CDT


-  INDICATES NEGATIVE NUMBERS.
R  INDICATES RECORD WAS SET OR TIED.
MM INDICATES DATA IS MISSING.
T  INDICATES TRACE AMOUNT.




$$

&&
...........................................................

THE ARKANSAS RIVER AT VAN BUREN

                   OBSERVED      24 HOUR     24 HOUR
                    VALUE        CHANGE      FORECAST

 STAGE (FEET)
  THIS MORNING       31.8         -1.7

MEAN FLOW (CFS)
  TODAY                                        -99
...........................................................
ALL DATA MEASURED AT THE FORT SMITH REGIONAL AIRPORT
