000
CDUS44 KTSA 250941
CLIFSM

CLIMATE REPORT
NATIONAL WEATHER SERVICE TULSA OK
147 AM CDT SUN SEP 25 2016


...................................

...THE FORT SMITH ARKANSAS CLIMATE SUMMARY FOR SEPTEMBER 24 2016...

CLIMATE NORMAL PERIOD 1981 TO 2010
CLIMATE RECORD PERIOD 1882 TO 2016


WEATHER ITEM   OBSERVED TIME   RECORD YEAR NORMAL DEPARTURE LAST
                VALUE   (LST)  VALUE       VALUE  FROM      YEAR
                                                  NORMAL
..................................................................
TEMPERATURE (F)
 YESTERDAY
  MAXIMUM         94    135 PM  97    1920  82     12       84
  MINIMUM         71    444 AM  36    1989  59     12       63
  AVERAGE         83                        70     13       74

PRECIPITATION (IN)
  YESTERDAY        0.00          3.18 1937   0.15  -0.15     0.00
  MONTH TO DATE    1.79                      3.20  -1.41     2.57
  SINCE SEP 1      1.79                      3.20  -1.41     2.57
  SINCE JAN 1     28.44                     32.56  -4.12    52.17

DEGREE DAYS
 HEATING
  YESTERDAY        0                         1     -1        0
  MONTH TO DATE    0                         7     -7        0
  SINCE SEP 1      0                         7     -7        0
  SINCE JUL 1      0                         7     -7        0

 COOLING
  YESTERDAY       18                         7     11        9
  MONTH TO DATE  348                       248    100      299
  SINCE SEP 1    348                       248    100      299
  SINCE JAN 1   2199                      1943    256     2114
..................................................................


WIND (MPH)
  HIGHEST WIND SPEED    14   HIGHEST WIND DIRECTION    SE (150)
  HIGHEST GUST SPEED    20   HIGHEST GUST DIRECTION    SE (140)
  AVERAGE WIND SPEED     6.5


SKY COVER
  POSSIBLE SUNSHINE  MM
  AVERAGE SKY COVER 0.2


WEATHER CONDITIONS
 THE FOLLOWING WEATHER WAS RECORDED YESTERDAY.
  NO SIGNIFICANT WEATHER WAS OBSERVED.


RELATIVE HUMIDITY (PERCENT)
 HIGHEST    90           500 AM
 LOWEST     38           300 PM
 AVERAGE    64

..........................................................


THE FORT SMITH ARKANSAS CLIMATE NORMALS FOR TODAY
                         NORMAL    RECORD    YEAR
 MAXIMUM TEMPERATURE (F)   82        97      2012
                                             1939
 MINIMUM TEMPERATURE (F)   58        38      1989


SUNRISE AND SUNSET
SEPTEMBER 25 2016.....SUNRISE   708 AM CDT   SUNSET   709 PM CDT
SEPTEMBER 26 2016.....SUNRISE   709 AM CDT   SUNSET   708 PM CDT


-  INDICATES NEGATIVE NUMBERS.
R  INDICATES RECORD WAS SET OR TIED.
MM INDICATES DATA IS MISSING.
T  INDICATES TRACE AMOUNT.




$$

&&
...........................................................

THE ARKANSAS RIVER AT VAN BUREN

                   OBSERVED      24 HOUR     24 HOUR
                    VALUE        CHANGE      FORECAST

 STAGE (FEET)
  THIS MORNING       19.6         -0.3

MEAN FLOW (CFS)
  TODAY                                        -99
...........................................................
ALL DATA MEASURED AT THE FORT SMITH REGIONAL AIRPORT
