000
CDUS44 KTSA 210902
CLIFSM

CLIMATE REPORT
NATIONAL WEATHER SERVICE TULSA OK
302 AM CST SUN DEC 21 2014


...................................

...THE FORT SMITH ARKANSAS CLIMATE SUMMARY FOR DECEMBER 20 2014...

CLIMATE NORMAL PERIOD 1981 TO 2010
CLIMATE RECORD PERIOD 1882 TO 2014


WEATHER ITEM   OBSERVED TIME   RECORD YEAR NORMAL DEPARTURE LAST
                VALUE   (LST)  VALUE       VALUE  FROM      YEAR
                                                  NORMAL
..................................................................
TEMPERATURE (F)
 YESTERDAY
  MAXIMUM         47    404 PM  71    1967  50     -3       69
                                      1949
  MINIMUM         41    820 AM   8    1901  30     11       36
  AVERAGE         44                        40      4       53

PRECIPITATION (IN)
  YESTERDAY        0.00          1.40 1926   0.09  -0.09     0.58
  MONTH TO DATE    2.15                      2.25  -0.10     2.52
  SINCE DEC 1      2.15                      2.25  -0.10     2.52
  SINCE JAN 1     41.98                     44.42  -2.44    45.47

SNOWFALL (IN)
  YESTERDAY        0.0                                       0.0
  MONTH TO DATE    T                                         5.0
  SINCE DEC 1      T                                         5.0
  SINCE JUL 1      T                                         5.0

DEGREE DAYS
 HEATING
  YESTERDAY       21                        25     -4       12
  MONTH TO DATE  399                       454    -55      491
  SINCE DEC 1    399                       454    -55      491
  SINCE JUL 1   1018                      1019     -1     1081
..................................................................


WIND (MPH)
  HIGHEST WIND SPEED     8   HIGHEST WIND DIRECTION    NE (60)
  HIGHEST GUST SPEED    14   HIGHEST GUST DIRECTION    NE (40)
  AVERAGE WIND SPEED     3.4


SKY COVER
  POSSIBLE SUNSHINE  MM
  AVERAGE SKY COVER 1.0


WEATHER CONDITIONS
 THE FOLLOWING WEATHER WAS RECORDED YESTERDAY.
  FOG
  HAZE


RELATIVE HUMIDITY (PERCENT)
 HIGHEST    93           800 AM
 LOWEST     76           100 PM
 AVERAGE    85

..........................................................


THE FORT SMITH ARKANSAS CLIMATE NORMALS FOR TODAY
                         NORMAL    RECORD    YEAR
 MAXIMUM TEMPERATURE (F)   50        76      1889
 MINIMUM TEMPERATURE (F)   30         4      1989


SUNRISE AND SUNSET
DECEMBER 21 2014......SUNRISE   722 AM CST   SUNSET   509 PM CST
DECEMBER 22 2014......SUNRISE   723 AM CST   SUNSET   509 PM CST


-  INDICATES NEGATIVE NUMBERS.
R  INDICATES RECORD WAS SET OR TIED.
MM INDICATES DATA IS MISSING.
T  INDICATES TRACE AMOUNT.




$$

&&
...........................................................

THE ARKANSAS RIVER AT VAN BUREN

                   OBSERVED      24 HOUR     24 HOUR
                    VALUE        CHANGE      FORECAST

 STAGE (FEET)
  THIS MORNING       19.3         -0.6

MEAN FLOW (CFS)
  TODAY                                        7900
...........................................................
ALL DATA MEASURED AT THE FORT SMITH REGIONAL AIRPORT
