000
CDUS44 KTSA 040807
CLIFSM

CLIMATE REPORT
NATIONAL WEATHER SERVICE TULSA OK
305 AM CDT TUE AUG 4 2015

...................................

...THE FORT SMITH ARKANSAS CLIMATE SUMMARY FOR AUGUST 3 2015...

CLIMATE NORMAL PERIOD 1981 TO 2010
CLIMATE RECORD PERIOD 1882 TO 2015


WEATHER ITEM   OBSERVED TIME   RECORD YEAR NORMAL DEPARTURE LAST
                VALUE   (LST)  VALUE       VALUE  FROM      YEAR
                                                  NORMAL
..................................................................
TEMPERATURE (F)
 YESTERDAY
  MAXIMUM         96   1246 PM 115    2011  94      2       90
  MINIMUM         72    548 AM  55    1976  72      0       69
  AVERAGE         84                        83      1       80

PRECIPITATION (IN)
  YESTERDAY        0.00          1.58 1933   0.09  -0.09     0.00
  MONTH TO DATE    0.00                      0.27  -0.27     0.00
  SINCE JUN 1     11.92                      7.85   4.07     7.13
  SINCE JAN 1     45.17                     27.04  18.13    21.87

DEGREE DAYS
 COOLING
  YESTERDAY       19                        18      1       15
  MONTH TO DATE   57                        54      3       38
  SINCE JUN 1   1154                       975    179      895
  SINCE JAN 1   1394                      1219    175     1173
..................................................................


WIND (MPH)
  HIGHEST WIND SPEED     9   HIGHEST WIND DIRECTION    NE (30)
  HIGHEST GUST SPEED    12   HIGHEST GUST DIRECTION     N (10)
  AVERAGE WIND SPEED     4.0


SKY COVER
  POSSIBLE SUNSHINE  MM
  AVERAGE SKY COVER 0.1


WEATHER CONDITIONS
 THE FOLLOWING WEATHER WAS RECORDED YESTERDAY.
  NO SIGNIFICANT WEATHER WAS OBSERVED.


RELATIVE HUMIDITY (PERCENT)
 HIGHEST    84           300 AM
 LOWEST     31           100 PM
 AVERAGE    58

..........................................................


THE FORT SMITH ARKANSAS CLIMATE NORMALS FOR TODAY
                         NORMAL    RECORD    YEAR
 MAXIMUM TEMPERATURE (F)   94       110      1964
 MINIMUM TEMPERATURE (F)   72        54      1974


SUNRISE AND SUNSET
AUGUST  4 2015........SUNRISE   628 AM CDT   SUNSET   818 PM CDT
AUGUST  5 2015........SUNRISE   629 AM CDT   SUNSET   817 PM CDT


-  INDICATES NEGATIVE NUMBERS.
R  INDICATES RECORD WAS SET OR TIED.
MM INDICATES DATA IS MISSING.
T  INDICATES TRACE AMOUNT.




$$

&&
...........................................................

THE ARKANSAS RIVER AT VAN BUREN

                   OBSERVED      24 HOUR     24 HOUR
                    VALUE        CHANGE      FORECAST

 STAGE (FEET)
  THIS MORNING       20.2         +1.0

MEAN FLOW (CFS)
  TODAY                                        42300
...........................................................
ALL DATA MEASURED AT THE FORT SMITH REGIONAL AIRPORT
