000
CDUS44 KTSA 050801
CLIFSM

CLIMATE REPORT
NATIONAL WEATHER SERVICE TULSA OK
147 AM CDT SUN JUL 5 2015


...................................

...THE FORT SMITH ARKANSAS CLIMATE SUMMARY FOR JULY 4 2015...

CLIMATE NORMAL PERIOD 1981 TO 2010
CLIMATE RECORD PERIOD 1882 TO 2015


WEATHER ITEM   OBSERVED TIME   RECORD YEAR NORMAL DEPARTURE LAST
                VALUE   (LST)  VALUE       VALUE  FROM      YEAR
                                                  NORMAL
..................................................................
TEMPERATURE (F)
 YESTERDAY
  MAXIMUM         90    400 PM 103    2012  92     -2       87
  MINIMUM         70    626 AM  59    1968  71     -1       66
                                      1961
  AVERAGE         80                        81     -1       77

PRECIPITATION (IN)
  YESTERDAY        0.00          1.27 1960   0.12  -0.12     0.00
  MONTH TO DATE    1.70                      0.49   1.21     0.06
  SINCE JUN 1      4.83                      4.77   0.06     4.51
  SINCE JAN 1     38.08                     23.96  14.12    19.25

DEGREE DAYS
 COOLING
  YESTERDAY       15                        16     -1       12
  MONTH TO DATE   66                        64      2       56
  SINCE JUN 1    549                       449    100      494
  SINCE JAN 1    789                       693     96      772
..................................................................


WIND (MPH)
  HIGHEST WIND SPEED     8   HIGHEST WIND DIRECTION    SW (230)
  HIGHEST GUST SPEED    12   HIGHEST GUST DIRECTION    SW (210)
  AVERAGE WIND SPEED     3.0


SKY COVER
  POSSIBLE SUNSHINE  MM
  AVERAGE SKY COVER 0.3


WEATHER CONDITIONS
 THE FOLLOWING WEATHER WAS RECORDED YESTERDAY.
  FOG
  FOG W/VISIBILITY <= 1/4 MILE


RELATIVE HUMIDITY (PERCENT)
 HIGHEST    97           400 AM
 LOWEST     50           400 PM
 AVERAGE    74

..........................................................


THE FORT SMITH ARKANSAS CLIMATE NORMALS FOR TODAY
                         NORMAL    RECORD    YEAR
 MAXIMUM TEMPERATURE (F)   92       105      2012
                                             2011
 MINIMUM TEMPERATURE (F)   71        56      1972


SUNRISE AND SUNSET
JULY  5 2015..........SUNRISE   608 AM CDT   SUNSET   836 PM CDT
JULY  6 2015..........SUNRISE   609 AM CDT   SUNSET   836 PM CDT


-  INDICATES NEGATIVE NUMBERS.
R  INDICATES RECORD WAS SET OR TIED.
MM INDICATES DATA IS MISSING.
T  INDICATES TRACE AMOUNT.




$$

&&
...........................................................

THE ARKANSAS RIVER AT VAN BUREN

                   OBSERVED      24 HOUR     24 HOUR
                    VALUE        CHANGE      FORECAST

 STAGE (FEET)
  THIS MORNING       21.3         -0.4

MEAN FLOW (CFS)
  TODAY                                        113300
...........................................................
ALL DATA MEASURED AT THE FORT SMITH REGIONAL AIRPORT
