000
CDUS44 KTSA 220806 RRA
CLIFSM

CLIMATE REPORT
NATIONAL WEATHER SERVICE TULSA OK
147 AM CDT TUE AUG 22 2017


...................................

...THE FORT SMITH ARKANSAS CLIMATE SUMMARY FOR AUGUST 21 2017...

CLIMATE NORMAL PERIOD 1981 TO 2010
CLIMATE RECORD PERIOD 1882 TO 2017


WEATHER ITEM   OBSERVED TIME   RECORD YEAR NORMAL DEPARTURE LAST
                VALUE   (LST)  VALUE       VALUE  FROM      YEAR
                                                  NORMAL
..................................................................
TEMPERATURE (F)
 YESTERDAY
  MAXIMUM         93    302 PM 106    1993  93      0       84
  MINIMUM         73    448 AM  56    1956  71      2       65
  AVERAGE         83                        82      1       75

PRECIPITATION (IN)
  YESTERDAY        0.00          1.42 1894   0.08  -0.08     0.00
  MONTH TO DATE    6.23                      1.78   4.45     3.68
  SINCE JUN 1     19.26                      9.36   9.90     9.24
  SINCE JAN 1     41.34                     28.55  12.79    26.45

DEGREE DAYS
 COOLING
  YESTERDAY       18                        17      1       10
  MONTH TO DATE  329                       373    -44      388
  SINCE JUN 1   1309                      1294     15     1498
  SINCE JAN 1   1627                      1538     89     1683
..................................................................


WIND (MPH)
  HIGHEST WIND SPEED    10   HIGHEST WIND DIRECTION    SW (220)
  HIGHEST GUST SPEED    12   HIGHEST GUST DIRECTION    SE (150)
  AVERAGE WIND SPEED     4.1


SKY COVER
  POSSIBLE SUNSHINE  MM
  AVERAGE SKY COVER 0.1


WEATHER CONDITIONS
 THE FOLLOWING WEATHER WAS RECORDED YESTERDAY.
  NO SIGNIFICANT WEATHER WAS OBSERVED.


RELATIVE HUMIDITY (PERCENT)
 HIGHEST   100           500 AM
 LOWEST     60           200 PM
 AVERAGE    80

..........................................................


THE FORT SMITH ARKANSAS CLIMATE NORMALS FOR TODAY
                         NORMAL    RECORD    YEAR
 MAXIMUM TEMPERATURE (F)   93       103      2000
                                             1922
                                             1896
 MINIMUM TEMPERATURE (F)   70        54      1956


SUNRISE AND SUNSET
AUGUST 22 2017........SUNRISE   643 AM CDT   SUNSET   757 PM CDT
AUGUST 23 2017........SUNRISE   643 AM CDT   SUNSET   756 PM CDT


-  INDICATES NEGATIVE NUMBERS.
R  INDICATES RECORD WAS SET OR TIED.
MM INDICATES DATA IS MISSING.
T  INDICATES TRACE AMOUNT.




$$

&&
...........................................................

THE ARKANSAS RIVER AT VAN BUREN

                   OBSERVED      24 HOUR     24 HOUR
                    VALUE        CHANGE      FORECAST

 STAGE (FEET)
  THIS MORNING       19.7         +0.0

 MEAN FLOW (CFS)
  TODAY                                        3550
...........................................................
ALL DATA MEASURED AT THE FORT SMITH REGIONAL AIRPORT
