575
CDUS44 KTSA 242118
CLIFSM

CLIMATE REPORT
NATIONAL WEATHER SERVICE TULSA OK
418 PM CDT WED AUG 24 2016


...................................

...THE FORT SMITH ARKANSAS CLIMATE SUMMARY FOR AUGUST 24 2016...
VALID TODAY AS OF 0400 PM LOCAL TIME.

CLIMATE NORMAL PERIOD 1981 TO 2010
CLIMATE RECORD PERIOD 1882 TO 2016


WEATHER ITEM   OBSERVED TIME   RECORD YEAR NORMAL DEPARTURE LAST
                VALUE   (LST)  VALUE       VALUE  FROM      YEAR
                                                  NORMAL
..................................................................
TEMPERATURE (F)
 TODAY
  MAXIMUM         94    259 PM 103    1922  93      1       81
  MINIMUM         75    530 AM  45    1891  70      5       68
  AVERAGE         85                        81      4       75

PRECIPITATION (IN)
  TODAY            0.00          2.00 1989   0.08  -0.08      T
  MONTH TO DATE    3.68                      2.01   1.67     4.40
  SINCE JUN 1      9.24                      9.59  -0.35    16.32
  SINCE JAN 1     26.45                     28.78  -2.33    49.57

DEGREE DAYS
 COOLING
  TODAY           20                        16      4       10
  MONTH TO DATE  434                       423     11      393
  SINCE JUN 1   1544                      1344    200     1490
  SINCE JAN 1   1729                      1588    141     1730
..................................................................


WIND (MPH)
  HIGHEST WIND SPEED    15   HIGHEST WIND DIRECTION     S (200)
  HIGHEST GUST SPEED    18   HIGHEST GUST DIRECTION    SW (220)
  AVERAGE WIND SPEED     6.0


SKY COVER
  POSSIBLE SUNSHINE  MM
  AVERAGE SKY COVER 0.0


WEATHER CONDITIONS
 THE FOLLOWING WEATHER WAS RECORDED TODAY.
  NO SIGNIFICANT WEATHER WAS OBSERVED.


RELATIVE HUMIDITY (PERCENT)
 HIGHEST    82           200 AM
 LOWEST     41           200 PM
 AVERAGE    62

..........................................................


THE FORT SMITH ARKANSAS CLIMATE NORMALS FOR TOMORROW
                         NORMAL    RECORD    YEAR
 MAXIMUM TEMPERATURE (F)   93       104      1963
 MINIMUM TEMPERATURE (F)   70        52      1891


SUNRISE AND SUNSET
AUGUST 24 2016........SUNRISE   644 AM CDT   SUNSET   754 PM CDT
AUGUST 25 2016........SUNRISE   645 AM CDT   SUNSET   753 PM CDT


-  INDICATES NEGATIVE NUMBERS.
R  INDICATES RECORD WAS SET OR TIED.
MM INDICATES DATA IS MISSING.
T  INDICATES TRACE AMOUNT.




$$

&&
...........................................................

THE ARKANSAS RIVER AT VAN BUREN

                   OBSERVED      24 HOUR     24 HOUR
                    VALUE        CHANGE      FORECAST

 STAGE (FEET)
  THIS AFTERNOON     19.4         +0.2

MEAN FLOW (CFS)
  TODAY                                        -99
...........................................................
ALL DATA MEASURED AT THE FORT SMITH REGIONAL AIRPORT
