000
CDUS44 KTSA 262120
CLIFSM

CLIMATE REPORT
NATIONAL WEATHER SERVICE TULSA OK
420 PM CDT SUN MAR 26 2017


...................................

...THE FORT SMITH ARKANSAS CLIMATE SUMMARY FOR MARCH 26 2017...
VALID TODAY AS OF 0400 PM LOCAL TIME.

CLIMATE NORMAL PERIOD 1981 TO 2010
CLIMATE RECORD PERIOD 1882 TO 2017


WEATHER ITEM   OBSERVED TIME   RECORD YEAR NORMAL DEPARTURE LAST
                VALUE   (LST)  VALUE       VALUE  FROM      YEAR
                                                  NORMAL
..................................................................
TEMPERATURE (F)
 TODAY
  MAXIMUM         77    253 PM  85    2012  68      9       73
                                      1925
  MINIMUM         43    556 AM  15    1955  44     -1       42
  AVERAGE         60                        56      4       58

PRECIPITATION (IN)
  TODAY            0.00          1.47 1902   0.13  -0.13     0.00
  MONTH TO DATE    2.89                      3.16  -0.27     4.65
  SINCE MAR 1      2.89                      3.16  -0.27     4.65
  SINCE JAN 1      7.71                      8.73  -1.02     6.80

SNOWFALL (IN)
  TODAY            0.0                                       0.0
  MONTH TO DATE    0.0                                       0.0
  SINCE MAR 1      0.0                                       0.0
  SINCE JUL 1      2.0                                        T

DEGREE DAYS
 HEATING
  TODAY            5                        10     -5        7
  MONTH TO DATE  232                       341   -109      224
  SINCE MAR 1    232                       341   -109      224
  SINCE JUL 1   2141                      3014   -873     2293

 COOLING
  TODAY            0                         1     -1        0
  MONTH TO DATE   31                         4     27        6
  SINCE MAR 1     31                         4     27        6
  SINCE JAN 1     47                         5     42        7
..................................................................


WIND (MPH)
  HIGHEST WIND SPEED    14   HIGHEST WIND DIRECTION    NE (30)
  HIGHEST GUST SPEED    18   HIGHEST GUST DIRECTION    NE (50)
  AVERAGE WIND SPEED     3.6


SKY COVER
  POSSIBLE SUNSHINE  MM
  AVERAGE SKY COVER 0.1


WEATHER CONDITIONS
 THE FOLLOWING WEATHER WAS RECORDED TODAY.
  FOG


RELATIVE HUMIDITY (PERCENT)
 HIGHEST    96           600 AM
 LOWEST     36           300 PM
 AVERAGE    66

..........................................................


THE FORT SMITH ARKANSAS CLIMATE NORMALS FOR TOMORROW
                         NORMAL    RECORD    YEAR
 MAXIMUM TEMPERATURE (F)   68        87      1895
 MINIMUM TEMPERATURE (F)   44        21      1955


SUNRISE AND SUNSET
MARCH 26 2017.........SUNRISE   712 AM CDT   SUNSET   734 PM CDT
MARCH 27 2017.........SUNRISE   711 AM CDT   SUNSET   735 PM CDT


-  INDICATES NEGATIVE NUMBERS.
R  INDICATES RECORD WAS SET OR TIED.
MM INDICATES DATA IS MISSING.
T  INDICATES TRACE AMOUNT.




$$

&&
...........................................................

THE ARKANSAS RIVER AT VAN BUREN

                   OBSERVED      24 HOUR     24 HOUR
                    VALUE        CHANGE      FORECAST

 STAGE (FEET)
  THIS AFTERNOON     19.2         +0.1

MEAN FLOW (CFS)
  TODAY                                        -99
...........................................................
ALL DATA MEASURED AT THE FORT SMITH REGIONAL AIRPORT
