149
CDUS44 KTSA 180901
CLIFSM

CLIMATE REPORT
NATIONAL WEATHER SERVICE TULSA OK
1247 AM CST MON DEC 18 2017


...................................

...THE FORT SMITH ARKANSAS CLIMATE SUMMARY FOR DECEMBER 17 2017...

CLIMATE NORMAL PERIOD 1981 TO 2010
CLIMATE RECORD PERIOD 1882 TO 2017


WEATHER ITEM   OBSERVED TIME   RECORD YEAR NORMAL DEPARTURE LAST
                VALUE   (LST)  VALUE       VALUE  FROM      YEAR
                                                  NORMAL
..................................................................
TEMPERATURE (F)
 YESTERDAY
  MAXIMUM         50    334 PM  76    2006  51     -1       50
  MINIMUM         44    227 AM   9    1901  31     13       19
  AVERAGE         47                        41      6       35

PRECIPITATION (IN)
  YESTERDAY        0.28          2.55 1995   0.10   0.18      T
  MONTH TO DATE    0.81                      1.96  -1.15     0.66
  SINCE DEC 1      0.81                      1.96  -1.15     0.66
  SINCE JAN 1     46.49                     44.13   2.36    31.07

SNOWFALL (IN)
  YESTERDAY        0.0                                        T
  MONTH TO DATE    0.0                                        T
  SINCE DEC 1      0.0                                        T
  SINCE JUL 1      0.0                                        T

DEGREE DAYS
 HEATING
  YESTERDAY       18                        24     -6       30
  MONTH TO DATE  325                       380    -55      394
  SINCE DEC 1    325                       380    -55      394
  SINCE JUL 1    761                       945   -184      680
..................................................................


WIND (MPH)
  HIGHEST WIND SPEED    18   HIGHEST WIND DIRECTION     E (80)
  HIGHEST GUST SPEED    23   HIGHEST GUST DIRECTION     E (100)
  AVERAGE WIND SPEED     3.3


SKY COVER
  POSSIBLE SUNSHINE  MM
  AVERAGE SKY COVER 1.0


WEATHER CONDITIONS
 THE FOLLOWING WEATHER WAS RECORDED YESTERDAY.
  RAIN
  LIGHT RAIN
  FOG


RELATIVE HUMIDITY (PERCENT)
 HIGHEST   100           100 AM
 LOWEST     92          1200 AM
 AVERAGE    96

..........................................................


THE FORT SMITH ARKANSAS CLIMATE NORMALS FOR TODAY
                         NORMAL    RECORD    YEAR
 MAXIMUM TEMPERATURE (F)   51        74      1889
 MINIMUM TEMPERATURE (F)   31         8      1964


SUNRISE AND SUNSET
DECEMBER 18 2017......SUNRISE   721 AM CST   SUNSET   508 PM CST
DECEMBER 19 2017......SUNRISE   721 AM CST   SUNSET   508 PM CST


-  INDICATES NEGATIVE NUMBERS.
R  INDICATES RECORD WAS SET OR TIED.
MM INDICATES DATA IS MISSING.
T  INDICATES TRACE AMOUNT.




$$

&&
...........................................................

THE ARKANSAS RIVER AT VAN BUREN

                   OBSERVED      24 HOUR     24 HOUR
                    VALUE        CHANGE      FORECAST

 STAGE (FEET)
  THIS MORNING       19.4         -0.2

 MEAN FLOW (CFS)
  TODAY                                        415
...........................................................
ALL DATA MEASURED AT THE FORT SMITH REGIONAL AIRPORT
