000
CDUS44 KTSA 190801
CLIFSM

CLIMATE REPORT
NATIONAL WEATHER SERVICE TULSA OK
300 AM CDT THU OCT 19 2017

...................................

...THE FORT SMITH ARKANSAS CLIMATE SUMMARY FOR OCTOBER 18 2017...

CLIMATE NORMAL PERIOD 1981 TO 2010
CLIMATE RECORD PERIOD 1882 TO 2017


WEATHER ITEM   OBSERVED TIME   RECORD YEAR NORMAL DEPARTURE LAST
                VALUE   (LST)  VALUE       VALUE  FROM      YEAR
                                                  NORMAL
..................................................................
TEMPERATURE (F)
 YESTERDAY
  MAXIMUM         80    434 PM  92    2005  74      6       88
  MINIMUM         46    645 AM  26    1948  50     -4       69
  AVERAGE         63                        62      1       79

PRECIPITATION (IN)
  YESTERDAY        0.00          1.63 1885   0.15  -0.15     0.00
  MONTH TO DATE    1.59                      2.44  -0.85     0.33
  SINCE SEP 1      1.59                      6.49  -4.90     2.12
  SINCE JAN 1     43.70                     35.85   7.85    28.77

SNOWFALL (IN)
  YESTERDAY        0.0                                       0.0
  MONTH TO DATE    0.0                                       0.0
  SINCE SEP 1      0.0                                       0.0
  SINCE JUL 1      0.0                                       0.0

DEGREE DAYS
 HEATING
  YESTERDAY        2                         5     -3        0
  MONTH TO DATE   23                        55    -32       10
  SINCE SEP 1     23                        72    -49       10
  SINCE JUL 1     23                        72    -49       10

 COOLING
  YESTERDAY        0                         2     -2       14
  MONTH TO DATE  113                        52     61      117
  SINCE SEP 1    453                       335    118      500
  SINCE JAN 1   2217                      2030    187     2351
..................................................................


WIND (MPH)
  HIGHEST WIND SPEED     9   HIGHEST WIND DIRECTION     E (110)
  HIGHEST GUST SPEED    12   HIGHEST GUST DIRECTION     E (100)
  AVERAGE WIND SPEED     4.1


SKY COVER
  POSSIBLE SUNSHINE  MM
  AVERAGE SKY COVER 0.0


WEATHER CONDITIONS
 THE FOLLOWING WEATHER WAS RECORDED YESTERDAY.
  NO SIGNIFICANT WEATHER WAS OBSERVED.


RELATIVE HUMIDITY (PERCENT)
 HIGHEST    93           200 AM
 LOWEST     28           400 PM
 AVERAGE    61

..........................................................


THE FORT SMITH ARKANSAS CLIMATE NORMALS FOR TODAY
                         NORMAL    RECORD    YEAR
 MAXIMUM TEMPERATURE (F)   74        91      2016
 MINIMUM TEMPERATURE (F)   50        29      1989


SUNRISE AND SUNSET
OCTOBER 19 2017.......SUNRISE   727 AM CDT   SUNSET   637 PM CDT
OCTOBER 20 2017.......SUNRISE   728 AM CDT   SUNSET   636 PM CDT


-  INDICATES NEGATIVE NUMBERS.
R  INDICATES RECORD WAS SET OR TIED.
MM INDICATES DATA IS MISSING.
T  INDICATES TRACE AMOUNT.




$$

&&
...........................................................

THE ARKANSAS RIVER AT VAN BUREN

                   OBSERVED      24 HOUR     24 HOUR
                    VALUE        CHANGE      FORECAST

 STAGE (FEET)
  THIS MORNING       19.6         -0.4

 MEAN FLOW (CFS)
  TODAY                                        1764
...........................................................
ALL DATA MEASURED AT THE FORT SMITH REGIONAL AIRPORT
