000
CDUS44 KTSA 230802
CLIFSM

CLIMATE REPORT
NATIONAL WEATHER SERVICE TULSA OK
302 AM CDT SAT AUG 23 2014


...................................

...THE FORT SMITH ARKANSAS CLIMATE SUMMARY FOR AUGUST 22 2014...

CLIMATE NORMAL PERIOD 1981 TO 2010
CLIMATE RECORD PERIOD 1882 TO 2014


WEATHER ITEM   OBSERVED TIME   RECORD YEAR NORMAL DEPARTURE LAST
                VALUE   (LST)  VALUE       VALUE  FROM      YEAR
                                                  NORMAL
..................................................................
TEMPERATURE (F)
 YESTERDAY
  MAXIMUM         97    414 PM 103    2000  93      4       95
                                      1922
                                      1896
  MINIMUM         76    627 AM  54    1956  70      6       70
  AVERAGE         87                        82      5       83

PRECIPITATION (IN)
  YESTERDAY        0.00          2.65 1911   0.08  -0.08     0.00
  MONTH TO DATE    1.39                      1.86  -0.47     3.72
  SINCE JUN 1      8.52                      9.44  -0.92    13.77
  SINCE JAN 1     23.26                     28.63  -5.37    34.75

DEGREE DAYS
 COOLING
  YESTERDAY       22                        17      5       18
  MONTH TO DATE  353                       390    -37      360
  SINCE JUN 1   1210                      1311   -101     1347
  SINCE JAN 1   1488                      1555    -67     1621
..................................................................


WIND (MPH)
  HIGHEST WIND SPEED    15   HIGHEST WIND DIRECTION    SW (230)
  HIGHEST GUST SPEED    20   HIGHEST GUST DIRECTION    SW (210)
  AVERAGE WIND SPEED     5.7


SKY COVER
  POSSIBLE SUNSHINE  MM
  AVERAGE SKY COVER 0.0


WEATHER CONDITIONS
 THE FOLLOWING WEATHER WAS RECORDED YESTERDAY.
  FOG


RELATIVE HUMIDITY (PERCENT)
 HIGHEST    94           500 AM
 LOWEST     45           500 PM
 AVERAGE    70

..........................................................


THE FORT SMITH ARKANSAS CLIMATE NORMALS FOR TODAY
                         NORMAL    RECORD    YEAR
 MAXIMUM TEMPERATURE (F)   93       103      1963
                                             1910
 MINIMUM TEMPERATURE (F)   70        53      1891


SUNRISE AND SUNSET
AUGUST 23 2014........SUNRISE   643 AM CDT   SUNSET   756 PM CDT
AUGUST 24 2014........SUNRISE   644 AM CDT   SUNSET   755 PM CDT


-  INDICATES NEGATIVE NUMBERS.
R  INDICATES RECORD WAS SET OR TIED.
MM INDICATES DATA IS MISSING.
T  INDICATES TRACE AMOUNT.




$$

&&
...........................................................

THE ARKANSAS RIVER AT VAN BUREN

                   OBSERVED      24 HOUR     24 HOUR
                    VALUE        CHANGE      FORECAST

 STAGE (FEET)
  THIS MORNING       19.3         -0.2

MEAN FLOW (CFS)
  TODAY                                        8200
...........................................................
ALL DATA MEASURED AT THE FORT SMITH REGIONAL AIRPORT
