000
CDUS42 KFFC 300817
CLIFTY


CLIMATE REPORT
NATIONAL WEATHER SERVICE PEACHTREE CITY GA
416 AM EDT TUE SEP 30 2014


...................................

...THE FULTON COUNTY AIRPORT CLIMATE SUMMARY FOR SEPTEMBER 29 2014...

CLIMATE NORMAL PERIOD 1981 TO 2010
CLIMATE RECORD PERIOD 9999 TO 9999


WEATHER ITEM   OBSERVED TIME   RECORD YEAR NORMAL DEPARTURE LAST
                VALUE   (LST)  VALUE       VALUE  FROM      YEAR
                                                  NORMAL
..................................................................
TEMPERATURE (F)
 YESTERDAY
  MAXIMUM         71    416 PM  MM      MM  79     -8       76
  MINIMUM         67   1159 PM  MM      MM  58      9       53
  AVERAGE         69                        68      1       65

PRECIPITATION (IN)
  YESTERDAY        0.08         MM      MM   0.15  -0.07     0.00
  MONTH TO DATE    2.13                      3.84  -1.71     2.94
  SINCE SEP 1      2.13                      3.84  -1.71     2.94
  SINCE JAN 1     32.83                     39.26  -6.43    36.12

DEGREE DAYS
 HEATING
  YESTERDAY        0                         1     -1        0
  MONTH TO DATE    0                         8     -8        0
  SINCE SEP 1      0                         8     -8        0
  SINCE JUL 1      0                         8     -8        0

 COOLING
  YESTERDAY        4                         5     -1        0
  MONTH TO DATE  290                       240     50      241
  SINCE SEP 1    290                       240     50      241
  SINCE JAN 1   1684                      1677      7     1562
..................................................................


WIND (MPH)
  RESULTANT WIND SPEED   4   RESULTANT WIND DIRECTION  NE (40)
  HIGHEST WIND SPEED     9   HIGHEST WIND DIRECTION     E (70)
  HIGHEST GUST SPEED    12   HIGHEST GUST DIRECTION    NE (50)
  AVERAGE WIND SPEED     5.1


SKY COVER
  AVERAGE SKY COVER 1.0


WEATHER CONDITIONS
 THE FOLLOWING WEATHER WAS RECORDED YESTERDAY.
  LIGHT RAIN
  FOG


RELATIVE HUMIDITY (PERCENT)
 HIGHEST    93          1200 AM
 LOWEST     73          1000 AM
 AVERAGE    83

..........................................................


THE FULTON COUNTY AIRPORT CLIMATE NORMALS FOR TODAY
                         NORMAL    RECORD    YEAR
 MAXIMUM TEMPERATURE (F)   79        MM        MM
 MINIMUM TEMPERATURE (F)   57        MM        MM


SUNRISE AND SUNSET
SEPTEMBER 30 2014.....SUNRISE   732 AM EDT   SUNSET   724 PM EDT
OCTOBER  1 2014.......SUNRISE   732 AM EDT   SUNSET   722 PM EDT


-  INDICATES NEGATIVE NUMBERS.
R  INDICATES RECORD WAS SET OR TIED.
MM INDICATES DATA IS MISSING.
T  INDICATES TRACE AMOUNT.




$$
