000
CDUS42 KFFC 240820
CLIFTY


CLIMATE REPORT
NATIONAL WEATHER SERVICE PEACHTREE CITY GA
420 AM EDT SAT JUN 24 2017


...................................

...THE FULTON COUNTY AIRPORT CLIMATE SUMMARY FOR JUNE 23 2017...

CLIMATE NORMAL PERIOD 1981 TO 2010
CLIMATE RECORD PERIOD 9999 TO 9999


WEATHER ITEM   OBSERVED TIME   RECORD YEAR NORMAL DEPARTURE LAST
                VALUE   (LST)  VALUE       VALUE  FROM      YEAR
                                                  NORMAL
..................................................................
TEMPERATURE (F)
 YESTERDAY
  MAXIMUM         89    457 PM  MM      MM  88      1       93
  MINIMUM         73   1159 PM  MM      MM  68      5       68
  AVERAGE         81                        78      3       81

PRECIPITATION (IN)
  YESTERDAY        0.13         MM      MM   0.15  -0.02     0.00
  MONTH TO DATE    5.33                      2.86   2.47     1.62
  SINCE JUN 1      5.33                      2.86   2.47     1.62
  SINCE JAN 1     27.56                     24.35   3.21    18.43

DEGREE DAYS
 COOLING
  YESTERDAY       16                        13      3       16
  MONTH TO DATE  275                       255     20      316
  SINCE JUN 1    275                       255     20      316
  SINCE JAN 1    604                       455    149      548
..................................................................


WIND (MPH)
  RESULTANT WIND SPEED   7   RESULTANT WIND DIRECTION   S (200)
  HIGHEST WIND SPEED    21   HIGHEST WIND DIRECTION    NW (300)
  HIGHEST GUST SPEED    29   HIGHEST GUST DIRECTION    NW (310)
  AVERAGE WIND SPEED     8.1


SKY COVER
  AVERAGE SKY COVER 0.2


WEATHER CONDITIONS
 THE FOLLOWING WEATHER WAS RECORDED YESTERDAY.
  THUNDERSTORM
  RAIN
  LIGHT RAIN
  FOG


RELATIVE HUMIDITY (PERCENT)
 HIGHEST   100          1200 AM
 LOWEST     55           600 PM
 AVERAGE    78

..........................................................


THE FULTON COUNTY AIRPORT CLIMATE NORMALS FOR TODAY
                         NORMAL    RECORD    YEAR
 MAXIMUM TEMPERATURE (F)   88        MM        MM
 MINIMUM TEMPERATURE (F)   68        MM        MM


SUNRISE AND SUNSET
JUNE 24 2017..........SUNRISE   629 AM EDT   SUNSET   852 PM EDT
JUNE 25 2017..........SUNRISE   629 AM EDT   SUNSET   853 PM EDT


-  INDICATES NEGATIVE NUMBERS.
R  INDICATES RECORD WAS SET OR TIED.
MM INDICATES DATA IS MISSING.
T  INDICATES TRACE AMOUNT.




$$
