000
CDUS46 KSGX 221420
CLIFUL


CLIMATE REPORT
NATIONAL WEATHER SERVICE SAN DIEGO, CA
720 AM PDT WED MAR 22 2017


...................................

...THE FULLERTON AIRPORT CA CLIMATE SUMMARY FOR MARCH 21 2017...

CLIMATE NORMAL PERIOD 1981 TO 2010
CLIMATE RECORD PERIOD 1998 TO 2017


WEATHER ITEM   OBSERVED TIME   RECORD YEAR NORMAL DEPARTURE LAST
                VALUE   (LST)  VALUE       VALUE  FROM      YEAR
                                                  NORMAL
..................................................................
TEMPERATURE (F)
 YESTERDAY
  MAXIMUM         67    229 PM  83    2008  70     -3       72
  MINIMUM         54    259 AM  46    2011  50      4       58
  AVERAGE         61                        60      1       65

PRECIPITATION (IN)
  YESTERDAY        0.16          0.31 2011   0.03   0.13     0.00
  MONTH TO DATE    0.25                      1.81  -1.56     0.88
  SINCE OCT 1     16.33                     11.99   4.34     5.06
  SINCE JAN 1     10.42                      8.09   2.33     4.01

DEGREE DAYS
 HEATING
  YESTERDAY        4                         5     -1        0
  MONTH TO DATE   40                       120    -80       39
  SINCE MAR 1     40                       120    -80       39
  SINCE JUL 1    737                      1042   -305      718

 COOLING
  YESTERDAY        0                         0      0        0
  MONTH TO DATE   34                         8     26       18
  SINCE MAR 1     34                         8     26       18
  SINCE JAN 1     37                        17     20       90
..................................................................


WIND (MPH)
  RESULTANT WIND SPEED   2   RESULTANT WIND DIRECTION   E (100)
  HIGHEST WIND SPEED     9   HIGHEST WIND DIRECTION    SW (230)
  HIGHEST GUST SPEED    14   HIGHEST GUST DIRECTION    SW (220)
  AVERAGE WIND SPEED     2.3


SKY COVER
  POSSIBLE SUNSHINE  MM
  AVERAGE SKY COVER 0.7


WEATHER CONDITIONS
 THE FOLLOWING WEATHER WAS RECORDED YESTERDAY.
  LIGHT RAIN
  FOG


RELATIVE HUMIDITY (PERCENT)
 HIGHEST    97           400 PM
 LOWEST     63          1200 PM
 AVERAGE    80

..........................................................


THE FULLERTON AIRPORT CA CLIMATE NORMALS FOR TODAY
                         NORMAL    RECORD    YEAR
 MAXIMUM TEMPERATURE (F)   70        90      2008
 MINIMUM TEMPERATURE (F)   50        43      2006


SUNRISE AND SUNSET
MARCH 22 2017.........SUNRISE   652 AM PDT   SUNSET   705 PM PDT
MARCH 23 2017.........SUNRISE   651 AM PDT   SUNSET   706 PM PDT


-  INDICATES NEGATIVE NUMBERS.
R  INDICATES RECORD WAS SET OR TIED.
MM INDICATES DATA IS MISSING.
T  INDICATES TRACE AMOUNT.




$$
