184
CDUS46 KSGX 180117
CLIFUL


CLIMATE REPORT
NATIONAL WEATHER SERVICE SAN DIEGO, CA
517 PM PST TUE JAN 17 2017


...................................

...THE FULLERTON AIRPORT CA CLIMATE SUMMARY FOR JANUARY 17 2017...
VALID TODAY AS OF 0500 PM LOCAL TIME.

CLIMATE NORMAL PERIOD 1981 TO 2010
CLIMATE RECORD PERIOD 1998 TO 2017


WEATHER ITEM   OBSERVED TIME   RECORD YEAR NORMAL DEPARTURE LAST
                VALUE   (LST)  VALUE       VALUE  FROM      YEAR
                                                  NORMAL
..................................................................
TEMPERATURE (F)
 TODAY
  MAXIMUM         69    250 PM  88    2014  68      1       71
  MINIMUM         44    710 AM  35    2001  45     -1       48
  AVERAGE         57                        56      1       60

PRECIPITATION (IN)
  TODAY            0.00          0.23 2010   0.10  -0.10     0.00
  MONTH TO DATE    2.33                      1.83   0.50     2.34
  SINCE OCT 1      8.24                      5.73   2.51     3.39
  SINCE JAN 1      2.33                      1.83   0.50     2.34

DEGREE DAYS
 HEATING
  TODAY            8                         9     -1        5
  MONTH TO DATE  130                       153    -23      157
  SINCE DEC 1    336                       429    -93      434
  SINCE JUL 1    400                       593   -193      539

 COOLING
  TODAY            0                         0      0        0
  MONTH TO DATE    0                         0      0        0
  SINCE DEC 1      0                         1     -1        1
  SINCE JAN 1      0                         0      0        0
..................................................................


WIND (MPH)
  RESULTANT WIND SPEED   0   RESULTANT WIND DIRECTION   W (290)
  HIGHEST WIND SPEED    10   HIGHEST WIND DIRECTION     W (280)
  HIGHEST GUST SPEED    15   HIGHEST GUST DIRECTION     W (280)
  AVERAGE WIND SPEED     2.1


SKY COVER
  POSSIBLE SUNSHINE  MM
  AVERAGE SKY COVER 0.0


WEATHER CONDITIONS
 THE FOLLOWING WEATHER WAS RECORDED TODAY.
  NO SIGNIFICANT WEATHER WAS OBSERVED.


RELATIVE HUMIDITY (PERCENT)
 HIGHEST    93           100 AM
 LOWEST     29          1200 PM
 AVERAGE    61

..........................................................


THE FULLERTON AIRPORT CA CLIMATE NORMALS FOR TOMORROW
                         NORMAL    RECORD    YEAR
 MAXIMUM TEMPERATURE (F)   68        84      2014
 MINIMUM TEMPERATURE (F)   45        35      2007


SUNRISE AND SUNSET
JANUARY 17 2017.......SUNRISE   656 AM PST   SUNSET   508 PM PST
JANUARY 18 2017.......SUNRISE   656 AM PST   SUNSET   509 PM PST


-  INDICATES NEGATIVE NUMBERS.
R  INDICATES RECORD WAS SET OR TIED.
MM INDICATES DATA IS MISSING.
T  INDICATES TRACE AMOUNT.




$$
