000
CDUS46 KSGX 180117
CLIFUL


CLIMATE REPORT
NATIONAL WEATHER SERVICE SAN DIEGO, CA
517 PM PST SAT FEB 17 2018


...................................

...THE FULLERTON AIRPORT CA CLIMATE SUMMARY FOR FEBRUARY 17 2018...
VALID TODAY AS OF 0500 PM LOCAL TIME.

CLIMATE NORMAL PERIOD 1981 TO 2010
CLIMATE RECORD PERIOD 1998 TO 2018


WEATHER ITEM   OBSERVED TIME   RECORD YEAR NORMAL DEPARTURE LAST
                VALUE   (LST)  VALUE       VALUE  FROM      YEAR
                                                  NORMAL
..................................................................
TEMPERATURE (F)
 TODAY
  MAXIMUM         76    248 PM  89    2007  68      8       60
  MINIMUM         47    432 AM  40    2011  48     -1       53
  AVERAGE         62                        58      4       57

PRECIPITATION (IN)
  TODAY            0.00          1.50 2017   0.14  -0.14     1.50
  MONTH TO DATE    0.01                      1.91  -1.90     2.85
  SINCE OCT 1      1.22                      8.84  -7.62    15.89
  SINCE JAN 1      1.14                      4.94  -3.80     9.98

DEGREE DAYS
 HEATING
  TODAY            3                         7     -4        8
  MONTH TO DATE   40                       131    -91       75
  SINCE DEC 1    296                       684   -388      537
  SINCE JUL 1    318                       848   -530      601

 COOLING
  TODAY            0                         0      0        0
  MONTH TO DATE   10                         0     10        3
  SINCE DEC 1     48                         5     43        3
  SINCE JAN 1     37                         4     33        3
..................................................................


WIND (MPH)
  RESULTANT WIND SPEED   2   RESULTANT WIND DIRECTION  SE (130)
  HIGHEST WIND SPEED    10   HIGHEST WIND DIRECTION    SW (210)
  HIGHEST GUST SPEED    14   HIGHEST GUST DIRECTION     S (200)
  AVERAGE WIND SPEED     3.6


SKY COVER
  POSSIBLE SUNSHINE  MM
  AVERAGE SKY COVER 0.1


WEATHER CONDITIONS
 THE FOLLOWING WEATHER WAS RECORDED TODAY.
  NO SIGNIFICANT WEATHER WAS OBSERVED.


RELATIVE HUMIDITY (PERCENT)
 HIGHEST    61           200 AM
 LOWEST     16          1200 PM
 AVERAGE    39

..........................................................


THE FULLERTON AIRPORT CA CLIMATE NORMALS FOR TOMORROW
                         NORMAL    RECORD    YEAR
 MAXIMUM TEMPERATURE (F)   68        74      2015
                                             2000
 MINIMUM TEMPERATURE (F)   48        42      2006


SUNRISE AND SUNSET
FEBRUARY 17 2018......SUNRISE   634 AM PST   SUNSET   538 PM PST
FEBRUARY 18 2018......SUNRISE   633 AM PST   SUNSET   539 PM PST


-  INDICATES NEGATIVE NUMBERS.
R  INDICATES RECORD WAS SET OR TIED.
MM INDICATES DATA IS MISSING.
T  INDICATES TRACE AMOUNT.




$$
