000
CDUS46 KSGX 231418
CLIFUL


CLIMATE REPORT
NATIONAL WEATHER SERVICE SAN DIEGO, CA
617 AM PST SUN NOV 23 2014


...................................

...THE FULLERTON AIRPORT CA CLIMATE SUMMARY FOR NOVEMBER 22 2014...

CLIMATE NORMAL PERIOD 1981 TO 2010
CLIMATE RECORD PERIOD 1998 TO 2014


WEATHER ITEM   OBSERVED TIME   RECORD YEAR NORMAL DEPARTURE LAST
                VALUE   (LST)  VALUE       VALUE  FROM      YEAR
                                                  NORMAL
..................................................................
TEMPERATURE (F)
 YESTERDAY
  MAXIMUM         73    119 PM  82    2005  71      2       64
  MINIMUM         53    702 AM  42    2010  48      5       55
  AVERAGE         63                        59      4       60

PRECIPITATION (IN)
  YESTERDAY        0.00          0.01 2007   0.04  -0.04     0.01
                                      2007
                                      2013
  MONTH TO DATE    0.25                      0.83  -0.58     0.39
  SINCE JUL 1      0.54                      1.91  -1.37     0.52
  SINCE JAN 1      4.00                     11.56  -7.56     3.05

SNOWFALL (IN)
  YESTERDAY        0.0
  MONTH TO DATE    0.0
  SINCE JAN 1      0.0
  SINCE JUL 1      0.0
  SNOW DEPTH       0

DEGREE DAYS
 HEATING
  YESTERDAY        2                         6     -4        5
  MONTH TO DATE   19                        85    -66       29
  SINCE SEP 1     19                       109    -90       50
  SINCE JUL 1     19                       109    -90       50

 COOLING
  YESTERDAY        0                         0      0        0
  MONTH TO DATE   47                        19     28       37
  SINCE SEP 1    733                       387    346      506
  SINCE JAN 1   2095                      1250    845     1896
..................................................................


WIND (MPH)
  RESULTANT WIND SPEED   2   RESULTANT WIND DIRECTION  SE (120)
  HIGHEST WIND SPEED     9   HIGHEST WIND DIRECTION     S (200)
  HIGHEST GUST SPEED    13   HIGHEST GUST DIRECTION    SW (220)
  AVERAGE WIND SPEED     3.8


SKY COVER
  POSSIBLE SUNSHINE  MM
  AVERAGE SKY COVER 0.0


WEATHER CONDITIONS
 THE FOLLOWING WEATHER WAS RECORDED YESTERDAY.
  NO SIGNIFICANT WEATHER WAS OBSERVED.


RELATIVE HUMIDITY (PERCENT)
 HIGHEST    93          1100 PM
 LOWEST     46           100 PM
 AVERAGE    70

..........................................................


THE FULLERTON AIRPORT CA CLIMATE NORMALS FOR TODAY
                         NORMAL    RECORD    YEAR
 MAXIMUM TEMPERATURE (F)   70        81      2012
 MINIMUM TEMPERATURE (F)   48        39      2003


SUNRISE AND SUNSET
NOVEMBER 23 2014......SUNRISE   632 AM PST   SUNSET   445 PM PST
NOVEMBER 24 2014......SUNRISE   633 AM PST   SUNSET   444 PM PST


-  INDICATES NEGATIVE NUMBERS.
R  INDICATES RECORD WAS SET OR TIED.
MM INDICATES DATA IS MISSING.
T  INDICATES TRACE AMOUNT.




$$
