000
CDUS46 KSGX 310016
CLIFUL


CLIMATE REPORT
NATIONAL WEATHER SERVICE SAN DIEGO, CA
516 PM PDT SAT AUG 30 2014


...................................

...THE FULLERTON AIRPORT CA CLIMATE SUMMARY FOR AUGUST 30 2014...
VALID TODAY AS OF 0500 PM LOCAL TIME.

CLIMATE NORMAL PERIOD 1981 TO 2010
CLIMATE RECORD PERIOD 1998 TO 2014


WEATHER ITEM   OBSERVED TIME   RECORD YEAR NORMAL DEPARTURE LAST
                VALUE   (LST)  VALUE       VALUE  FROM      YEAR
                                                  NORMAL
..................................................................
TEMPERATURE (F)
 TODAY
  MAXIMUM         90    147 PM 103    1998  86      4       98
  MINIMUM         67    615 AM  57    2010  65      2       79
  AVERAGE         79                        76      3       89

PRECIPITATION (IN)
  TODAY            0.00          T    2007   0.00   0.00     0.00
  MONTH TO DATE    0.10                      0.05   0.05     0.00
  SINCE JUL 1      0.10                      0.09   0.01      T
  SINCE JAN 1      3.56                      9.74  -6.18     2.53

SNOWFALL (IN)
  TODAY            0.0
  MONTH TO DATE    0.0
  SINCE JAN 1      0.0
  SINCE JUL 1      0.0
  SNOW DEPTH       0

DEGREE DAYS
 HEATING
  TODAY            0                         0      0        0
  MONTH TO DATE    0                         0      0        0
  SINCE JUN 1      0                         2     -2        0
  SINCE JUL 1      0                         0      0        0

 COOLING
  TODAY           14                        10      4       24
  MONTH TO DATE  378                       312     66      368
  SINCE JUN 1    990                       731    259     1012
  SINCE JAN 1   1348                       854    494     1367
..................................................................


WIND (MPH)
  RESULTANT WIND SPEED   2   RESULTANT WIND DIRECTION  SE (130)
  HIGHEST WIND SPEED    10   HIGHEST WIND DIRECTION     S (200)
  HIGHEST GUST SPEED    14   HIGHEST GUST DIRECTION     S (200)
  AVERAGE WIND SPEED     2.8


SKY COVER
  POSSIBLE SUNSHINE  MM
  AVERAGE SKY COVER 0.2


WEATHER CONDITIONS
 THE FOLLOWING WEATHER WAS RECORDED TODAY.
  FOG
  HAZE


RELATIVE HUMIDITY (PERCENT)
 HIGHEST    93           500 AM
 LOWEST     38           100 PM
 AVERAGE    66

..........................................................


THE FULLERTON AIRPORT CA CLIMATE NORMALS FOR TOMORROW
                         NORMAL    RECORD    YEAR
 MAXIMUM TEMPERATURE (F)   86       104      2007
 MINIMUM TEMPERATURE (F)   65        58      2010


SUNRISE AND SUNSET
AUGUST 30 2014........SUNRISE   624 AM PDT   SUNSET   720 PM PDT
AUGUST 31 2014........SUNRISE   625 AM PDT   SUNSET   719 PM PDT


-  INDICATES NEGATIVE NUMBERS.
R  INDICATES RECORD WAS SET OR TIED.
MM INDICATES DATA IS MISSING.
T  INDICATES TRACE AMOUNT.




$$
