000
CDUS46 KSGX 061522
CLIFUL


CLIMATE REPORT
NATIONAL WEATHER SERVICE SAN DIEGO, CA
721 AM PST TUE DEC 6 2016


...................................

...THE FULLERTON AIRPORT CA CLIMATE SUMMARY FOR DECEMBER 5 2016...

CLIMATE NORMAL PERIOD 1981 TO 2010
CLIMATE RECORD PERIOD 1998 TO 2016


WEATHER ITEM   OBSERVED TIME   RECORD YEAR NORMAL DEPARTURE LAST
                VALUE   (LST)  VALUE       VALUE  FROM      YEAR
                                                  NORMAL
..................................................................
TEMPERATURE (F)
 YESTERDAY
  MAXIMUM         67    211 PM  82    2000  68     -1       79
  MINIMUM         46    409 AM  39    2006  46      0       44
  AVERAGE         57                        57      0       62

PRECIPITATION (IN)
  YESTERDAY        0.00          0.38 2010   0.04  -0.04     0.00
  MONTH TO DATE    0.00                      0.21  -0.21     0.00
  SINCE OCT 1      1.40                      2.06  -0.66     0.26
  SINCE JAN 1      5.61                     12.04  -6.43     4.58

DEGREE DAYS
 HEATING
  YESTERDAY        8                         8      0        3
  MONTH TO DATE   38                        40     -2       23
  SINCE DEC 1     38                        40     -2       23
  SINCE JUL 1    102                       204   -102      128

 COOLING
  YESTERDAY        0                         0      0        0
  MONTH TO DATE    0                         0      0        0
  SINCE DEC 1      0                         0      0        0
  SINCE JAN 1   1891                      1251    640     2188
..................................................................


WIND (MPH)
  RESULTANT WIND SPEED   1   RESULTANT WIND DIRECTION  SE (150)
  HIGHEST WIND SPEED     8   HIGHEST WIND DIRECTION     S (200)
  HIGHEST GUST SPEED    11   HIGHEST GUST DIRECTION    SW (230)
  AVERAGE WIND SPEED     2.2


SKY COVER
  POSSIBLE SUNSHINE  MM
  AVERAGE SKY COVER 0.4


WEATHER CONDITIONS
 THE FOLLOWING WEATHER WAS RECORDED YESTERDAY.
  NO SIGNIFICANT WEATHER WAS OBSERVED.


RELATIVE HUMIDITY (PERCENT)
 HIGHEST    93           900 PM
 LOWEST     43           900 AM
 AVERAGE    68

..........................................................


THE FULLERTON AIRPORT CA CLIMATE NORMALS FOR TODAY
                         NORMAL    RECORD    YEAR
 MAXIMUM TEMPERATURE (F)   68        80      2015
 MINIMUM TEMPERATURE (F)   46        38      1998


SUNRISE AND SUNSET
DECEMBER  6 2016......SUNRISE   643 AM PST   SUNSET   443 PM PST
DECEMBER  7 2016......SUNRISE   644 AM PST   SUNSET   443 PM PST


-  INDICATES NEGATIVE NUMBERS.
R  INDICATES RECORD WAS SET OR TIED.
MM INDICATES DATA IS MISSING.
T  INDICATES TRACE AMOUNT.




$$
