992
CDUS46 KSGX 030016
CLIFUL


CLIMATE REPORT
NATIONAL WEATHER SERVICE SAN DIEGO, CA
516 PM PDT MON MAY 2 2016


...................................

...THE FULLERTON AIRPORT CA CLIMATE SUMMARY FOR MAY 2 2016...
VALID TODAY AS OF 0500 PM LOCAL TIME.

CLIMATE NORMAL PERIOD 1981 TO 2010
CLIMATE RECORD PERIOD 1998 TO 2016


WEATHER ITEM   OBSERVED TIME   RECORD YEAR NORMAL DEPARTURE LAST
                VALUE   (LST)  VALUE       VALUE  FROM      YEAR
                                                  NORMAL
..................................................................
TEMPERATURE (F)
 TODAY
  MAXIMUM         82    124 PM 104    2004  75      7       86
  MINIMUM         56    452 AM  50    2002  56      0       60
  AVERAGE         69                        65      4       73

PRECIPITATION (IN)
  TODAY            0.00          0.22 2003   0.01  -0.01     0.00
  MONTH TO DATE    0.00                      0.03  -0.03     0.00
  SINCE OCT 1      5.21                     13.24  -8.03     5.55
  SINCE JAN 1      4.16                      9.34  -5.18     1.73

DEGREE DAYS
 HEATING
  TODAY            0                         2     -2        0
  MONTH TO DATE    0                         4     -4        0
  SINCE MAR 1     81                       276   -195       64
  SINCE JUL 1    760                      1198   -438      427

 COOLING
  TODAY            4                         2      2        8
  MONTH TO DATE    5                         4      1       20
  SINCE MAR 1    110                        47     63      257
  SINCE JAN 1    182                        56    126      308
..................................................................


WIND (MPH)
  RESULTANT WIND SPEED   1   RESULTANT WIND DIRECTION  SW (220)
  HIGHEST WIND SPEED    10   HIGHEST WIND DIRECTION     W (270)
  HIGHEST GUST SPEED    19   HIGHEST GUST DIRECTION     W (280)
  AVERAGE WIND SPEED     3.1


SKY COVER
  POSSIBLE SUNSHINE  MM
  AVERAGE SKY COVER 0.3


WEATHER CONDITIONS
 THE FOLLOWING WEATHER WAS RECORDED TODAY.
  NO SIGNIFICANT WEATHER WAS OBSERVED.


RELATIVE HUMIDITY (PERCENT)
 HIGHEST    80           200 AM
 LOWEST     36           100 PM
 AVERAGE    58

..........................................................


THE FULLERTON AIRPORT CA CLIMATE NORMALS FOR TOMORROW
                         NORMAL    RECORD    YEAR
 MAXIMUM TEMPERATURE (F)   75       104      2004
 MINIMUM TEMPERATURE (F)   56        51      2002


SUNRISE AND SUNSET
MAY  2 2016...........SUNRISE   601 AM PDT   SUNSET   737 PM PDT
MAY  3 2016...........SUNRISE   600 AM PDT   SUNSET   737 PM PDT


-  INDICATES NEGATIVE NUMBERS.
R  INDICATES RECORD WAS SET OR TIED.
MM INDICATES DATA IS MISSING.
T  INDICATES TRACE AMOUNT.




$$
