000
CDUS41 KCAR 042028
CLIFVE


CLIMATE REPORT
NATIONAL WEATHER SERVICE CARIBOU, ME
427 PM EDT TUE AUG 4 2015


...................................

...THE FRENCHVILLE ME CLIMATE SUMMARY FOR AUGUST 4 2015...
VALID TODAY AS OF 0400 PM LOCAL TIME.

CLIMATE NORMAL PERIOD 1981 TO 2010
CLIMATE RECORD PERIOD 9999 TO 9999


WEATHER ITEM   OBSERVED TIME   RECORD YEAR NORMAL DEPARTURE LAST
                VALUE   (LST)  VALUE       VALUE  FROM      YEAR
                                                  NORMAL
..................................................................
TEMPERATURE (F)
 TODAY
  MAXIMUM         78    238 PM              74      4
  MINIMUM         59    325 AM              55      4
  AVERAGE         69                        64      5

PRECIPITATION (IN)
  TODAY            0.01         MM      MM   0.13  -0.12     0.18
  MONTH TO DATE    0.82                      0.50   0.32     0.45
  SINCE JUN 1      8.77                      8.66   0.11    10.91
  SINCE JAN 1     14.31                     18.56  -4.25    21.28

SNOWFALL (IN)
  TODAY           MM            MM      MM  MM     MM       MM
  MONTH TO DATE   MM                        MM     MM       MM
  SINCE JUN 1     MM                        MM     MM       MM
  SINCE JUL 1     MM                        MM     MM       MM
  SNOW DEPTH      MM

DEGREE DAYS
 HEATING
  TODAY            0                               -2
  MONTH TO DATE    0                               -8
  SINCE JUL 1    109                               31

 COOLING
  TODAY            4                                2
  MONTH TO DATE    9                                1
  SINCE JAN 1     48                              -42
..................................................................


WIND (MPH)
  HIGHEST WIND SPEED    16   HIGHEST WIND DIRECTION    SW (220)
  HIGHEST GUST SPEED    21   HIGHEST GUST DIRECTION    SW (220)
  AVERAGE WIND SPEED     7.4




..........................................................


THE FRENCHVILLE ME CLIMATE NORMALS FOR TOMORROW
                         NORMAL
 MAXIMUM TEMPERATURE (F)   74
 MINIMUM TEMPERATURE (F)   55


SUNRISE AND SUNSET
AUGUST  4 2015........SUNRISE   515 AM EDT   SUNSET   803 PM EDT
AUGUST  5 2015........SUNRISE   516 AM EDT   SUNSET   801 PM EDT


-  INDICATES NEGATIVE NUMBERS.
R  INDICATES RECORD WAS SET OR TIED.
MM INDICATES DATA IS MISSING.
T  INDICATES TRACE AMOUNT.




$$
