000
CDUS41 KCAR 280528
CLIFVE


CLIMATE REPORT
NATIONAL WEATHER SERVICE CARIBOU, ME
127 AM EDT WED JUN 28 2017


...................................

...THE FRENCHVILLE ME CLIMATE SUMMARY FOR JUNE 27 2017...

CLIMATE NORMAL PERIOD 1981 TO 2010
CLIMATE RECORD PERIOD 9999 TO 9999


WEATHER ITEM   OBSERVED TIME   RECORD YEAR NORMAL DEPARTURE LAST
                VALUE   (LST)  VALUE       VALUE  FROM      YEAR
                                                  NORMAL
..................................................................
TEMPERATURE (F)
 YESTERDAY
  MAXIMUM         65   1058 AM              72     -7
  MINIMUM         41    401 AM              53    -12
  AVERAGE         53                        62     -9

PRECIPITATION (IN)
  YESTERDAY        0.35         MM      MM   0.15   0.20     0.00
  MONTH TO DATE    5.44                      3.38   2.06     3.59
  SINCE JUN 1      5.44                      3.38   2.06     3.59
  SINCE JAN 1     17.13                     13.28   3.85    13.68

SNOWFALL (IN)
  YESTERDAY       MM            MM      MM  MM     MM       MM
  MONTH TO DATE   MM                        MM     MM       MM
  SINCE JUN 1     MM                        MM     MM       MM
  SINCE JUL 1     MM                        MM     MM       MM
  SNOW DEPTH      MM

DEGREE DAYS
 HEATING
  YESTERDAY       12                                8
  MONTH TO DATE  186                                0
  SINCE JUL 1   9014                             -759

 COOLING
  YESTERDAY        0                               -1
  MONTH TO DATE   23                                1
  SINCE JAN 1     28                                2
..................................................................


WIND (MPH)
  HIGHEST WIND SPEED    16   HIGHEST WIND DIRECTION    SW (210)
  HIGHEST GUST SPEED    21   HIGHEST GUST DIRECTION     S (200)
  AVERAGE WIND SPEED     5.0




..........................................................


THE FRENCHVILLE ME CLIMATE NORMALS FOR TODAY
                         NORMAL
 MAXIMUM TEMPERATURE (F)   72
 MINIMUM TEMPERATURE (F)   53


SUNRISE AND SUNSET
JUNE 28 2017..........SUNRISE   440 AM EDT   SUNSET   834 PM EDT
JUNE 29 2017..........SUNRISE   440 AM EDT   SUNSET   833 PM EDT


-  INDICATES NEGATIVE NUMBERS.
R  INDICATES RECORD WAS SET OR TIED.
MM INDICATES DATA IS MISSING.
T  INDICATES TRACE AMOUNT.




$$
