000
CDUS41 KCAR 160527
CLIFVE


CLIMATE REPORT
NATIONAL WEATHER SERVICE CARIBOU, ME
127 AM EDT TUE SEP 16 2014


...................................

...THE FRENCHVILLE ME CLIMATE SUMMARY FOR SEPTEMBER 15 2014...

CLIMATE NORMAL PERIOD 1981 TO 2010
CLIMATE RECORD PERIOD 9999 TO 9999


WEATHER ITEM   OBSERVED TIME   RECORD YEAR NORMAL DEPARTURE LAST
                VALUE   (LST)  VALUE       VALUE  FROM      YEAR
                                                  NORMAL
..................................................................
TEMPERATURE (F)
 YESTERDAY
  MAXIMUM         56    254 PM              63     -7
  MINIMUM         39    524 AM              45     -6
  AVERAGE         48                        54     -6

PRECIPITATION (IN)
  YESTERDAY        0.00         MM      MM   0.11  -0.11     0.02
  MONTH TO DATE    1.98                      1.83   0.15     2.62
  SINCE SEP 1      1.98                      1.83   0.15     2.62
  SINCE JAN 1     24.77                     23.89   0.88    27.13

SNOWFALL (IN)
  YESTERDAY       MM            MM      MM  MM     MM       MM
  MONTH TO DATE   MM                        MM     MM       MM
  SINCE SEP 1     MM                        MM     MM       MM
  SINCE JUL 1     MM                        MM     MM       MM
  SNOW DEPTH      MM

DEGREE DAYS
 HEATING
  YESTERDAY       17                                6
  MONTH TO DATE  144                                8
  SINCE JUL 1    281                              -47

 COOLING
  YESTERDAY        0                                0
  MONTH TO DATE    7                               -3
  SINCE JAN 1    137                                3
..................................................................


WIND (MPH)
  HIGHEST WIND SPEED    14   HIGHEST WIND DIRECTION    SW (240)
  HIGHEST GUST SPEED    18   HIGHEST GUST DIRECTION    SW (240)
  AVERAGE WIND SPEED     7.0




..........................................................


THE FRENCHVILLE ME CLIMATE NORMALS FOR TODAY
                         NORMAL
 MAXIMUM TEMPERATURE (F)   63
 MINIMUM TEMPERATURE (F)   44


SUNRISE AND SUNSET
SEPTEMBER 16 2014.....SUNRISE   612 AM EDT   SUNSET   643 PM EDT
SEPTEMBER 17 2014.....SUNRISE   613 AM EDT   SUNSET   641 PM EDT


-  INDICATES NEGATIVE NUMBERS.
R  INDICATES RECORD WAS SET OR TIED.
MM INDICATES DATA IS MISSING.
T  INDICATES TRACE AMOUNT.




$$
