000
CDUS41 KCAR 270530
CLIFVE


CLIMATE REPORT
NATIONAL WEATHER SERVICE CARIBOU, ME
129 AM EDT THU AUG 27 2015


...................................

...THE FRENCHVILLE ME CLIMATE SUMMARY FOR AUGUST 26 2015...

CLIMATE NORMAL PERIOD 1981 TO 2010
CLIMATE RECORD PERIOD 9999 TO 9999


WEATHER ITEM   OBSERVED TIME   RECORD YEAR NORMAL DEPARTURE LAST
                VALUE   (LST)  VALUE       VALUE  FROM      YEAR
                                                  NORMAL
..................................................................
TEMPERATURE (F)
 YESTERDAY
  MAXIMUM         70   1233 AM              70      0
  MINIMUM         64   1159 PM              51     13
  AVERAGE         67                        61      6

PRECIPITATION (IN)
  YESTERDAY        1.43         MM      MM   0.13   1.30     0.00
  MONTH TO DATE    4.07                      3.27   0.80     1.78
  SINCE JUN 1     12.02                     11.43   0.59    12.24
  SINCE JAN 1     17.56                     21.33  -3.77    22.61

SNOWFALL (IN)
  YESTERDAY       MM            MM      MM  MM     MM       MM
  MONTH TO DATE    0.0                      MM     MM       MM
  SINCE JUN 1      0.0                      MM     MM       MM
  SINCE JUL 1      0.0                      MM     MM       MM
  SNOW DEPTH      MM

DEGREE DAYS
 HEATING
  YESTERDAY        0                               -5
  MONTH TO DATE   48                              -42
  SINCE JUL 1    157                               -3

 COOLING
  YESTERDAY        2                                1
  MONTH TO DATE   76                               36
  SINCE JAN 1    115                               -7
..................................................................


WIND (MPH)
  HIGHEST WIND SPEED    23   HIGHEST WIND DIRECTION    SE (150)
  HIGHEST GUST SPEED    32   HIGHEST GUST DIRECTION    SE (140)
  AVERAGE WIND SPEED     9.2




..........................................................


THE FRENCHVILLE ME CLIMATE NORMALS FOR TODAY
                         NORMAL
 MAXIMUM TEMPERATURE (F)   70
 MINIMUM TEMPERATURE (F)   51


SUNRISE AND SUNSET
AUGUST 27 2015........SUNRISE   545 AM EDT   SUNSET   723 PM EDT
AUGUST 28 2015........SUNRISE   547 AM EDT   SUNSET   722 PM EDT


-  INDICATES NEGATIVE NUMBERS.
R  INDICATES RECORD WAS SET OR TIED.
MM INDICATES DATA IS MISSING.
T  INDICATES TRACE AMOUNT.




$$
