000
CDUS41 KCAR 252139
CLIFVE


CLIMATE REPORT
NATIONAL WEATHER SERVICE CARIBOU, ME
439 PM EST THU DEC 25 2014


...................................

...THE FRENCHVILLE ME CLIMATE SUMMARY FOR DECEMBER 25 2014...
VALID TODAY AS OF 0400 PM LOCAL TIME.

CLIMATE NORMAL PERIOD 1981 TO 2010
CLIMATE RECORD PERIOD 9999 TO 9999


WEATHER ITEM   OBSERVED TIME   RECORD YEAR NORMAL DEPARTURE LAST
                VALUE   (LST)  VALUE       VALUE  FROM      YEAR
                                                  NORMAL
..................................................................
TEMPERATURE (F)
 TODAY
  MAXIMUM         41   1017 AM              21     20
  MINIMUM         33   1248 AM               6     27
  AVERAGE         37                        13     24

PRECIPITATION (IN)
  TODAY            0.46         MM      MM   0.07   0.39      T
  MONTH TO DATE    2.39                      2.18   0.21     0.89
  SINCE DEC 1      2.39                      2.18   0.21     0.89
  SINCE JAN 1     34.48                     33.24   1.24    33.99

SNOWFALL (IN)
  TODAY           MM            MM      MM  MM     MM       MM
  MONTH TO DATE   MM                        MM     MM       MM
  SINCE DEC 1     MM                        MM     MM       MM
  SINCE JUL 1     MM                        MM     MM       MM
  SNOW DEPTH      MM

DEGREE DAYS
 HEATING
  TODAY           28                              -24
  MONTH TO DATE 1105                              -75
  SINCE JUL 1   3356                             -134

 COOLING
  TODAY            0                                0
  MONTH TO DATE    0                                0
  SINCE JAN 1    139                                5
..................................................................


WIND (MPH)
  HIGHEST WIND SPEED    25   HIGHEST WIND DIRECTION    SW (220)
  HIGHEST GUST SPEED    37   HIGHEST GUST DIRECTION    SW (230)
  AVERAGE WIND SPEED    11.4




..........................................................


THE FRENCHVILLE ME CLIMATE NORMALS FOR TOMORROW
                         NORMAL
 MAXIMUM TEMPERATURE (F)   20
 MINIMUM TEMPERATURE (F)    5


SUNRISE AND SUNSET
DECEMBER 25 2014......SUNRISE   719 AM EST   SUNSET   348 PM EST
DECEMBER 26 2014......SUNRISE   719 AM EST   SUNSET   349 PM EST


-  INDICATES NEGATIVE NUMBERS.
R  INDICATES RECORD WAS SET OR TIED.
MM INDICATES DATA IS MISSING.
T  INDICATES TRACE AMOUNT.




$$
