000
CDUS43 KIWX 270523
CLIFWA


CLIMATE REPORT
NATIONAL WEATHER SERVICE NORTHERN INDIANA
1223 AM EST THU NOV 27 2014


...................................

...THE FORT WAYNE CLIMATE SUMMARY FOR NOVEMBER 26 2014...

CLIMATE NORMAL PERIOD 1981 TO 2010
CLIMATE RECORD PERIOD 1897 TO 2014


WEATHER ITEM   OBSERVED TIME   RECORD YEAR NORMAL DEPARTURE LAST
                VALUE   (LST)  VALUE       VALUE  FROM      YEAR
                                                  NORMAL
..................................................................
TEMPERATURE (F)
 YESTERDAY
  MAXIMUM         29   1108 PM  65    2011  44    -15       36
                                      1908
  MINIMUM         25    808 AM   7    1930  29     -4       27
  AVERAGE         27                        37    -10       32

PRECIPITATION (IN)
  YESTERDAY        T             0.73 1965   0.11  -0.11      T
  MONTH TO DATE    3.05                      2.67   0.38     1.46
  SINCE SEP 1     10.73                      8.31   2.42     7.01
  SINCE JAN 1     41.12                     35.15   5.97    39.35

SNOWFALL (IN)
  YESTERDAY        T             3.0  1940   0.1   -0.1       T
  MONTH TO DATE    4.1                       1.3    2.8      0.7
  SINCE SEP 1      4.1                       1.6    2.5      0.7
  SINCE JUL 1      4.1                       1.6    2.5      0.7
  SNOW DEPTH       0

DEGREE DAYS
 HEATING
  YESTERDAY       38                        28     10       33
  MONTH TO DATE  783                       590    193      657
  SINCE SEP 1   1306                      1087    219     1141
  SINCE JUL 1   1330                      1099    231     1161

 COOLING
  YESTERDAY        0                         0      0        0
  MONTH TO DATE    0                         0      0        0
  SINCE SEP 1     57                        92    -35      126
  SINCE JAN 1    731                       809    -78      855
..................................................................


WIND (MPH)
  HIGHEST WIND SPEED    10   HIGHEST WIND DIRECTION    SE (120)
  HIGHEST GUST SPEED    14   HIGHEST GUST DIRECTION     E (80)
  AVERAGE WIND SPEED     3.9


SKY COVER
  AVERAGE SKY COVER 1.0


WEATHER CONDITIONS
 THE FOLLOWING WEATHER WAS RECORDED YESTERDAY.
  LIGHT SNOW


RELATIVE HUMIDITY (PERCENT)
 HIGHEST    81           200 AM
 LOWEST     69           500 PM
 AVERAGE    75

..........................................................


THE FORT WAYNE CLIMATE NORMALS FOR TODAY
                         NORMAL    RECORD    YEAR
 MAXIMUM TEMPERATURE (F)   44        69      1990
 MINIMUM TEMPERATURE (F)   29         1      1930


SUNRISE AND SUNSET
NOVEMBER 27 2014......SUNRISE   742 AM EST   SUNSET   515 PM EST
NOVEMBER 28 2014......SUNRISE   743 AM EST   SUNSET   514 PM EST


-  INDICATES NEGATIVE NUMBERS.
R  INDICATES RECORD WAS SET OR TIED.
MM INDICATES DATA IS MISSING.
T  INDICATES TRACE AMOUNT.




$$
