000
CDUS43 KIWX 220530
CLIFWA


CLIMATE REPORT
NATIONAL WEATHER SERVICE NORTHERN INDIANA
1229 AM EST WED FEB 22 2017


...................................

...THE FORT WAYNE CLIMATE SUMMARY FOR FEBRUARY 21 2017...

CLIMATE NORMAL PERIOD 1981 TO 2010
CLIMATE RECORD PERIOD 1897 TO 2017


WEATHER ITEM   OBSERVED TIME   RECORD YEAR NORMAL DEPARTURE LAST
                VALUE   (LST)  VALUE       VALUE  FROM      YEAR
                                                  NORMAL
..................................................................
TEMPERATURE (F)
 YESTERDAY
  MAXIMUM         61    342 PM  68    1930  38     23       50
  MINIMUM         44    544 AM  -8    1978  22     22       29
  AVERAGE         53                        30     23       40

PRECIPITATION (IN)
  YESTERDAY        T             1.20 1912   0.07  -0.07     0.00
  MONTH TO DATE    1.24                      1.49  -0.25     0.38
  SINCE DEC 1      8.26                      6.52   1.74     6.15
  SINCE JAN 1      5.95                      3.75   2.20     2.00

SNOWFALL (IN)
  YESTERDAY        0.0          12.0  1912   0.3   -0.3      0.0
  MONTH TO DATE    2.4                       6.1   -3.7      3.6
  SINCE DEC 1     14.6                      24.7  -10.1     10.7
  SINCE JUL 1     15.0                      26.8  -11.8     14.9
  SNOW DEPTH       0

DEGREE DAYS
 HEATING
  YESTERDAY       12                        35    -23       25
  MONTH TO DATE  574                       790   -216      732
  SINCE DEC 1   2724                      3144   -420     2639
  SINCE JUL 1   3569                      4361   -792     3608

 COOLING
  YESTERDAY        0                         0      0        0
  MONTH TO DATE    0                         0      0        0
  SINCE DEC 1      0                         0      0        0
  SINCE JAN 1      0                         0      0        0
..................................................................


WIND (MPH)
  HIGHEST WIND SPEED    13   HIGHEST WIND DIRECTION     S (190)
  HIGHEST GUST SPEED    15   HIGHEST GUST DIRECTION     S (180)
  AVERAGE WIND SPEED     4.4


SKY COVER
  AVERAGE SKY COVER 1.0


WEATHER CONDITIONS
 THE FOLLOWING WEATHER WAS RECORDED YESTERDAY.
  LIGHT RAIN


RELATIVE HUMIDITY (PERCENT)
 HIGHEST    86          1000 PM
 LOWEST     64           300 PM
 AVERAGE    75

..........................................................


THE FORT WAYNE CLIMATE NORMALS FOR TODAY
                         NORMAL    RECORD    YEAR
 MAXIMUM TEMPERATURE (F)   39        67      1922
 MINIMUM TEMPERATURE (F)   22        -9      1963


SUNRISE AND SUNSET
FEBRUARY 22 2017......SUNRISE   725 AM EST   SUNSET   624 PM EST
FEBRUARY 23 2017......SUNRISE   724 AM EST   SUNSET   625 PM EST


-  INDICATES NEGATIVE NUMBERS.
R  INDICATES RECORD WAS SET OR TIED.
MM INDICATES DATA IS MISSING.
T  INDICATES TRACE AMOUNT.




$$
