000
CDUS43 KIWX 010523
CLIFWA


CLIMATE REPORT
NATIONAL WEATHER SERVICE NORTHERN INDIANA
122 AM EDT SUN MAY 1 2016


...................................

...THE FORT WAYNE CLIMATE SUMMARY FOR APRIL 30 2016...

CLIMATE NORMAL PERIOD 1981 TO 2010
CLIMATE RECORD PERIOD 1897 TO 2016


WEATHER ITEM   OBSERVED TIME   RECORD YEAR NORMAL DEPARTURE LAST
                VALUE   (LST)  VALUE       VALUE  FROM      YEAR
                                                  NORMAL
..................................................................
TEMPERATURE (F)
 YESTERDAY
  MAXIMUM         51   1002 PM  89    1899  67    -16       61
  MINIMUM         42    624 AM  29    2008  44     -2       41
  AVERAGE         47                        55     -8       51

PRECIPITATION (IN)
  YESTERDAY        0.44          1.66 1909   0.11   0.33     0.00
  MONTH TO DATE    3.05                      3.52  -0.47     3.28
  SINCE MAR 1      7.01                      6.23   0.78     5.35
  SINCE JAN 1     10.06                     10.53  -0.47     9.12

SNOWFALL (IN)
  YESTERDAY        0.0           T    1996   0.0    0.0      0.0
                                      1963
  MONTH TO DATE    1.1                       1.0    0.1       T
  SINCE MAR 1      3.9                       5.1   -1.2      8.6
  SINCE JUL 1     20.1                      33.5  -13.4     45.1
  SNOW DEPTH       0

DEGREE DAYS
 HEATING
  YESTERDAY       18                        10      8       14
  MONTH TO DATE  461                       459      2      428
  SINCE MAR 1   1091                      1284   -193     1389
  SINCE JUL 1   4918                      5882   -964     6538

 COOLING
  YESTERDAY        0                         0      0        0
  MONTH TO DATE    0                         8     -8        0
  SINCE MAR 1      0                         8     -8        0
  SINCE JAN 1      0                         8     -8        0
..................................................................


WIND (MPH)
  HIGHEST WIND SPEED    20   HIGHEST WIND DIRECTION     E (90)
  HIGHEST GUST SPEED    24   HIGHEST GUST DIRECTION     E (100)
  AVERAGE WIND SPEED    11.6


SKY COVER
  AVERAGE SKY COVER 0.9


WEATHER CONDITIONS
 THE FOLLOWING WEATHER WAS RECORDED YESTERDAY.
  RAIN
  LIGHT RAIN
  FOG


RELATIVE HUMIDITY (PERCENT)
 HIGHEST    93           300 PM
 LOWEST     76           800 AM
 AVERAGE    85

..........................................................


THE FORT WAYNE CLIMATE NORMALS FOR TODAY
                         NORMAL    RECORD    YEAR
 MAXIMUM TEMPERATURE (F)   67        88      1942
 MINIMUM TEMPERATURE (F)   44        27      1963


SUNRISE AND SUNSET
MAY  1 2016...........SUNRISE   638 AM EDT   SUNSET   838 PM EDT
MAY  2 2016...........SUNRISE   637 AM EDT   SUNSET   839 PM EDT


-  INDICATES NEGATIVE NUMBERS.
R  INDICATES RECORD WAS SET OR TIED.
MM INDICATES DATA IS MISSING.
T  INDICATES TRACE AMOUNT.




$$
