000
CDUS43 KIWX 220540
CLIFWA


CLIMATE REPORT
NATIONAL WEATHER SERVICE NORTHERN INDIANA
140 AM EDT WED OCT 22 2014


...................................

...THE FORT WAYNE CLIMATE SUMMARY FOR OCTOBER 21 2014...

CLIMATE NORMAL PERIOD 1981 TO 2010
CLIMATE RECORD PERIOD 1897 TO 2014


WEATHER ITEM   OBSERVED TIME   RECORD YEAR NORMAL DEPARTURE LAST
                VALUE   (LST)  VALUE       VALUE  FROM      YEAR
                                                  NORMAL
..................................................................
TEMPERATURE (F)
 YESTERDAY
  MAXIMUM         53    200 PM  84    1953  61     -8       57
  MINIMUM         42   1159 PM  20    1952  40      2       36
  AVERAGE         48                        51     -3       47

PRECIPITATION (IN)
  YESTERDAY        0.00          2.54 1965   0.09  -0.09     0.02
  MONTH TO DATE    2.48                      1.97   0.51     1.67
  SINCE SEP 1      7.38                      4.77   2.61     3.56
  SINCE JAN 1     37.77                     31.61   6.16    35.90

SNOWFALL (IN)
  YESTERDAY        0.0           T    1995   0.0    0.0      0.0
                                      1989
                                      1976
  MONTH TO DATE    T                         0.1   -0.1      0.0
  SINCE SEP 1      T                         0.1   -0.1      0.0
  SINCE JUL 1      T                         0.1   -0.1      0.0
  SNOW DEPTH       0

DEGREE DAYS
 HEATING
  YESTERDAY       17                        14      3       18
  MONTH TO DATE  250                       235     15      177
  SINCE SEP 1    370                       339     31      275
  SINCE JUL 1    394                       351     43      295

 COOLING
  YESTERDAY        0                         0      0        0
  MONTH TO DATE    3                         8     -5       28
  SINCE SEP 1     57                        91    -34      126
  SINCE JAN 1    731                       808    -77      855
..................................................................


WIND (MPH)
  HIGHEST WIND SPEED    17   HIGHEST WIND DIRECTION     N (350)
  HIGHEST GUST SPEED    22   HIGHEST GUST DIRECTION     N (350)
  AVERAGE WIND SPEED     9.9


SKY COVER
  AVERAGE SKY COVER 0.9


WEATHER CONDITIONS
 THE FOLLOWING WEATHER WAS RECORDED YESTERDAY.
  NO SIGNIFICANT WEATHER WAS OBSERVED.


RELATIVE HUMIDITY (PERCENT)
 HIGHEST    86           300 AM
 LOWEST     61           800 PM
 AVERAGE    74

..........................................................


THE FORT WAYNE CLIMATE NORMALS FOR TODAY
                         NORMAL    RECORD    YEAR
 MAXIMUM TEMPERATURE (F)   61        84      1963
 MINIMUM TEMPERATURE (F)   40        27      1989
                                             1987


SUNRISE AND SUNSET
OCTOBER 22 2014.......SUNRISE   800 AM EDT   SUNSET   650 PM EDT
OCTOBER 23 2014.......SUNRISE   801 AM EDT   SUNSET   648 PM EDT


-  INDICATES NEGATIVE NUMBERS.
R  INDICATES RECORD WAS SET OR TIED.
MM INDICATES DATA IS MISSING.
T  INDICATES TRACE AMOUNT.




$$
