000
CDUS43 KIWX 280523
CLIFWA


CLIMATE REPORT
NATIONAL WEATHER SERVICE NORTHERN INDIANA
122 AM EDT THU JUL 28 2016


...................................

...THE FORT WAYNE CLIMATE SUMMARY FOR JULY 27 2016...

CLIMATE NORMAL PERIOD 1981 TO 2010
CLIMATE RECORD PERIOD 1897 TO 2016


WEATHER ITEM   OBSERVED TIME   RECORD YEAR NORMAL DEPARTURE LAST
                VALUE   (LST)  VALUE       VALUE  FROM      YEAR
                                                  NORMAL
..................................................................
TEMPERATURE (F)
 YESTERDAY
  MAXIMUM         89    420 PM  99    1956  84      5       86
                                      1955
                                      1936
  MINIMUM         62    536 AM  50    1977  62      0       69
  AVERAGE         76                        73      3       78

PRECIPITATION (IN)
  YESTERDAY        0.00          1.92 1923   0.13  -0.13      T
  MONTH TO DATE    0.68                      3.71  -3.03     5.97
  SINCE JUN 1      6.12                      7.87  -1.75    17.95
  SINCE JAN 1     20.31                     22.67  -2.36    32.08

SNOWFALL (IN)
  YESTERDAY        0.0                       0.0    0.0      0.0
  MONTH TO DATE    0.0                       0.0    0.0      0.0
  SINCE JUN 1      T                         0.0    0.0      0.0
  SINCE JUL 1      0.0                       0.0    0.0      0.0
  SNOW DEPTH       0

DEGREE DAYS
 HEATING
  YESTERDAY        0                         0      0        0
  MONTH TO DATE    3                         0      3        0
  SINCE JUN 1     14                        29    -15       28
  SINCE JUL 1      3                         0      3        0

 COOLING
  YESTERDAY       11                         8      3       13
  MONTH TO DATE  262                       237     25      172
  SINCE JUN 1    468                       419     49      348
  SINCE JAN 1    542                       476     66      444
..................................................................


WIND (MPH)
  HIGHEST WIND SPEED    10   HIGHEST WIND DIRECTION    SW (210)
  HIGHEST GUST SPEED    17   HIGHEST GUST DIRECTION     W (250)
  AVERAGE WIND SPEED     3.2


SKY COVER
  AVERAGE SKY COVER 0.3


WEATHER CONDITIONS
 THE FOLLOWING WEATHER WAS RECORDED YESTERDAY.
  NO SIGNIFICANT WEATHER WAS OBSERVED.


RELATIVE HUMIDITY (PERCENT)
 HIGHEST    93           400 AM
 LOWEST     36           200 PM
 AVERAGE    65

..........................................................


THE FORT WAYNE CLIMATE NORMALS FOR TODAY
                         NORMAL    RECORD    YEAR
 MAXIMUM TEMPERATURE (F)   84        98      1916
 MINIMUM TEMPERATURE (F)   62        49      1900


SUNRISE AND SUNSET
JULY 28 2016..........SUNRISE   633 AM EDT   SUNSET   901 PM EDT
JULY 29 2016..........SUNRISE   634 AM EDT   SUNSET   900 PM EDT


-  INDICATES NEGATIVE NUMBERS.
R  INDICATES RECORD WAS SET OR TIED.
MM INDICATES DATA IS MISSING.
T  INDICATES TRACE AMOUNT.




$$
