000
CDUS43 KIWX 300528
CLIFWA


CLIMATE REPORT
NATIONAL WEATHER SERVICE NORTHERN INDIANA
128 AM EDT TUE SEP 30 2014


...................................

...THE FORT WAYNE CLIMATE SUMMARY FOR SEPTEMBER 29 2014...

CLIMATE NORMAL PERIOD 1981 TO 2010
CLIMATE RECORD PERIOD 1897 TO 2014


WEATHER ITEM   OBSERVED TIME   RECORD YEAR NORMAL DEPARTURE LAST
                VALUE   (LST)  VALUE       VALUE  FROM      YEAR
                                                  NORMAL
..................................................................
TEMPERATURE (F)
 YESTERDAY
  MAXIMUM         80        MM  94    1953  70     10       63
  MINIMUM         50        MM  29    1951  47      3       54
  AVERAGE         65                        59      6       59

PRECIPITATION (IN)
  YESTERDAY        0.00          1.04 1927   0.09  -0.09     0.18
  MONTH TO DATE    4.90                      2.71   2.19     1.89
  SINCE SEP 1      4.90                      2.71   2.19     1.89
  SINCE JAN 1     35.29                     29.55   5.74    34.23

SNOWFALL (IN)
  YESTERDAY        0.0           0.0  2002   0.0    0.0      0.0
                                      2001
  MONTH TO DATE    0.0                       0.0    0.0      0.0
  SINCE SEP 1      0.0                       0.0    0.0      0.0
  SINCE JUL 1      T                         0.0    0.0      0.0
  SNOW DEPTH       0

DEGREE DAYS
 HEATING
  YESTERDAY        0                         7     -7        6
  MONTH TO DATE  112                        96     16       96
  SINCE SEP 1    112                        96     16       96
  SINCE JUL 1    136                       108     28      116

 COOLING
  YESTERDAY        0                         1     -1        0
  MONTH TO DATE   54                        80    -26       98
  SINCE SEP 1     54                        80    -26       98
  SINCE JAN 1    728                       797    -69      827
..................................................................


WIND (MPH)
  HIGHEST WIND SPEED     8   HIGHEST WIND DIRECTION     N (350)
  HIGHEST GUST SPEED    MM   HIGHEST GUST DIRECTION    MM
  AVERAGE WIND SPEED     2.7


SKY COVER
  AVERAGE SKY COVER 0.2


WEATHER CONDITIONS
 THE FOLLOWING WEATHER WAS RECORDED YESTERDAY.
  FOG


RELATIVE HUMIDITY (PERCENT)
 HIGHEST    96           400 AM
 LOWEST     37           300 PM
 AVERAGE    67

..........................................................


THE FORT WAYNE CLIMATE NORMALS FOR TODAY
                         NORMAL    RECORD    YEAR
 MAXIMUM TEMPERATURE (F)   70        88      1971
 MINIMUM TEMPERATURE (F)   47        31      1993
                                             1899


SUNRISE AND SUNSET
SEPTEMBER 30 2014.....SUNRISE   736 AM EDT   SUNSET   724 PM EDT
OCTOBER  1 2014.......SUNRISE   737 AM EDT   SUNSET   723 PM EDT


-  INDICATES NEGATIVE NUMBERS.
R  INDICATES RECORD WAS SET OR TIED.
MM INDICATES DATA IS MISSING.
T  INDICATES TRACE AMOUNT.




$$
