000
CDUS44 KTSA 271415
CLIFYV

CLIMATE REPORT
NATIONAL WEATHER SERVICE TULSA OK
915 AM CDT TUE JUN 27 2017


...................................

...THE FAYETTEVILLE ARKANSAS CLIMATE SUMMARY FOR JUNE 27 2017...
VALID AS OF 0900 AM LOCAL TIME.

CLIMATE NORMAL PERIOD 1981 TO 2010
CLIMATE RECORD PERIOD 1905 TO 2017


WEATHER ITEM   OBSERVED RECORD YEAR NORMAL DEPARTURE LAST
                VALUE   VALUE       VALUE  FROM      YEAR
                                           NORMAL
...........................................................
TEMPERATURE (F)
 TODAY
  MAXIMUM         71    101    2012  86
  MINIMUM         59     47    1974  65
                               1968
  AVERAGE         65

PRECIPITATION (IN)
  TODAY            0.00   1.56 1956   0.14  -0.14     0.07
  MONTH TO DATE    4.74               4.52   0.22     2.87
  SINCE JUN 1      4.74               4.52   0.22     2.87
  SINCE JAN 1     33.29              24.73   8.56    17.21

DEGREE DAYS
 COOLING
  TODAY            0
...........................................................


WIND (MPH)
  RESULTANT WIND SPEED   2   RESULTANT WIND DIRECTION  SE (120)
  HIGHEST WIND SPEED     8   HIGHEST WIND DIRECTION    NE (60)
  HIGHEST GUST SPEED    11   HIGHEST GUST DIRECTION    NE (50)


SKY COVER
  POSSIBLE SUNSHINE  MM
  AVERAGE SKY COVER 0.3


WEATHER CONDITIONS
 THE FOLLOWING WEATHER WAS RECORDED TODAY.
  NO SIGNIFICANT WEATHER WAS OBSERVED.


RELATIVE HUMIDITY (PERCENT)
 HIGHEST    97
 LOWEST     78
 AVERAGE    88

..........................................................


THE FAYETTEVILLE ARKANSAS CLIMATE NORMALS FOR TOMORROW
                         NORMAL    RECORD    YEAR
 MAXIMUM TEMPERATURE (F)   86       101      2012
 MINIMUM TEMPERATURE (F)   65        51      1958


SUNRISE AND SUNSET
JUNE 27 2017..........SUNRISE   602 AM CDT   SUNSET   837 PM CDT
JUNE 28 2017..........SUNRISE   602 AM CDT   SUNSET   837 PM CDT


-  INDICATES NEGATIVE NUMBERS.
R  INDICATES RECORD WAS SET OR TIED.
MM INDICATES DATA IS MISSING.
T  INDICATES TRACE AMOUNT.




$$
