000
CDUS44 KTSA 230852
CLIFYV

CLIMATE REPORT
NATIONAL WEATHER SERVICE TULSA OK
147 AM CDT WED AUG 23 2017


...................................

...THE FAYETTEVILLE ARKANSAS CLIMATE SUMMARY FOR AUGUST 22 2017...

CLIMATE NORMAL PERIOD 1981 TO 2010
CLIMATE RECORD PERIOD 1905 TO 2017


WEATHER ITEM   OBSERVED TIME   RECORD YEAR NORMAL DEPARTURE LAST
                VALUE   (LST)  VALUE       VALUE  FROM      YEAR
                                                  NORMAL
..................................................................
TEMPERATURE (F)
 YESTERDAY
  MAXIMUM         88    141 PM  99    1983  89     -1       82
  MINIMUM         67    941 AM  45    1956  65      2       51
  AVERAGE         78                        77      1       67

PRECIPITATION (IN)
  YESTERDAY        0.13                      0.10   0.03     0.00
  MONTH TO DATE    5.65                      2.27   3.38     0.97
  SINCE JUN 1     14.28                     10.71   3.57    10.72
  SINCE JAN 1     42.83                     30.92  11.91    25.06

DEGREE DAYS
 COOLING
  YESTERDAY       13                        12      1        2
  MONTH TO DATE  214                       280    -66      267
  SINCE JUN 1    853                       916    -63     1039
  SINCE JAN 1    957                      1029    -72     1106
..................................................................


WIND (MPH)
  HIGHEST WIND SPEED    16   HIGHEST WIND DIRECTION     N (20)
  HIGHEST GUST SPEED    26   HIGHEST GUST DIRECTION     N (360)
  AVERAGE WIND SPEED     4.5


SKY COVER
  POSSIBLE SUNSHINE  MM
  AVERAGE SKY COVER 0.4


WEATHER CONDITIONS
 THE FOLLOWING WEATHER WAS RECORDED YESTERDAY.
  HEAVY RAIN
  RAIN
  FOG


RELATIVE HUMIDITY (PERCENT)
 HIGHEST   100          1200 AM
 LOWEST     61           200 PM
 AVERAGE    81

..........................................................


THE FAYETTEVILLE ARKANSAS CLIMATE NORMALS FOR TODAY
                         NORMAL    RECORD    YEAR
 MAXIMUM TEMPERATURE (F)   89        98      2010
                                             1989
                                             1963
 MINIMUM TEMPERATURE (F)   64        48      1949


SUNRISE AND SUNSET
AUGUST 23 2017........SUNRISE   642 AM CDT   SUNSET   756 PM CDT
AUGUST 24 2017........SUNRISE   642 AM CDT   SUNSET   755 PM CDT


-  INDICATES NEGATIVE NUMBERS.
R  INDICATES RECORD WAS SET OR TIED.
MM INDICATES DATA IS MISSING.
T  INDICATES TRACE AMOUNT.




$$
