000
CDUS44 KTSA 282118
CLIFYV

CLIMATE REPORT
NATIONAL WEATHER SERVICE TULSA OK
418 PM CDT THU MAY 28 2015


...................................

...THE FAYETTEVILLE ARKANSAS CLIMATE SUMMARY FOR MAY 28 2015...
VALID TODAY AS OF 0400 PM LOCAL TIME.

CLIMATE NORMAL PERIOD 1981 TO 2010
CLIMATE RECORD PERIOD 1905 TO 2015


WEATHER ITEM   OBSERVED TIME   RECORD YEAR NORMAL DEPARTURE LAST
                VALUE   (LST)  VALUE       VALUE  FROM      YEAR
                                                  NORMAL
..................................................................
TEMPERATURE (F)
 TODAY
  MAXIMUM         74    259 PM  91    2012  79     -5       76
  MINIMUM         59    518 AM  44    1961  57      2       59
  AVERAGE         67                        68     -1       68

PRECIPITATION (IN)
  TODAY            0.14                      0.19  -0.05     0.02
  MONTH TO DATE   12.20                      5.51   6.69     3.18
  SINCE MAR 1     19.59                     14.03   5.56    11.79
  SINCE JAN 1     22.65                     19.68   2.97    14.27

DEGREE DAYS
 COOLING
  TODAY            2                         4     -2        3
  MONTH TO DATE   65                        70     -5      117
  SINCE MAR 1     88                        98    -10      129
  SINCE JAN 1     88                        98    -10      129
..................................................................


WIND (MPH)
  HIGHEST WIND SPEED    10   HIGHEST WIND DIRECTION     S (180)
  HIGHEST GUST SPEED    15   HIGHEST GUST DIRECTION     S (190)
  AVERAGE WIND SPEED     2.0


SKY COVER
  POSSIBLE SUNSHINE  MM
  AVERAGE SKY COVER 0.0


WEATHER CONDITIONS
 THE FOLLOWING WEATHER WAS RECORDED TODAY.
  THUNDERSTORM
  RAIN
  LIGHT RAIN
  FOG


RELATIVE HUMIDITY (PERCENT)
 HIGHEST   100          1200 AM
 LOWEST     84           900 AM
 AVERAGE    92

..........................................................


THE FAYETTEVILLE ARKANSAS CLIMATE NORMALS FOR TOMORROW
                         NORMAL    RECORD    YEAR
 MAXIMUM TEMPERATURE (F)   79        92      2012
 MINIMUM TEMPERATURE (F)   58        41      1952


SUNRISE AND SUNSET
MAY 28 2015...........SUNRISE   603 AM CDT   SUNSET   825 PM CDT
MAY 29 2015...........SUNRISE   603 AM CDT   SUNSET   826 PM CDT


-  INDICATES NEGATIVE NUMBERS.
R  INDICATES RECORD WAS SET OR TIED.
MM INDICATES DATA IS MISSING.
T  INDICATES TRACE AMOUNT.




$$
