000
CDUS44 KTSA 020909
CLIFYV

CLIMATE REPORT
NATIONAL WEATHER SERVICE TULSA OK
1247 AM CST MON MAR 2 2015


...................................

...THE FAYETTEVILLE ARKANSAS CLIMATE SUMMARY FOR MARCH 1 2015...

CLIMATE NORMAL PERIOD 1981 TO 2010
CLIMATE RECORD PERIOD 1905 TO 2015


WEATHER ITEM   OBSERVED TIME   RECORD YEAR NORMAL DEPARTURE LAST
                VALUE   (LST)  VALUE       VALUE  FROM      YEAR
                                                  NORMAL
..................................................................
TEMPERATURE (F)
 YESTERDAY
  MAXIMUM         34    225 PM  83    2006  55    -21       60
  MINIMUM         30   1159 PM  12    1980  32     -2       28
                                      1962
  AVERAGE         32                        44    -12       44

PRECIPITATION (IN)
  YESTERDAY        0.05                      0.12  -0.07     0.02
  MONTH TO DATE    0.05                      0.12  -0.07     0.02
  SINCE MAR 1      0.05                      0.12  -0.07     0.02
  SINCE JAN 1      3.11                      5.77  -2.66     2.50

SNOWFALL (IN)
  YESTERDAY        0.0                                       0.0
  MONTH TO DATE    0.0                                       0.0
  SINCE MAR 1      0.0                                       0.0
  SINCE JUL 1      5.3                                      14.1

DEGREE DAYS
 HEATING
  YESTERDAY       33                        21     12       21
  MONTH TO DATE   33                        21     12       21
  SINCE MAR 1     33                        21     12       21
  SINCE JUL 1   3519                      3324    195     3741
..................................................................


WIND (MPH)
  HIGHEST WIND SPEED     9   HIGHEST WIND DIRECTION     N (10)
  HIGHEST GUST SPEED    13   HIGHEST GUST DIRECTION     N (10)
  AVERAGE WIND SPEED     3.7


SKY COVER
  POSSIBLE SUNSHINE  MM
  AVERAGE SKY COVER 1.0


WEATHER CONDITIONS
 THE FOLLOWING WEATHER WAS RECORDED YESTERDAY.
  LT FREEZING RAIN
  FOG


RELATIVE HUMIDITY (PERCENT)
 HIGHEST   100          1200 AM
 LOWEST     89           400 PM
 AVERAGE    95

..........................................................


THE FAYETTEVILLE ARKANSAS CLIMATE NORMALS FOR TODAY
                         NORMAL    RECORD    YEAR
 MAXIMUM TEMPERATURE (F)   56        78      1983
 MINIMUM TEMPERATURE (F)   32         7      1980


SUNRISE AND SUNSET
MARCH  2 2015.........SUNRISE   646 AM CST   SUNSET   612 PM CST
MARCH  3 2015.........SUNRISE   644 AM CST   SUNSET   613 PM CST


-  INDICATES NEGATIVE NUMBERS.
R  INDICATES RECORD WAS SET OR TIED.
MM INDICATES DATA IS MISSING.
T  INDICATES TRACE AMOUNT.




$$
