000
CDUS44 KTSA 200905
CLIFYV

CLIMATE REPORT
NATIONAL WEATHER SERVICE TULSA OK
305 AM CST MON FEB 20 2017


...................................

...THE FAYETTEVILLE ARKANSAS CLIMATE SUMMARY FOR FEBRUARY 19 2017...

CLIMATE NORMAL PERIOD 1981 TO 2010
CLIMATE RECORD PERIOD 1905 TO 2017


WEATHER ITEM   OBSERVED TIME   RECORD YEAR NORMAL DEPARTURE LAST
                VALUE   (LST)  VALUE       VALUE  FROM      YEAR
                                                  NORMAL
..................................................................
TEMPERATURE (F)
 YESTERDAY
  MAXIMUM         75    242 PM  76    1986  52     23       71
  MINIMUM         37    345 AM  -1    1978  29      8       50
  AVERAGE         56                        41     15       61

PRECIPITATION (IN)
  YESTERDAY        T                         0.11  -0.11     0.00
  MONTH TO DATE    0.98                      1.82  -0.84     0.02
  SINCE DEC 1      5.20                      7.90  -2.70    11.48
  SINCE JAN 1      3.37                      4.66  -1.29     0.53

SNOWFALL (IN)
  YESTERDAY       MM                                         0.0
  MONTH TO DATE    0.0                                       0.0
  SINCE DEC 1      0.8                                        T
  SINCE JUL 1      0.8                                        T

DEGREE DAYS
 HEATING
  YESTERDAY        9                        24    -15        4
  MONTH TO DATE  339                       503   -164      452
  SINCE DEC 1   1936                      2268   -332     1983
  SINCE JUL 1   2463                      3097   -634     2625
..................................................................


WIND (MPH)
  HIGHEST WIND SPEED    18   HIGHEST WIND DIRECTION     S (180)
  HIGHEST GUST SPEED    21   HIGHEST GUST DIRECTION     S (180)
  AVERAGE WIND SPEED     5.9


SKY COVER
  POSSIBLE SUNSHINE  MM
  AVERAGE SKY COVER 0.4


WEATHER CONDITIONS
 THE FOLLOWING WEATHER WAS RECORDED YESTERDAY.
  FOG
  FOG W/VISIBILITY <= 1/4 MILE


RELATIVE HUMIDITY (PERCENT)
 HIGHEST   100          1200 AM
 LOWEST     49           300 PM
 AVERAGE    75

..........................................................


THE FAYETTEVILLE ARKANSAS CLIMATE NORMALS FOR TODAY
                         NORMAL    RECORD    YEAR
 MAXIMUM TEMPERATURE (F)   53        77      1996
 MINIMUM TEMPERATURE (F)   30        15      1978


SUNRISE AND SUNSET
FEBRUARY 20 2017......SUNRISE   658 AM CST   SUNSET   603 PM CST
FEBRUARY 21 2017......SUNRISE   657 AM CST   SUNSET   604 PM CST


-  INDICATES NEGATIVE NUMBERS.
R  INDICATES RECORD WAS SET OR TIED.
MM INDICATES DATA IS MISSING.
T  INDICATES TRACE AMOUNT.




$$
