000
CDUS44 KTSA 030801
CLIFYV

CLIMATE REPORT
NATIONAL WEATHER SERVICE TULSA OK
147 AM CDT FRI JUL 3 2015


...................................

...THE FAYETTEVILLE ARKANSAS CLIMATE SUMMARY FOR JULY 2 2015...

CLIMATE NORMAL PERIOD 1981 TO 2010
CLIMATE RECORD PERIOD 1905 TO 2015


WEATHER ITEM   OBSERVED TIME   RECORD YEAR NORMAL DEPARTURE LAST
                VALUE   (LST)  VALUE       VALUE  FROM      YEAR
                                                  NORMAL
..................................................................
TEMPERATURE (F)
 YESTERDAY
  MAXIMUM         86    234 PM  99    1980  87     -1       82
                                      1954
  MINIMUM         68    954 PM  51    2013  66      2       57
  AVERAGE         77                        76      1       70

PRECIPITATION (IN)
  YESTERDAY        0.06                      0.14  -0.08     0.00
  MONTH TO DATE    0.06                      0.28  -0.22      T
  SINCE JUN 1      6.83                      5.26   1.57     4.10
  SINCE JAN 1     30.29                     25.47   4.82    18.62

DEGREE DAYS
 COOLING
  YESTERDAY       12                        11      1        5
  MONTH TO DATE   27                        22      5       20
  SINCE JUN 1    345                       267     78      282
  SINCE JAN 1    442                       380     62      430
..................................................................


WIND (MPH)
  HIGHEST WIND SPEED    21   HIGHEST WIND DIRECTION    SW (210)
  HIGHEST GUST SPEED    30   HIGHEST GUST DIRECTION    SW (210)
  AVERAGE WIND SPEED    10.7


SKY COVER
  POSSIBLE SUNSHINE  MM
  AVERAGE SKY COVER 0.5


WEATHER CONDITIONS
 THE FOLLOWING WEATHER WAS RECORDED YESTERDAY.
  THUNDERSTORM
  LIGHT RAIN
  FOG


RELATIVE HUMIDITY (PERCENT)
 HIGHEST    97           900 PM
 LOWEST     69          1100 AM
 AVERAGE    83

..........................................................


THE FAYETTEVILLE ARKANSAS CLIMATE NORMALS FOR TODAY
                         NORMAL    RECORD    YEAR
 MAXIMUM TEMPERATURE (F)   87        99      1980
 MINIMUM TEMPERATURE (F)   66        51      2014
                                             2013


SUNRISE AND SUNSET
JULY  3 2015..........SUNRISE   604 AM CDT   SUNSET   837 PM CDT
JULY  4 2015..........SUNRISE   605 AM CDT   SUNSET   837 PM CDT


-  INDICATES NEGATIVE NUMBERS.
R  INDICATES RECORD WAS SET OR TIED.
MM INDICATES DATA IS MISSING.
T  INDICATES TRACE AMOUNT.




$$
