000
CDUS44 KTSA 270836
CLIFYV

CLIMATE REPORT
NATIONAL WEATHER SERVICE TULSA OK
302 AM CDT WED AUG 27 2014


...................................

...THE FAYETTEVILLE ARKANSAS CLIMATE SUMMARY FOR AUGUST 26 2014...

CLIMATE NORMAL PERIOD 1981 TO 2010
CLIMATE RECORD PERIOD 1905 TO 2014


WEATHER ITEM   OBSERVED TIME   RECORD YEAR NORMAL DEPARTURE LAST
                VALUE   (LST)  VALUE       VALUE  FROM      YEAR
                                                  NORMAL
..................................................................
TEMPERATURE (F)
 YESTERDAY
  MAXIMUM         94    418 PM 100    1990  88      6       91
                                      1963
  MINIMUM         65    414 AM  47    1962  64      1       66
  AVERAGE         80                        76      4       79

PRECIPITATION (IN)
  YESTERDAY        0.00                      0.11  -0.11     0.00
  MONTH TO DATE    1.66                      2.68  -1.02     2.82
  SINCE JUN 1      8.19                     11.12  -2.93     6.97
  SINCE JAN 1     22.71                     31.33  -8.62    31.07

DEGREE DAYS
 COOLING
  YESTERDAY       15                        11      4       14
  MONTH TO DATE  308                       325    -17      272
  SINCE JUN 1    822                       961   -139      917
  SINCE JAN 1    970                      1074   -104     1053
..................................................................


WIND (MPH)
  HIGHEST WIND SPEED    10   HIGHEST WIND DIRECTION    SE (120)
  HIGHEST GUST SPEED    15   HIGHEST GUST DIRECTION     E (110)
  AVERAGE WIND SPEED     3.2


SKY COVER
  POSSIBLE SUNSHINE  MM
  AVERAGE SKY COVER 0.1


WEATHER CONDITIONS
 THE FOLLOWING WEATHER WAS RECORDED YESTERDAY.
  FOG


RELATIVE HUMIDITY (PERCENT)
 HIGHEST   100           300 AM
 LOWEST     39           200 PM
 AVERAGE    70

..........................................................


THE FAYETTEVILLE ARKANSAS CLIMATE NORMALS FOR TODAY
                         NORMAL    RECORD    YEAR
 MAXIMUM TEMPERATURE (F)   88       100      1963
                                             1954
 MINIMUM TEMPERATURE (F)   64        50      2010


SUNRISE AND SUNSET
AUGUST 27 2014........SUNRISE   645 AM CDT   SUNSET   751 PM CDT
AUGUST 28 2014........SUNRISE   645 AM CDT   SUNSET   750 PM CDT


-  INDICATES NEGATIVE NUMBERS.
R  INDICATES RECORD WAS SET OR TIED.
MM INDICATES DATA IS MISSING.
T  INDICATES TRACE AMOUNT.




$$
