000
CDUS43 KUNR 180837
CLIGCC


CLIMATE REPORT
NATIONAL WEATHER SERVICE RAPID CITY SD
235 AM MDT THU SEP 18 2014


...................................

...THE GILLETTE AIRPORT WY CLIMATE SUMMARY FOR SEPTEMBER 17 2014...

CLIMATE NORMAL PERIOD 1981 TO 2010
CLIMATE RECORD PERIOD 9999 TO 9999


WEATHER ITEM   OBSERVED TIME   NORMAL DEPARTURE LAST
                VALUE   (LST)  VALUE  FROM      YEAR
                                      NORMAL
......................................................
TEMPERATURE (F)
 YESTERDAY
  MAXIMUM         85    323 PM  73     12       88
  MINIMUM         53   1212 AM  43     10       51
  AVERAGE         69            58     11       70

PRECIPITATION (IN)
  YESTERDAY        0.00          0.04  -0.04     0.01
  MONTH TO DATE    0.62          0.60   0.02     0.88
  SINCE SEP 1      0.62          0.60   0.02     0.88
  SINCE JAN 1     15.88         11.08   4.80    14.31

DEGREE DAYS
 HEATING
  YESTERDAY        0             8     -8        0
  MONTH TO DATE  176            94     82        8
  SINCE SEP 1    176            94     82        8
  SINCE JUL 1    225           151     74        8

 COOLING
  YESTERDAY        4             1      3        5
  MONTH TO DATE   16            35    -19       88
  SINCE SEP 1     16            35    -19       88
  SINCE JAN 1    371           495   -124      610
......................................................


WIND (MPH)
  HIGHEST WIND SPEED    20   HIGHEST WIND DIRECTION    SW (230)
  HIGHEST GUST SPEED    25   HIGHEST GUST DIRECTION    SW (220)
  AVERAGE WIND SPEED     7.2


SKY COVER
  AVERAGE SKY COVER 0.2


WEATHER CONDITIONS
 THE FOLLOWING WEATHER WAS RECORDED YESTERDAY.
  NO SIGNIFICANT WEATHER WAS OBSERVED.


RELATIVE HUMIDITY (PERCENT)
 HIGHEST    72           700 PM
 LOWEST     22           200 PM
 AVERAGE    47

..........................................................




SUNRISE AND SUNSET
SEPTEMBER 18 2014.....SUNRISE   645 AM MDT   SUNSET   707 PM MDT
SEPTEMBER 19 2014.....SUNRISE   646 AM MDT   SUNSET   705 PM MDT


-  INDICATES NEGATIVE NUMBERS.
R  INDICATES RECORD WAS SET OR TIED.
MM INDICATES DATA IS MISSING.
T  INDICATES TRACE AMOUNT.




$$
