000
CDUS43 KUNR 050838
CLIGCC


CLIMATE REPORT
NATIONAL WEATHER SERVICE RAPID CITY SD
238 AM MDT SUN JUL 5 2015


...................................

...THE GILLETTE AIRPORT WY CLIMATE SUMMARY FOR JULY 4 2015...

CLIMATE NORMAL PERIOD 1981 TO 2010
CLIMATE RECORD PERIOD 9999 TO 9999


WEATHER ITEM   OBSERVED TIME   NORMAL DEPARTURE LAST
                VALUE   (LST)  VALUE  FROM      YEAR
                                      NORMAL
......................................................
TEMPERATURE (F)
 YESTERDAY
  MAXIMUM         93    245 PM  84      9       92
  MINIMUM         61    444 AM  54      7       56
  AVERAGE         77            69      8       74

PRECIPITATION (IN)
  YESTERDAY        0.00          0.05  -0.05     0.00
  MONTH TO DATE    T             0.20  -0.20      T
  SINCE JUN 1      3.11          2.41   0.70     3.13
  SINCE JAN 1     10.23          8.07   2.16    12.73

DEGREE DAYS
 HEATING
  YESTERDAY        0             1     -1        0
  MONTH TO DATE    0             5     -5        8
  SINCE JUN 1     39           147   -108      200
  SINCE JUL 1      0             5     -5        8

 COOLING
  YESTERDAY       12             5      7        9
  MONTH TO DATE   28            20      8       15
  SINCE JUN 1    102            80     22       30
  SINCE JAN 1    102            88     14       38
......................................................


WIND (MPH)
  HIGHEST WIND SPEED    16   HIGHEST WIND DIRECTION     S (190)
  HIGHEST GUST SPEED    21   HIGHEST GUST DIRECTION     S (190)
  AVERAGE WIND SPEED     7.0


SKY COVER
  AVERAGE SKY COVER 0.0


WEATHER CONDITIONS
 THE FOLLOWING WEATHER WAS RECORDED YESTERDAY.
  NO SIGNIFICANT WEATHER WAS OBSERVED.


RELATIVE HUMIDITY (PERCENT)
 HIGHEST    84           300 AM
 LOWEST     20           200 PM
 AVERAGE    52

..........................................................




SUNRISE AND SUNSET
JULY  5 2015..........SUNRISE   524 AM MDT   SUNSET   849 PM MDT
JULY  6 2015..........SUNRISE   525 AM MDT   SUNSET   849 PM MDT


-  INDICATES NEGATIVE NUMBERS.
R  INDICATES RECORD WAS SET OR TIED.
MM INDICATES DATA IS MISSING.
T  INDICATES TRACE AMOUNT.




$$
