000
CDUS43 KUNR 210831
CLIGCC


CLIMATE REPORT
NATIONAL WEATHER SERVICE RAPID CITY SD
231 AM MDT TUE OCT 21 2014


...................................

...THE GILLETTE AIRPORT WY CLIMATE SUMMARY FOR OCTOBER 20 2014...

CLIMATE NORMAL PERIOD 1981 TO 2010
CLIMATE RECORD PERIOD 9999 TO 9999


WEATHER ITEM   OBSERVED TIME   NORMAL DEPARTURE LAST
                VALUE   (LST)  VALUE  FROM      YEAR
                                      NORMAL
......................................................
TEMPERATURE (F)
 YESTERDAY
  MAXIMUM         79    256 PM  57     22       44
  MINIMUM         45    647 AM  30     15       35
  AVERAGE         62            44     18       40

PRECIPITATION (IN)
  YESTERDAY        0.00          0.04  -0.04     0.05
  MONTH TO DATE    0.59          0.96  -0.37     2.59
  SINCE SEP 1      1.88          2.15  -0.27     4.97
  SINCE JAN 1     17.14         12.63   4.51    18.40

DEGREE DAYS
 HEATING
  YESTERDAY        3            21    -18       25
  MONTH TO DATE  260           358    -98      429
  SINCE SEP 1    487           596   -109      570
  SINCE JUL 1    536           653   -117      570

 COOLING
  YESTERDAY        0             0      0        0
  MONTH TO DATE    0             0      0        0
  SINCE SEP 1     57            40     17       93
  SINCE JAN 1    412           500    -88      615
......................................................


WIND (MPH)
  HIGHEST WIND SPEED    21   HIGHEST WIND DIRECTION     S (170)
  HIGHEST GUST SPEED    25   HIGHEST GUST DIRECTION    SW (210)
  AVERAGE WIND SPEED    13.6


SKY COVER
  AVERAGE SKY COVER 0.0


WEATHER CONDITIONS
 THE FOLLOWING WEATHER WAS RECORDED YESTERDAY.
  NO SIGNIFICANT WEATHER WAS OBSERVED.


RELATIVE HUMIDITY (PERCENT)
 HIGHEST    65           400 AM
 LOWEST     15           200 PM
 AVERAGE    40

..........................................................




SUNRISE AND SUNSET
OCTOBER 21 2014.......SUNRISE   725 AM MDT   SUNSET   608 PM MDT
OCTOBER 22 2014.......SUNRISE   726 AM MDT   SUNSET   606 PM MDT


-  INDICATES NEGATIVE NUMBERS.
R  INDICATES RECORD WAS SET OR TIED.
MM INDICATES DATA IS MISSING.
T  INDICATES TRACE AMOUNT.




$$
