000
CDUS43 KUNR 290832
CLIGCC


CLIMATE REPORT
NATIONAL WEATHER SERVICE RAPID CITY SD
231 AM MDT FRI JUL 29 2016


...................................

...THE GILLETTE AIRPORT WY CLIMATE SUMMARY FOR JULY 28 2016...

CLIMATE NORMAL PERIOD 1981 TO 2010
CLIMATE RECORD PERIOD 9999 TO 9999


WEATHER ITEM   OBSERVED TIME   NORMAL DEPARTURE LAST
                VALUE   (LST)  VALUE  FROM      YEAR
                                      NORMAL
......................................................
TEMPERATURE (F)
 YESTERDAY
  MAXIMUM         78    452 PM  88    -10       72
  MINIMUM         56   1141 PM  57     -1       44
  AVERAGE         67            72     -5       58

PRECIPITATION (IN)
  YESTERDAY        0.25          0.05   0.20     0.00
  MONTH TO DATE    0.62          1.51  -0.89     1.04
  SINCE JUN 1      1.06          3.72  -2.66     4.15
  SINCE JAN 1      6.90          9.38  -2.48    11.27

DEGREE DAYS
 HEATING
  YESTERDAY        0             0      0        7
  MONTH TO DATE    7            14     -7       22
  SINCE JUN 1     41           156   -115       61
  SINCE JUL 1      7            14     -7       22

 COOLING
  YESTERDAY        2             8     -6        0
  MONTH TO DATE  199           192      7      152
  SINCE JUN 1    363           252    111      226
  SINCE JAN 1    363           260    103      226
......................................................


WIND (MPH)
  HIGHEST WIND SPEED    23   HIGHEST WIND DIRECTION     W (260)
  HIGHEST GUST SPEED    28   HIGHEST GUST DIRECTION     W (260)
  AVERAGE WIND SPEED     7.7


SKY COVER
  AVERAGE SKY COVER 0.3


WEATHER CONDITIONS
 THE FOLLOWING WEATHER WAS RECORDED YESTERDAY.
  THUNDERSTORM
  HEAVY RAIN
  RAIN
  LIGHT RAIN
  FOG


RELATIVE HUMIDITY (PERCENT)
 HIGHEST   100           600 AM
 LOWEST     40           500 PM
 AVERAGE    70

..........................................................




SUNRISE AND SUNSET
JULY 29 2016..........SUNRISE   547 AM MDT   SUNSET   830 PM MDT
JULY 30 2016..........SUNRISE   548 AM MDT   SUNSET   829 PM MDT


-  INDICATES NEGATIVE NUMBERS.
R  INDICATES RECORD WAS SET OR TIED.
MM INDICATES DATA IS MISSING.
T  INDICATES TRACE AMOUNT.




$$
