000
CDUS43 KUNR 200831
CLIGCC


CLIMATE REPORT
NATIONAL WEATHER SERVICE RAPID CITY SD
231 AM MDT WED AUG 20 2014


...................................

...THE GILLETTE AIRPORT WY CLIMATE SUMMARY FOR AUGUST 19 2014...

CLIMATE NORMAL PERIOD 1981 TO 2010
CLIMATE RECORD PERIOD 9999 TO 9999


WEATHER ITEM   OBSERVED TIME   NORMAL DEPARTURE LAST
                VALUE   (LST)  VALUE  FROM      YEAR
                                      NORMAL
......................................................
TEMPERATURE (F)
 YESTERDAY
  MAXIMUM         93    336 PM  86      7       94
  MINIMUM         60    518 AM  53      7       55
  AVERAGE         77            69      8       75

PRECIPITATION (IN)
  YESTERDAY        0.00          0.03  -0.03     0.00
  MONTH TO DATE    0.27          0.64  -0.37     0.99
  SINCE JUN 1      3.78          4.51  -0.73     6.39
  SINCE JAN 1     13.38         10.17   3.21    13.43

DEGREE DAYS
 HEATING
  YESTERDAY        0             1     -1        0
  MONTH TO DATE    0            16    -16        0
  SINCE JUN 1    205           177     28      117
  SINCE JUL 1     13            35    -22        0

 COOLING
  YESTERDAY       12             5      7       10
  MONTH TO DATE  129           128      1      123
  SINCE JUN 1    323           402    -79      387
  SINCE JAN 1    331           410    -79      395
......................................................


WIND (MPH)
  HIGHEST WIND SPEED    24   HIGHEST WIND DIRECTION    SW (230)
  HIGHEST GUST SPEED    30   HIGHEST GUST DIRECTION    SW (220)
  AVERAGE WIND SPEED     8.8


SKY COVER
  AVERAGE SKY COVER 0.0


WEATHER CONDITIONS
 THE FOLLOWING WEATHER WAS RECORDED YESTERDAY.
  NO SIGNIFICANT WEATHER WAS OBSERVED.


RELATIVE HUMIDITY (PERCENT)
 HIGHEST    60           300 AM
 LOWEST     13           400 PM
 AVERAGE    37

..........................................................




SUNRISE AND SUNSET
AUGUST 20 2014........SUNRISE   611 AM MDT   SUNSET   759 PM MDT
AUGUST 21 2014........SUNRISE   612 AM MDT   SUNSET   757 PM MDT


-  INDICATES NEGATIVE NUMBERS.
R  INDICATES RECORD WAS SET OR TIED.
MM INDICATES DATA IS MISSING.
T  INDICATES TRACE AMOUNT.




$$
