000
CDUS43 KUNR 030842
CLIGCC


CLIMATE REPORT
NATIONAL WEATHER SERVICE RAPID CITY SD
138 AM MST TUE MAR 3 2015


...................................

...THE GILLETTE AIRPORT WY CLIMATE SUMMARY FOR MARCH 2 2015...

CLIMATE NORMAL PERIOD 1981 TO 2010
CLIMATE RECORD PERIOD 9999 TO 9999


WEATHER ITEM   OBSERVED TIME   NORMAL DEPARTURE LAST
                VALUE   (LST)  VALUE  FROM      YEAR
                                      NORMAL
......................................................
TEMPERATURE (F)
 YESTERDAY
  MAXIMUM         44    220 PM  42      2        9
  MINIMUM         16    658 AM  20     -4      -11
  AVERAGE         30            31     -1       -1

PRECIPITATION (IN)
  YESTERDAY        0.03          0.02   0.01     0.00
  MONTH TO DATE    0.03          0.04  -0.01     0.16
  SINCE MAR 1      0.03          0.04  -0.01     0.16
  SINCE JAN 1      0.88          0.82   0.06     1.44

DEGREE DAYS
 HEATING
  YESTERDAY       35            34      1       66
  MONTH TO DATE   84            68     16      141
  SINCE MAR 1     84            68     16      141
  SINCE JUL 1   5174          5476   -302     5786

 COOLING
  YESTERDAY        0             0      0        0
  MONTH TO DATE    0             0      0        0
  SINCE MAR 1      0             0      0        0
  SINCE JAN 1      0             0      0        0
......................................................


WIND (MPH)
  HIGHEST WIND SPEED    31   HIGHEST WIND DIRECTION     N (350)
  HIGHEST GUST SPEED    36   HIGHEST GUST DIRECTION     N (350)
  AVERAGE WIND SPEED    14.2


SKY COVER
  AVERAGE SKY COVER 0.2


WEATHER CONDITIONS
 THE FOLLOWING WEATHER WAS RECORDED YESTERDAY.
  SNOW
  LIGHT SNOW
  FOG
  HAZE


RELATIVE HUMIDITY (PERCENT)
 HIGHEST    80           600 AM
 LOWEST     22           200 PM
 AVERAGE    51

..........................................................




SUNRISE AND SUNSET
MARCH  3 2015.........SUNRISE   636 AM MST   SUNSET   553 PM MST
MARCH  4 2015.........SUNRISE   634 AM MST   SUNSET   554 PM MST


-  INDICATES NEGATIVE NUMBERS.
R  INDICATES RECORD WAS SET OR TIED.
MM INDICATES DATA IS MISSING.
T  INDICATES TRACE AMOUNT.




$$
