000
CDUS43 KUNR 240846
CLIGCC


CLIMATE REPORT
NATIONAL WEATHER SERVICE RAPID CITY SD
145 AM MST TUE JAN 24 2017


...................................

...THE GILLETTE AIRPORT WY CLIMATE SUMMARY FOR JANUARY 23 2017...

CLIMATE NORMAL PERIOD 1981 TO 2010
CLIMATE RECORD PERIOD 9999 TO 9999


WEATHER ITEM   OBSERVED TIME   NORMAL DEPARTURE LAST
                VALUE   (LST)  VALUE  FROM      YEAR
                                      NORMAL
......................................................
TEMPERATURE (F)
 YESTERDAY
  MAXIMUM         36   1211 PM  37     -1       49
  MINIMUM         15   1109 PM  15      0       28
  AVERAGE         26            26      0       39

PRECIPITATION (IN)
  YESTERDAY        T             0.02  -0.02     0.00
  MONTH TO DATE    0.14          0.26  -0.12     0.30
  SINCE DEC 1      0.99          0.66   0.33     0.78
  SINCE JAN 1      0.14          0.26  -0.12     0.30

DEGREE DAYS
 HEATING
  YESTERDAY       39            39      0       26
  MONTH TO DATE  863           902    -39      864
  SINCE DEC 1   2132          2168    -36     2064
  SINCE JUL 1   3525          4043   -518     3624

 COOLING
  YESTERDAY        0             0      0        0
  MONTH TO DATE    0             0      0        0
  SINCE DEC 1      0             0      0        0
  SINCE JAN 1      0             0      0        0
......................................................


WIND (MPH)
  HIGHEST WIND SPEED    18   HIGHEST WIND DIRECTION     N (10)
  HIGHEST GUST SPEED    21   HIGHEST GUST DIRECTION     N (10)
  AVERAGE WIND SPEED     8.7


SKY COVER
  AVERAGE SKY COVER 0.4


WEATHER CONDITIONS
 THE FOLLOWING WEATHER WAS RECORDED YESTERDAY.
  LIGHT SNOW
  FOG
  FOG W/VISIBILITY <= 1/4 MILE


RELATIVE HUMIDITY (PERCENT)
 HIGHEST    96           800 AM
 LOWEST     59          1100 AM
 AVERAGE    78

..........................................................




SUNRISE AND SUNSET
JANUARY 24 2017.......SUNRISE   728 AM MST   SUNSET   501 PM MST
JANUARY 25 2017.......SUNRISE   727 AM MST   SUNSET   502 PM MST


-  INDICATES NEGATIVE NUMBERS.
R  INDICATES RECORD WAS SET OR TIED.
MM INDICATES DATA IS MISSING.
T  INDICATES TRACE AMOUNT.




$$
