000
CDUS43 KUNR 270831
CLIGCC


CLIMATE REPORT
NATIONAL WEATHER SERVICE RAPID CITY SD
130 AM MST MON FEB 27 2017


...................................

...THE GILLETTE AIRPORT WY CLIMATE SUMMARY FOR FEBRUARY 26 2017...

CLIMATE NORMAL PERIOD 1981 TO 2010
CLIMATE RECORD PERIOD 9999 TO 9999


WEATHER ITEM   OBSERVED TIME   NORMAL DEPARTURE LAST
                VALUE   (LST)  VALUE  FROM      YEAR
                                      NORMAL
......................................................
TEMPERATURE (F)
 YESTERDAY
  MAXIMUM         33    316 PM  41     -8       62
  MINIMUM         16    354 AM  19     -3       30
  AVERAGE         25            30     -5       46

PRECIPITATION (IN)
  YESTERDAY        0.00          0.01  -0.01     0.00
  MONTH TO DATE    0.30          0.36  -0.06     0.96
  SINCE DEC 1      1.69          1.15   0.54     1.84
  SINCE JAN 1      0.84          0.75   0.09     1.36

DEGREE DAYS
 HEATING
  YESTERDAY       40            35      5       19
  MONTH TO DATE  837           984   -147      795
  SINCE DEC 1   3291          3464   -173     3106
  SINCE JUL 1   4684          5339   -655     4666

 COOLING
  YESTERDAY        0             0      0        0
  MONTH TO DATE    0             0      0        0
  SINCE DEC 1      0             0      0        0
  SINCE JAN 1      0             0      0        0
......................................................


WIND (MPH)
  HIGHEST WIND SPEED    18   HIGHEST WIND DIRECTION    SW (230)
  HIGHEST GUST SPEED    21   HIGHEST GUST DIRECTION    SW (230)
  AVERAGE WIND SPEED    11.9


SKY COVER
  AVERAGE SKY COVER 0.2


WEATHER CONDITIONS
 THE FOLLOWING WEATHER WAS RECORDED YESTERDAY.
  NO SIGNIFICANT WEATHER WAS OBSERVED.


RELATIVE HUMIDITY (PERCENT)
 HIGHEST    84           100 AM
 LOWEST     33           200 PM
 AVERAGE    59

..........................................................




SUNRISE AND SUNSET
FEBRUARY 27 2017......SUNRISE   642 AM MST   SUNSET   548 PM MST
FEBRUARY 28 2017......SUNRISE   640 AM MST   SUNSET   549 PM MST


-  INDICATES NEGATIVE NUMBERS.
R  INDICATES RECORD WAS SET OR TIED.
MM INDICATES DATA IS MISSING.
T  INDICATES TRACE AMOUNT.




$$
