000
CDUS43 KUNR 280832
CLIGCC


CLIMATE REPORT
NATIONAL WEATHER SERVICE RAPID CITY SD
131 AM MST SUN DEC 28 2014


...................................

...THE GILLETTE AIRPORT WY CLIMATE SUMMARY FOR DECEMBER 27 2014...

CLIMATE NORMAL PERIOD 1981 TO 2010
CLIMATE RECORD PERIOD 9999 TO 9999


WEATHER ITEM   OBSERVED TIME   NORMAL DEPARTURE LAST
                VALUE   (LST)  VALUE  FROM      YEAR
                                      NORMAL
......................................................
TEMPERATURE (F)
 YESTERDAY
  MAXIMUM         25    209 PM  36    -11       45
  MINIMUM          7    735 AM  13     -6       34
  AVERAGE         16            24     -8       40

PRECIPITATION (IN)
  YESTERDAY        0.00          0.01  -0.01     0.00
  MONTH TO DATE    0.28          0.35  -0.07     0.57
  SINCE DEC 1      0.28          0.35  -0.07     0.57
  SINCE JAN 1     18.22         13.84   4.38    19.17

DEGREE DAYS
 HEATING
  YESTERDAY       49            41      8       25
  MONTH TO DATE  906          1104   -198     1245
  SINCE DEC 1    906          1104   -198     1245
  SINCE JUL 1   2689          2979   -290     2957

 COOLING
  YESTERDAY        0             0      0        0
  MONTH TO DATE    0             0      0        0
  SINCE DEC 1      0             0      0        0
  SINCE JAN 1    412           502    -90      615
......................................................


WIND (MPH)
  HIGHEST WIND SPEED    18   HIGHEST WIND DIRECTION    SW (220)
  HIGHEST GUST SPEED    23   HIGHEST GUST DIRECTION    SW (220)
  AVERAGE WIND SPEED     8.1


SKY COVER
  AVERAGE SKY COVER 0.3


WEATHER CONDITIONS
 THE FOLLOWING WEATHER WAS RECORDED YESTERDAY.
  NO SIGNIFICANT WEATHER WAS OBSERVED.


RELATIVE HUMIDITY (PERCENT)
 HIGHEST    91           300 AM
 LOWEST     54           800 PM
 AVERAGE    73

..........................................................




SUNRISE AND SUNSET
DECEMBER 28 2014......SUNRISE   737 AM MST   SUNSET   430 PM MST
DECEMBER 29 2014......SUNRISE   738 AM MST   SUNSET   431 PM MST


-  INDICATES NEGATIVE NUMBERS.
R  INDICATES RECORD WAS SET OR TIED.
MM INDICATES DATA IS MISSING.
T  INDICATES TRACE AMOUNT.




$$
