000
CDUS43 KDDC 210708
CLIGCK


CLIMATE REPORT
NATIONAL WEATHER SERVICE DODGE CITY KS
108 AM CST TUE NOV 21 2017


...................................

...THE GARDEN CITY REGIONAL ARPT KS CLIMATE SUMMARY FOR NOVEMBER 20 2017...

CLIMATE NORMAL PERIOD 1981 TO 2010
CLIMATE RECORD PERIOD 1948 TO 2017


WEATHER ITEM   OBSERVED TIME   RECORD YEAR NORMAL DEPARTURE LAST
                VALUE   (LST)  VALUE       VALUE  FROM      YEAR
                                                  NORMAL
..................................................................
TEMPERATURE (F)
 YESTERDAY
  MAXIMUM         68    422 PM  78    1955  53     15       61
  MINIMUM         20    732 AM  11    1985  26     -6       25
  AVERAGE         44                        39      5       43

PRECIPITATION (IN)
  YESTERDAY        0.00          0.29 2004   0.02  -0.02     0.00
  MONTH TO DATE    0.01                      0.39  -0.38     0.07
  SINCE SEP 1      5.75                      3.14   2.61     0.26
  SINCE JAN 1     20.57                     18.79   1.78    20.09

DEGREE DAYS
 HEATING
  YESTERDAY       21                        26     -5
  MONTH TO DATE  422                       420      2
  SINCE SEP 1    770                       806    -36
  SINCE JUL 1    770                       810    -40

 COOLING
  YESTERDAY        0                         0      0
  MONTH TO DATE    0                         0      0
  SINCE SEP 1    226                       182     44
  SINCE JAN 1   1373                      1298     75
..................................................................


WIND (MPH)
  HIGHEST WIND SPEED    17   HIGHEST WIND DIRECTION    SW (220)
  HIGHEST GUST SPEED    22   HIGHEST GUST DIRECTION    SW (220)
  AVERAGE WIND SPEED     8.1



WEATHER CONDITIONS
 THE FOLLOWING WEATHER WAS RECORDED YESTERDAY.
  NO SIGNIFICANT WEATHER WAS OBSERVED.


RELATIVE HUMIDITY (PERCENT)
 HIGHEST    74           600 AM
 LOWEST      9           300 PM
 AVERAGE    42

..........................................................


THE GARDEN CITY REGIONAL ARPT KS CLIMATE NORMALS FOR TODAY
                         NORMAL    RECORD    YEAR
 MAXIMUM TEMPERATURE (F)   53        77      1974
 MINIMUM TEMPERATURE (F)   25         8      1977


SUNRISE AND SUNSET
NOVEMBER 21 2017......SUNRISE   730 AM CST   SUNSET   527 PM CST
NOVEMBER 22 2017......SUNRISE   731 AM CST   SUNSET   527 PM CST


-  INDICATES NEGATIVE NUMBERS.
R  INDICATES RECORD WAS SET OR TIED.
MM INDICATES DATA IS MISSING.
T  INDICATES TRACE AMOUNT.




$$
