000
CDUS43 KDDC 290706
CLIGCK


CLIMATE REPORT
NATIONAL WEATHER SERVICE DODGE CITY KS
206 AM CDT WED MAR 29 2017


...................................

...THE GARDEN CITY REGIONAL ARPT KS CLIMATE SUMMARY FOR MARCH 28 2017...

CLIMATE NORMAL PERIOD 1981 TO 2010
CLIMATE RECORD PERIOD 1948 TO 2017


WEATHER ITEM   OBSERVED TIME   RECORD YEAR NORMAL DEPARTURE LAST
                VALUE   (LST)  VALUE       VALUE  FROM      YEAR
                                                  NORMAL
..................................................................
TEMPERATURE (F)
 YESTERDAY
  MAXIMUM         49    206 AM  90    1963  62    -13       75
  MINIMUM         44   1159 PM   3    1970  33     11       27
  AVERAGE         47                        47      0       51

PRECIPITATION (IN)
  YESTERDAY        1.44R         0.48 1951   0.06   1.38     0.00
  MONTH TO DATE    1.66                      1.28   0.38      T
  SINCE MAR 1      1.66                      1.28   0.38      T
  SINCE JAN 1      2.95                      2.16   0.79     0.22

DEGREE DAYS
 HEATING
  YESTERDAY       18                        18      0
  MONTH TO DATE  449                       611   -162
  SINCE MAR 1    449                       611   -162
  SINCE JUL 1   3923                      4635   -712

 COOLING
  YESTERDAY        0                         0      0
  MONTH TO DATE    8                         0      8
  SINCE MAR 1      8                         0      8
  SINCE JAN 1      8                         0      8
..................................................................


WIND (MPH)
  HIGHEST WIND SPEED    33   HIGHEST WIND DIRECTION     E (70)
  HIGHEST GUST SPEED    40   HIGHEST GUST DIRECTION     E (70)
  AVERAGE WIND SPEED    15.8



WEATHER CONDITIONS
 THE FOLLOWING WEATHER WAS RECORDED YESTERDAY.
  THUNDERSTORM
  HEAVY RAIN
  RAIN
  LIGHT RAIN
  FOG


RELATIVE HUMIDITY (PERCENT)
 HIGHEST   100           100 PM
 LOWEST     77          1200 AM
 AVERAGE    89

..........................................................


THE GARDEN CITY REGIONAL ARPT KS CLIMATE NORMALS FOR TODAY
                         NORMAL    RECORD    YEAR
 MAXIMUM TEMPERATURE (F)   62        85      1986
 MINIMUM TEMPERATURE (F)   33         7      1987


SUNRISE AND SUNSET
MARCH 29 2017.........SUNRISE   732 AM CDT   SUNSET   803 PM CDT
MARCH 30 2017.........SUNRISE   731 AM CDT   SUNSET   804 PM CDT


-  INDICATES NEGATIVE NUMBERS.
R  INDICATES RECORD WAS SET OR TIED.
MM INDICATES DATA IS MISSING.
T  INDICATES TRACE AMOUNT.




$$
