000
CDUS43 KDDC 052333
CLIGCK


CLIMATE REPORT
NATIONAL WEATHER SERVICE DODGE CITY KS
532 PM CST FRI FEB 5 2016


...................................

...THE GARDEN CITY REGIONAL ARPT KS CLIMATE SUMMARY FOR FEBRUARY 5 2016...
VALID TODAY AS OF 0500 PM LOCAL TIME.

CLIMATE NORMAL PERIOD 1981 TO 2010
CLIMATE RECORD PERIOD 1948 TO 2016


WEATHER ITEM   OBSERVED TIME   RECORD YEAR NORMAL DEPARTURE LAST
                VALUE   (LST)  VALUE       VALUE  FROM      YEAR
                                                  NORMAL
..................................................................
TEMPERATURE (F)
 TODAY
  MAXIMUM         41    359 PM  78    1963  46     -5       51
  MINIMUM         23    215 AM -13    1982  19      4       13
  AVERAGE         32                        32      0       32

PRECIPITATION (IN)
  TODAY            0.00          0.12 2008   0.02  -0.02     0.00
  MONTH TO DATE    0.07                      0.08  -0.01      T
  SINCE DEC 1      1.20                      0.94   0.26     0.43
  SINCE JAN 1      0.10                      0.42  -0.32     0.38

DEGREE DAYS
 HEATING
  TODAY           33                        33      0       33
  MONTH TO DATE  183                       165     18      177
  SINCE DEC 1   2072                      2256   -184     2150
  SINCE JUL 1   2909                      3345   -436     3189

 COOLING
  TODAY            0                         0      0        0
  MONTH TO DATE    0                         0      0        0
  SINCE DEC 1      0                         0      0        0
  SINCE JAN 1      0                         0      0        0
..................................................................


WIND (MPH)
  HIGHEST WIND SPEED    23   HIGHEST WIND DIRECTION     N (360)
  HIGHEST GUST SPEED    28   HIGHEST GUST DIRECTION     N (350)
  AVERAGE WIND SPEED    12.1



WEATHER CONDITIONS
 THE FOLLOWING WEATHER WAS RECORDED TODAY.
  NO SIGNIFICANT WEATHER WAS OBSERVED.


RELATIVE HUMIDITY (PERCENT)
 HIGHEST    74          1200 AM
 LOWEST     50           200 PM
 AVERAGE    62

..........................................................


THE GARDEN CITY REGIONAL ARPT KS CLIMATE NORMALS FOR TOMORROW
                         NORMAL    RECORD    YEAR
 MAXIMUM TEMPERATURE (F)   46        81      2009
 MINIMUM TEMPERATURE (F)   19       -13      1982


SUNRISE AND SUNSET
FEBRUARY  5 2016......SUNRISE   744 AM CST   SUNSET   610 PM CST
FEBRUARY  6 2016......SUNRISE   743 AM CST   SUNSET   611 PM CST


-  INDICATES NEGATIVE NUMBERS.
R  INDICATES RECORD WAS SET OR TIED.
MM INDICATES DATA IS MISSING.
T  INDICATES TRACE AMOUNT.




$$
