000
CDUS43 KDDC 280708
CLIGCK


CLIMATE REPORT
NATIONAL WEATHER SERVICE DODGE CITY KS
206 AM CDT SUN MAY 28 2017


...................................

...THE GARDEN CITY REGIONAL ARPT KS CLIMATE SUMMARY FOR MAY 27 2017...

CLIMATE NORMAL PERIOD 1981 TO 2010
CLIMATE RECORD PERIOD 1948 TO 2017


WEATHER ITEM   OBSERVED TIME   RECORD YEAR NORMAL DEPARTURE LAST
                VALUE   (LST)  VALUE       VALUE  FROM      YEAR
                                                  NORMAL
..................................................................
TEMPERATURE (F)
 YESTERDAY
  MAXIMUM         76    218 PM 101    2006  80     -4       76
  MINIMUM         54   1159 PM  32    1950  54      0       47
  AVERAGE         65                        67     -2       62

PRECIPITATION (IN)
  YESTERDAY        0.05          1.86 1980   0.11  -0.06     0.00
  MONTH TO DATE    1.01                      2.44  -1.43     0.38
  SINCE MAR 1      6.95                      5.62   1.33     4.92
  SINCE JAN 1      8.24                      6.50   1.74     5.14

DEGREE DAYS
 HEATING
  YESTERDAY        0                         2     -2
  MONTH TO DATE  141                       122     19
  SINCE MAR 1    954                      1160   -206
  SINCE JUL 1   4428                      5184   -756

 COOLING
  YESTERDAY        0                         4     -4
  MONTH TO DATE   46                        59    -13
  SINCE MAR 1     83                        71     12
  SINCE JAN 1     83                        71     12
..................................................................


WIND (MPH)
  HIGHEST WIND SPEED    28   HIGHEST WIND DIRECTION    NW (330)
  HIGHEST GUST SPEED    37   HIGHEST GUST DIRECTION    NW (330)
  AVERAGE WIND SPEED    15.5



WEATHER CONDITIONS
 THE FOLLOWING WEATHER WAS RECORDED YESTERDAY.
  LIGHT RAIN
  HAZE


RELATIVE HUMIDITY (PERCENT)
 HIGHEST    86          1100 PM
 LOWEST     46           100 PM
 AVERAGE    66

..........................................................


THE GARDEN CITY REGIONAL ARPT KS CLIMATE NORMALS FOR TODAY
                         NORMAL    RECORD    YEAR
 MAXIMUM TEMPERATURE (F)   80       101      1974
 MINIMUM TEMPERATURE (F)   54        40      1992


SUNRISE AND SUNSET
MAY 28 2017...........SUNRISE   624 AM CDT   SUNSET   857 PM CDT
MAY 29 2017...........SUNRISE   623 AM CDT   SUNSET   858 PM CDT


-  INDICATES NEGATIVE NUMBERS.
R  INDICATES RECORD WAS SET OR TIED.
MM INDICATES DATA IS MISSING.
T  INDICATES TRACE AMOUNT.




$$
