000
CDUS41 KPHI 180544
CLIGED


CLIMATE REPORT
NATIONAL WEATHER SERVICE MOUNT HOLLY NJ
143 AM EDT WED OCT 18 2017


...................................

...THE GEORGETOWN DE CLIMATE SUMMARY FOR OCTOBER 17 2017...

CLIMATE NORMAL PERIOD 1981 TO 2010
CLIMATE RECORD PERIOD 1948 TO 2017


WEATHER ITEM   OBSERVED TIME   RECORD YEAR NORMAL DEPARTURE LAST
                VALUE   (LST)  VALUE       VALUE  FROM      YEAR
                                                  NORMAL
..................................................................
TEMPERATURE (F)
 YESTERDAY
  MAXIMUM         61    306 PM  85    1989  68     -7       82
  MINIMUM         39   1129 PM  31    1973  47     -8       56
  AVERAGE         50                        57     -7       69

PRECIPITATION (IN)
  YESTERDAY        0.00          1.30 1974   0.13  -0.13     0.00
  MONTH TO DATE    0.77                      2.05  -1.28     3.01
  SINCE SEP 1      2.96                      6.18  -3.22    15.30
  SINCE JAN 1     36.97                     35.45   1.52    44.66

DEGREE DAYS
 HEATING
  YESTERDAY       15                         8      7        0
  MONTH TO DATE   36                       102    -66       64
  SINCE SEP 1     47                       139    -92       71
  SINCE JUL 1     47                       140    -93       71

 COOLING
  YESTERDAY        0                         0      0        4
  MONTH TO DATE   80                        18     62       16
  SINCE SEP 1    271                       160    111      249
  SINCE JAN 1   1504                      1189    315     1463
..................................................................


WIND (MPH)
  HIGHEST WIND SPEED    15   HIGHEST WIND DIRECTION    NE (30)
  HIGHEST GUST SPEED    19   HIGHEST GUST DIRECTION    NE (40)
  AVERAGE WIND SPEED     4.3


SKY COVER
  POSSIBLE SUNSHINE  MM
  AVERAGE SKY COVER 0.0


WEATHER CONDITIONS
 THE FOLLOWING WEATHER WAS RECORDED YESTERDAY.
  NO SIGNIFICANT WEATHER WAS OBSERVED.


RELATIVE HUMIDITY (PERCENT)
 HIGHEST    93          1100 PM
 LOWEST     40           300 PM
 AVERAGE    67

..........................................................


THE GEORGETOWN DE CLIMATE NORMALS FOR TODAY
                         NORMAL    RECORD    YEAR
 MAXIMUM TEMPERATURE (F)   68        84      2016
 MINIMUM TEMPERATURE (F)   46        26      1982


SUNRISE AND SUNSET
OCTOBER 18 2017.......SUNRISE   714 AM EDT   SUNSET   619 PM EDT
OCTOBER 19 2017.......SUNRISE   715 AM EDT   SUNSET   617 PM EDT


-  INDICATES NEGATIVE NUMBERS.
R  INDICATES RECORD WAS SET OR TIED.
MM INDICATES DATA IS MISSING.
T  INDICATES TRACE AMOUNT.




$$
