000
CDUS41 KPHI 182132
CLIGED


CLIMATE REPORT
NATIONAL WEATHER SERVICE MOUNT HOLLY NJ
528 PM EDT FRI APR 18 2014


...................................

...THE GEORGETOWN DE CLIMATE SUMMARY FOR APRIL 18 2014...
VALID TODAY AS OF 0500 PM LOCAL TIME.

CLIMATE NORMAL PERIOD 1981 TO 2010
CLIMATE RECORD PERIOD 1948 TO 2014


WEATHER ITEM   OBSERVED TIME   RECORD YEAR NORMAL DEPARTURE LAST
                VALUE   (LST)  VALUE       VALUE  FROM      YEAR
                                                  NORMAL
..................................................................
TEMPERATURE (F)
 TODAY
  MAXIMUM         52    349 PM  90    1976  65    -13       75
  MINIMUM         41    546 AM  27    1996  44     -3       55
  AVERAGE         47                        55     -8       65

PRECIPITATION (IN)
  TODAY            0.00          0.83 1982   0.12  -0.12     0.00
  MONTH TO DATE    1.99                      2.36  -0.37     1.53
  SINCE MAR 1      5.35                      6.41  -1.06     5.11
  SINCE JAN 1     12.53                     12.12   0.41    10.08

SNOWFALL (IN)
  TODAY           MM            MM      MM  MM     MM       MM
  MONTH TO DATE   MM                        MM     MM       MM
  SINCE MAR 1     MM                        MM     MM       MM
  SINCE JUL 1     MM                        MM     MM       MM
  SNOW DEPTH      MM

DEGREE DAYS
 HEATING
  TODAY           18                        11      7        0
  MONTH TO DATE  208                       238    -30      171
  SINCE MAR 1    948                       870     78      903
  SINCE JUL 1   4303                      4150    153     3883

 COOLING
  TODAY            0                         1     -1        0
  MONTH TO DATE   12                         8      4       24
  SINCE MAR 1     12                        10      2       24
  SINCE JAN 1     12                        10      2       24
..................................................................


WIND (MPH)
  HIGHEST WIND SPEED    16   HIGHEST WIND DIRECTION    NE (60)
  HIGHEST GUST SPEED    21   HIGHEST GUST DIRECTION    NE (40)
  AVERAGE WIND SPEED     9.3


SKY COVER
  POSSIBLE SUNSHINE  MM
  AVERAGE SKY COVER 0.8


WEATHER CONDITIONS
 THE FOLLOWING WEATHER WAS RECORDED TODAY.
  NO SIGNIFICANT WEATHER WAS OBSERVED.


RELATIVE HUMIDITY (PERCENT)
 HIGHEST    73           500 AM
 LOWEST     54           300 PM
 AVERAGE    64

..........................................................


THE GEORGETOWN DE CLIMATE NORMALS FOR TOMORROW
                         NORMAL    RECORD    YEAR
 MAXIMUM TEMPERATURE (F)   66        91      1976
 MINIMUM TEMPERATURE (F)   45        29      2001
                                             1990


SUNRISE AND SUNSET
APRIL 18 2014.........SUNRISE   621 AM EDT   SUNSET   741 PM EDT
APRIL 19 2014.........SUNRISE   620 AM EDT   SUNSET   742 PM EDT


-  INDICATES NEGATIVE NUMBERS.
R  INDICATES RECORD WAS SET OR TIED.
MM INDICATES DATA IS MISSING.
T  INDICATES TRACE AMOUNT.




$$
