000
CDUS41 KPHI 230546
CLIGED


CLIMATE REPORT
NATIONAL WEATHER SERVICE MOUNT HOLLY NJ
145 AM EDT WED AUG 23 2017


...................................

...THE GEORGETOWN DE CLIMATE SUMMARY FOR AUGUST 22 2017...

CLIMATE NORMAL PERIOD 1981 TO 2010
CLIMATE RECORD PERIOD 1948 TO 2017


WEATHER ITEM   OBSERVED TIME   RECORD YEAR NORMAL DEPARTURE LAST
                VALUE   (LST)  VALUE       VALUE  FROM      YEAR
                                                  NORMAL
..................................................................
TEMPERATURE (F)
 YESTERDAY
  MAXIMUM         92    246 PM  96    1968  84      8       83
  MINIMUM         75    135 AM  50    1984  66      9       64
  AVERAGE         84                        75      9       74

PRECIPITATION (IN)
  YESTERDAY        0.00          5.03 1973   0.13  -0.13     0.00
  MONTH TO DATE    6.00                      2.42   3.58     3.88
  SINCE JUN 1     16.42                     11.22   5.20    11.13
  SINCE JAN 1     32.60                     28.16   4.44    29.36

DEGREE DAYS
 HEATING
  YESTERDAY        0                         0      0        0
  MONTH TO DATE    0                         0      0        0
  SINCE JUN 1     12                        13     -1        1
  SINCE JUL 1      0                         0      0        0

 COOLING
  YESTERDAY       19                        10      9        9
  MONTH TO DATE  263                       247     16      327
  SINCE JUN 1   1030                       853    177     1022
  SINCE JAN 1   1176                       947    229     1112
..................................................................


WIND (MPH)
  HIGHEST WIND SPEED    20   HIGHEST WIND DIRECTION     S (190)
  HIGHEST GUST SPEED    25   HIGHEST GUST DIRECTION     S (200)
  AVERAGE WIND SPEED    11.6


SKY COVER
  POSSIBLE SUNSHINE  MM
  AVERAGE SKY COVER 0.2


WEATHER CONDITIONS
 THE FOLLOWING WEATHER WAS RECORDED YESTERDAY.
  FOG


RELATIVE HUMIDITY (PERCENT)
 HIGHEST    94           200 AM
 LOWEST     49           300 PM
 AVERAGE    72

..........................................................


THE GEORGETOWN DE CLIMATE NORMALS FOR TODAY
                         NORMAL    RECORD    YEAR
 MAXIMUM TEMPERATURE (F)   84        94      1968
 MINIMUM TEMPERATURE (F)   66        50      1956


SUNRISE AND SUNSET
AUGUST 23 2017........SUNRISE   623 AM EDT   SUNSET   744 PM EDT
AUGUST 24 2017........SUNRISE   624 AM EDT   SUNSET   743 PM EDT


-  INDICATES NEGATIVE NUMBERS.
R  INDICATES RECORD WAS SET OR TIED.
MM INDICATES DATA IS MISSING.
T  INDICATES TRACE AMOUNT.




$$
