000
CDUS41 KPHI 220633
CLIGED


CLIMATE REPORT
NATIONAL WEATHER SERVICE MOUNT HOLLY NJ
232 AM EDT MON MAY 22 2017


...................................

...THE GEORGETOWN DE CLIMATE SUMMARY FOR MAY 21 2017...

CLIMATE NORMAL PERIOD 1981 TO 2010
CLIMATE RECORD PERIOD 1948 TO 2017


WEATHER ITEM   OBSERVED TIME   RECORD YEAR NORMAL DEPARTURE LAST
                VALUE   (LST)  VALUE       VALUE  FROM      YEAR
                                                  NORMAL
..................................................................
TEMPERATURE (F)
 YESTERDAY
  MAXIMUM         67    201 PM  94    1996  75     -8       63
  MINIMUM         49    504 AM  33    1992  54     -5       52
  AVERAGE         58                        65     -7       58

PRECIPITATION (IN)
  YESTERDAY        0.00          1.09 1980   0.12  -0.12     0.91
  MONTH TO DATE    2.78                      2.23   0.55     4.77
  SINCE MAR 1      9.63                      9.91  -0.28    10.13
  SINCE JAN 1     13.87                     15.62  -1.75    16.60

DEGREE DAYS
 HEATING
  YESTERDAY        7                         3      4        7
  MONTH TO DATE  102                       112    -10      149
  SINCE MAR 1    883                      1092   -209      971
  SINCE JUL 1   3568                      4372   -804     3649

 COOLING
  YESTERDAY        0                         3     -3        0
  MONTH TO DATE   56                        38     18        0
  SINCE MAR 1    124                        58     66       21
  SINCE JAN 1    124                        58     66       21
..................................................................


WIND (MPH)
  HIGHEST WIND SPEED    20   HIGHEST WIND DIRECTION     E (90)
  HIGHEST GUST SPEED    26   HIGHEST GUST DIRECTION     E (90)
  AVERAGE WIND SPEED     9.2


SKY COVER
  POSSIBLE SUNSHINE  MM
  AVERAGE SKY COVER 0.6


WEATHER CONDITIONS
 THE FOLLOWING WEATHER WAS RECORDED YESTERDAY.
  NO SIGNIFICANT WEATHER WAS OBSERVED.


RELATIVE HUMIDITY (PERCENT)
 HIGHEST    86           400 AM
 LOWEST     48          1100 AM
 AVERAGE    67

..........................................................


THE GEORGETOWN DE CLIMATE NORMALS FOR TODAY
                         NORMAL    RECORD    YEAR
 MAXIMUM TEMPERATURE (F)   75        92      1996
 MINIMUM TEMPERATURE (F)   55        36      2002


SUNRISE AND SUNSET
MAY 22 2017...........SUNRISE   544 AM EDT   SUNSET   813 PM EDT
MAY 23 2017...........SUNRISE   543 AM EDT   SUNSET   814 PM EDT


-  INDICATES NEGATIVE NUMBERS.
R  INDICATES RECORD WAS SET OR TIED.
MM INDICATES DATA IS MISSING.
T  INDICATES TRACE AMOUNT.




$$
