000
CDUS41 KPHI 010640
CLIGED


CLIMATE REPORT
NATIONAL WEATHER SERVICE MOUNT HOLLY NJ
237 AM EDT SAT OCT 1 2016


...................................

...THE GEORGETOWN DE CLIMATE SUMMARY FOR SEPTEMBER 30 2016...

CLIMATE NORMAL PERIOD 1981 TO 2010
CLIMATE RECORD PERIOD 1948 TO 2016


WEATHER ITEM   OBSERVED TIME   RECORD YEAR NORMAL DEPARTURE LAST
                VALUE   (LST)  VALUE       VALUE  FROM      YEAR
                                                  NORMAL
..................................................................
TEMPERATURE (F)
 YESTERDAY
  MAXIMUM         69    602 AM  88    1973  73     -4       81
  MINIMUM         66   1159 PM  33    1951  53     13       67
  AVERAGE         68                        63      5       74

PRECIPITATION (IN)
  YESTERDAY        0.69          3.15 1964   0.12   0.57     0.44
  MONTH TO DATE   12.29                      4.13   8.16     3.16
  SINCE SEP 1     12.29                      4.13   8.16     3.16
  SINCE JAN 1     41.65                     33.40   8.25    28.36

SNOWFALL (IN)
  YESTERDAY       MM            MM      MM  MM     MM       MM
  MONTH TO DATE   MM                        MM     MM       MM
  SINCE SEP 1     MM                        MM     MM       MM
  SINCE JUL 1     MM                        MM     MM       MM
  SNOW DEPTH      MM

DEGREE DAYS
 HEATING
  YESTERDAY        0                         4     -4        0
  MONTH TO DATE    7                        37    -30        1
  SINCE SEP 1      7                        37    -30        1
  SINCE JUL 1      7                        38    -31        1

 COOLING
  YESTERDAY        3                         2      1        9
  MONTH TO DATE  233                       142     91      230
  SINCE SEP 1    233                       142     91      230
  SINCE JAN 1   1447                      1171    276     1399
..................................................................


WIND (MPH)
  HIGHEST WIND SPEED    26   HIGHEST WIND DIRECTION     E (80)
  HIGHEST GUST SPEED    34   HIGHEST GUST DIRECTION    NE (60)
  AVERAGE WIND SPEED    16.1


SKY COVER
  POSSIBLE SUNSHINE  MM
  AVERAGE SKY COVER 1.0


WEATHER CONDITIONS
 THE FOLLOWING WEATHER WAS RECORDED YESTERDAY.
  HEAVY RAIN
  RAIN
  LIGHT RAIN
  FOG


RELATIVE HUMIDITY (PERCENT)
 HIGHEST   100           900 AM
 LOWEST     93          1200 PM
 AVERAGE    97

..........................................................


THE GEORGETOWN DE CLIMATE NORMALS FOR TODAY
                         NORMAL    RECORD    YEAR
 MAXIMUM TEMPERATURE (F)   73        87      1986
 MINIMUM TEMPERATURE (F)   53        36      1993


SUNRISE AND SUNSET
OCTOBER  1 2016.......SUNRISE   658 AM EDT   SUNSET   643 PM EDT
OCTOBER  2 2016.......SUNRISE   659 AM EDT   SUNSET   642 PM EDT


-  INDICATES NEGATIVE NUMBERS.
R  INDICATES RECORD WAS SET OR TIED.
MM INDICATES DATA IS MISSING.
T  INDICATES TRACE AMOUNT.




$$
