000
CDUS41 KPHI 280628
CLIGED


CLIMATE REPORT
NATIONAL WEATHER SERVICE MOUNT HOLLY NJ
228 AM EDT SAT MAY 28 2016


...................................

...THE GEORGETOWN DE CLIMATE SUMMARY FOR MAY 27 2016...

CLIMATE NORMAL PERIOD 1981 TO 2010
CLIMATE RECORD PERIOD 1948 TO 2016


WEATHER ITEM   OBSERVED TIME   RECORD YEAR NORMAL DEPARTURE LAST
                VALUE   (LST)  VALUE       VALUE  FROM      YEAR
                                                  NORMAL
..................................................................
TEMPERATURE (F)
 YESTERDAY
  MAXIMUM         89    258 PM  95    1965  77     12       89
  MINIMUM         68    518 AM  39    1967  56     12       68
  AVERAGE         79                        67     12       79

PRECIPITATION (IN)
  YESTERDAY        0.00          0.84 1961   0.13  -0.13     0.00
  MONTH TO DATE    4.97                      3.04   1.93     1.19
  SINCE MAR 1     10.33                     10.72  -0.39     7.91
  SINCE JAN 1     16.80                     16.43   0.37    14.74

SNOWFALL (IN)
  YESTERDAY       MM            MM      MM  MM     MM       MM
  MONTH TO DATE   MM                        MM     MM       MM
  SINCE MAR 1     MM                        MM     MM       MM
  SINCE JUL 1     MM                        MM     MM       MM
  SNOW DEPTH      MM

DEGREE DAYS
 HEATING
  YESTERDAY        0                         2     -2        0
  MONTH TO DATE  159                       127     32       63
  SINCE MAR 1    981                      1107   -126     1128
  SINCE JUL 1   3659                      4387   -728     4616

 COOLING
  YESTERDAY       14                         4     10       14
  MONTH TO DATE   36                        58    -22      121
  SINCE MAR 1     57                        78    -21      126
  SINCE JAN 1     57                        78    -21      126
..................................................................


WIND (MPH)
  HIGHEST WIND SPEED    18   HIGHEST WIND DIRECTION     S (180)
  HIGHEST GUST SPEED    22   HIGHEST GUST DIRECTION     S (180)
  AVERAGE WIND SPEED    10.2


SKY COVER
  POSSIBLE SUNSHINE  MM
  AVERAGE SKY COVER 0.0


WEATHER CONDITIONS
 THE FOLLOWING WEATHER WAS RECORDED YESTERDAY.
  NO SIGNIFICANT WEATHER WAS OBSERVED.


RELATIVE HUMIDITY (PERCENT)
 HIGHEST    84           100 AM
 LOWEST     43           400 PM
 AVERAGE    64

..........................................................


THE GEORGETOWN DE CLIMATE NORMALS FOR TODAY
                         NORMAL    RECORD    YEAR
 MAXIMUM TEMPERATURE (F)   77        93      1965
 MINIMUM TEMPERATURE (F)   57        39      1972


SUNRISE AND SUNSET
MAY 28 2016...........SUNRISE   540 AM EDT   SUNSET   818 PM EDT
MAY 29 2016...........SUNRISE   540 AM EDT   SUNSET   819 PM EDT


-  INDICATES NEGATIVE NUMBERS.
R  INDICATES RECORD WAS SET OR TIED.
MM INDICATES DATA IS MISSING.
T  INDICATES TRACE AMOUNT.




$$
