000
CDUS41 KPHI 222129
CLIGED


CLIMATE REPORT
NATIONAL WEATHER SERVICE MOUNT HOLLY NJ
427 PM EST SUN JAN 22 2017


...................................

...THE GEORGETOWN DE CLIMATE SUMMARY FOR JANUARY 22 2017...
VALID TODAY AS OF 0400 PM LOCAL TIME.

CLIMATE NORMAL PERIOD 1981 TO 2010
CLIMATE RECORD PERIOD 1948 TO 2017


WEATHER ITEM   OBSERVED TIME   RECORD YEAR NORMAL DEPARTURE LAST
                VALUE   (LST)  VALUE       VALUE  FROM      YEAR
                                                  NORMAL
..................................................................
TEMPERATURE (F)
 TODAY
  MAXIMUM         50    359 PM  68    1959  43      7       31
  MINIMUM         46    606 AM  -1    1984  26     20       21
  AVERAGE         48                        35     13       26

PRECIPITATION (IN)
  TODAY            0.08          1.52 1954   0.09  -0.01     0.35
  MONTH TO DATE    2.28                      2.08   0.20     2.15
  SINCE DEC 1      5.08                      5.37  -0.29     6.31
  SINCE JAN 1      2.28                      2.08   0.20     2.15

DEGREE DAYS
 HEATING
  TODAY           17                        30    -13       39
  MONTH TO DATE  546                       657   -111      662
  SINCE DEC 1   1310                      1455   -145     1063
  SINCE JUL 1   1944                      2239   -295     1703

 COOLING
  TODAY            0                         0      0        0
  MONTH TO DATE    0                         0      0        0
  SINCE DEC 1      0                         0      0        9
  SINCE JAN 1      0                         0      0        0
..................................................................


WIND (MPH)
  HIGHEST WIND SPEED    16   HIGHEST WIND DIRECTION    NE (50)
  HIGHEST GUST SPEED    20   HIGHEST GUST DIRECTION    NE (40)
  AVERAGE WIND SPEED     7.8


SKY COVER
  POSSIBLE SUNSHINE  MM
  AVERAGE SKY COVER 1.0


WEATHER CONDITIONS
 THE FOLLOWING WEATHER WAS RECORDED TODAY.
  LIGHT RAIN
  FOG
  FOG W/VISIBILITY <= 1/4 MILE


RELATIVE HUMIDITY (PERCENT)
 HIGHEST   100           900 AM
 LOWEST     93          1200 AM
 AVERAGE    97

..........................................................


THE GEORGETOWN DE CLIMATE NORMALS FOR TOMORROW
                         NORMAL    RECORD    YEAR
 MAXIMUM TEMPERATURE (F)   43        70      1967
 MINIMUM TEMPERATURE (F)   26        -1      1970


SUNRISE AND SUNSET
JANUARY 22 2017.......SUNRISE   714 AM EST   SUNSET   512 PM EST
JANUARY 23 2017.......SUNRISE   714 AM EST   SUNSET   513 PM EST


-  INDICATES NEGATIVE NUMBERS.
R  INDICATES RECORD WAS SET OR TIED.
MM INDICATES DATA IS MISSING.
T  INDICATES TRACE AMOUNT.




$$
