000
CDUS41 KPHI 300629
CLIGED


CLIMATE REPORT
NATIONAL WEATHER SERVICE MOUNT HOLLY NJ
228 AM EDT MON MAR 30 2015


...................................

...THE GEORGETOWN DE CLIMATE SUMMARY FOR MARCH 29 2015...

CLIMATE NORMAL PERIOD 1981 TO 2010
CLIMATE RECORD PERIOD 1948 TO 2015


WEATHER ITEM   OBSERVED TIME   RECORD YEAR NORMAL DEPARTURE LAST
                VALUE   (LST)  VALUE       VALUE  FROM      YEAR
                                                  NORMAL
..................................................................
TEMPERATURE (F)
 YESTERDAY
  MAXIMUM         43    410 PM  82    1968  59    -16       64
  MINIMUM         25    621 AM  20    1982  39    -14       58
  AVERAGE         34                        49    -15       61

PRECIPITATION (IN)
  YESTERDAY        0.00          1.96 1984   0.16  -0.16     1.22
  MONTH TO DATE    3.59                      3.74  -0.15     2.94
  SINCE MAR 1      3.59                      3.74  -0.15     2.94
  SINCE JAN 1     10.42                      9.45   0.97    10.12

SNOWFALL (IN)
  YESTERDAY       MM            MM      MM  MM     MM       MM
  MONTH TO DATE   MM                        MM     MM       MM
  SINCE MAR 1     MM                        MM     MM       MM
  SINCE JUL 1     MM                        MM     MM       MM
  SNOW DEPTH      MM

DEGREE DAYS
 HEATING
  YESTERDAY       31                        16     15        4
  MONTH TO DATE  722                       600    122      709
  SINCE MAR 1    722                       600    122      709
  SINCE JUL 1   4210                      3880    330     4064

 COOLING
  YESTERDAY        0                         0      0        0
  MONTH TO DATE    0                         0      0        0
  SINCE MAR 1      0                         0      0        0
  SINCE JAN 1      0                         0      0        0
..................................................................


WIND (MPH)
  HIGHEST WIND SPEED    15   HIGHEST WIND DIRECTION     W (280)
  HIGHEST GUST SPEED    24   HIGHEST GUST DIRECTION    NW (330)
  AVERAGE WIND SPEED     7.5


SKY COVER
  POSSIBLE SUNSHINE  MM
  AVERAGE SKY COVER 0.0


WEATHER CONDITIONS
 THE FOLLOWING WEATHER WAS RECORDED YESTERDAY.
  NO SIGNIFICANT WEATHER WAS OBSERVED.


RELATIVE HUMIDITY (PERCENT)
 HIGHEST    53           100 AM
 LOWEST     22           500 PM
 AVERAGE    38

..........................................................


THE GEORGETOWN DE CLIMATE NORMALS FOR TODAY
                         NORMAL    RECORD    YEAR
 MAXIMUM TEMPERATURE (F)   59        83      1989
 MINIMUM TEMPERATURE (F)   39        26      1983


SUNRISE AND SUNSET
MARCH 30 2015.........SUNRISE   650 AM EDT   SUNSET   723 PM EDT
MARCH 31 2015.........SUNRISE   648 AM EDT   SUNSET   724 PM EDT


-  INDICATES NEGATIVE NUMBERS.
R  INDICATES RECORD WAS SET OR TIED.
MM INDICATES DATA IS MISSING.
T  INDICATES TRACE AMOUNT.




$$
