000
CDUS41 KPHI 300628
CLIGED


CLIMATE REPORT
NATIONAL WEATHER SERVICE MOUNT HOLLY NJ
228 AM EDT SAT APR 30 2016


...................................

...THE GEORGETOWN DE CLIMATE SUMMARY FOR APRIL 29 2016...

CLIMATE NORMAL PERIOD 1981 TO 2010
CLIMATE RECORD PERIOD 1948 TO 2016


WEATHER ITEM   OBSERVED TIME   RECORD YEAR NORMAL DEPARTURE LAST
                VALUE   (LST)  VALUE       VALUE  FROM      YEAR
                                                  NORMAL
..................................................................
TEMPERATURE (F)
 YESTERDAY
  MAXIMUM         52    234 PM  88    1990  69    -17       74
  MINIMUM         48   1217 AM  28    1949  47      1       43
  AVERAGE         50                        58     -8       59

PRECIPITATION (IN)
  YESTERDAY        T             1.16 2013   0.10  -0.10     0.00
  MONTH TO DATE    3.82                      3.55   0.27     2.95
  SINCE MAR 1      5.36                      7.60  -2.24     6.72
  SINCE JAN 1     11.83                     13.31  -1.48    13.55

SNOWFALL (IN)
  YESTERDAY       MM            MM      MM  MM     MM       MM
  MONTH TO DATE   MM                        MM     MM       MM
  SINCE MAR 1     MM                        MM     MM       MM
  SINCE JUL 1     MM                        MM     MM       MM
  SNOW DEPTH      MM

DEGREE DAYS
 HEATING
  YESTERDAY       15                         8      7        6
  MONTH TO DATE  360                       340     20      308
  SINCE MAR 1    810                       972   -162     1061
  SINCE JUL 1   3488                      4252   -764     4549

 COOLING
  YESTERDAY        0                         1     -1        0
  MONTH TO DATE   19                        19      0        5
  SINCE MAR 1     21                        21      0        5
  SINCE JAN 1     21                        21      0        5
..................................................................


WIND (MPH)
  HIGHEST WIND SPEED    15   HIGHEST WIND DIRECTION    NE (50)
  HIGHEST GUST SPEED    19   HIGHEST GUST DIRECTION    NE (50)
  AVERAGE WIND SPEED     9.2


SKY COVER
  POSSIBLE SUNSHINE  MM
  AVERAGE SKY COVER 1.0


WEATHER CONDITIONS
 THE FOLLOWING WEATHER WAS RECORDED YESTERDAY.
  LIGHT RAIN
  FOG


RELATIVE HUMIDITY (PERCENT)
 HIGHEST   100           100 AM
 LOWEST     89          1000 AM
 AVERAGE    95

..........................................................


THE GEORGETOWN DE CLIMATE NORMALS FOR TODAY
                         NORMAL    RECORD    YEAR
 MAXIMUM TEMPERATURE (F)   69        90      1974
 MINIMUM TEMPERATURE (F)   48        32      1992


SUNRISE AND SUNSET
APRIL 30 2016.........SUNRISE   605 AM EDT   SUNSET   753 PM EDT
MAY  1 2016...........SUNRISE   603 AM EDT   SUNSET   754 PM EDT


-  INDICATES NEGATIVE NUMBERS.
R  INDICATES RECORD WAS SET OR TIED.
MM INDICATES DATA IS MISSING.
T  INDICATES TRACE AMOUNT.




$$
