000
CDUS41 KPHI 200627
CLIGED


CLIMATE REPORT
NATIONAL WEATHER SERVICE MOUNT HOLLY NJ
226 AM EDT MON OCT 20 2014


...................................

...THE GEORGETOWN DE CLIMATE SUMMARY FOR OCTOBER 19 2014...

CLIMATE NORMAL PERIOD 1981 TO 2010
CLIMATE RECORD PERIOD 1948 TO 2014


WEATHER ITEM   OBSERVED TIME   RECORD YEAR NORMAL DEPARTURE LAST
                VALUE   (LST)  VALUE       VALUE  FROM      YEAR
                                                  NORMAL
..................................................................
TEMPERATURE (F)
 YESTERDAY
  MAXIMUM         58    221 PM  81    1953  67     -9       65
  MINIMUM         39   1159 PM  25    1976  46     -7       45
  AVERAGE         49                        57     -8       55

PRECIPITATION (IN)
  YESTERDAY        0.00          3.00 1966   0.13  -0.13     0.02
  MONTH TO DATE    1.95                      2.30  -0.35     4.47
  SINCE SEP 1      5.85                      6.43  -0.58     5.16
  SINCE JAN 1     36.15                     35.70   0.45    47.15

SNOWFALL (IN)
  YESTERDAY       MM            MM      MM  MM     MM       MM
  MONTH TO DATE   MM                        MM     MM       MM
  SINCE SEP 1     MM                        MM     MM       MM
  SINCE JUL 1     MM                        MM     MM       MM
  SNOW DEPTH      MM

DEGREE DAYS
 HEATING
  YESTERDAY       16                         9      7       10
  MONTH TO DATE   70                       119    -49       35
  SINCE SEP 1     85                       156    -71       87
  SINCE JUL 1     85                       157    -72       87

 COOLING
  YESTERDAY        0                         0      0        0
  MONTH TO DATE   23                        18      5       68
  SINCE SEP 1    198                       160     38      204
  SINCE JAN 1   1149                      1189    -40     1391
..................................................................


WIND (MPH)
  HIGHEST WIND SPEED    18   HIGHEST WIND DIRECTION     W (280)
  HIGHEST GUST SPEED    29   HIGHEST GUST DIRECTION     W (270)
  AVERAGE WIND SPEED     5.8


SKY COVER
  POSSIBLE SUNSHINE  MM
  AVERAGE SKY COVER 0.3


WEATHER CONDITIONS
 THE FOLLOWING WEATHER WAS RECORDED YESTERDAY.
  NO SIGNIFICANT WEATHER WAS OBSERVED.


RELATIVE HUMIDITY (PERCENT)
 HIGHEST    86          1000 PM
 LOWEST     36           200 PM
 AVERAGE    61

..........................................................


THE GEORGETOWN DE CLIMATE NORMALS FOR TODAY
                         NORMAL    RECORD    YEAR
 MAXIMUM TEMPERATURE (F)   67        83      1953
 MINIMUM TEMPERATURE (F)   46        26      1981


SUNRISE AND SUNSET
OCTOBER 20 2014.......SUNRISE   716 AM EDT   SUNSET   616 PM EDT
OCTOBER 21 2014.......SUNRISE   717 AM EDT   SUNSET   615 PM EDT


-  INDICATES NEGATIVE NUMBERS.
R  INDICATES RECORD WAS SET OR TIED.
MM INDICATES DATA IS MISSING.
T  INDICATES TRACE AMOUNT.




$$
