000
CDUS46 KOTX 250825
CLIGEG


CLIMATE REPORT
NATIONAL WEATHER SERVICE SPOKANE, WA
124 AM PDT SAT OCT 25 2014


...................................

...THE SPOKANE WA AIRPORT CLIMATE SUMMARY FOR OCTOBER 24 2014...

CLIMATE NORMAL PERIOD 1981 TO 2010
CLIMATE RECORD PERIOD 1881 TO 2014


WEATHER ITEM   OBSERVED TIME   RECORD YEAR NORMAL DEPARTURE LAST
                VALUE   (LST)  VALUE       VALUE  FROM      YEAR
                                                  NORMAL
..................................................................
TEMPERATURE (F)
 YESTERDAY
  MAXIMUM         54    240 PM  72    1944  54      0       61
                                      1907
  MINIMUM         42    719 AM  12    1887  35      7       39
  AVERAGE         48                        44      4       50

PRECIPITATION (IN)
  YESTERDAY        0.01          0.79 1943   0.05  -0.04     0.00
  MONTH TO DATE    0.85                      0.79   0.06     0.08
  SINCE OCT 1      0.85                      0.79   0.06     0.08
  SINCE JAN 1     11.11                     11.57  -0.46     9.11

SNOWFALL (IN)
  YESTERDAY        0.0           T    1956   0.0    0.0      0.0
  MONTH TO DATE    0.0                       0.0    0.0      0.0
  SINCE SEP 1      0.0                       0.0    0.0      0.0
  SINCE JUL 1      0.0                       0.0    0.0      0.0
  SNOW DEPTH       0

DEGREE DAYS
 HEATING
  YESTERDAY       17                        21     -4       15
  MONTH TO DATE  236                       385   -149      424
  SINCE SEP 1    330                       568   -238      584
  SINCE JUL 1    342                       633   -291      591

 COOLING
  YESTERDAY        0                         0      0        0
  MONTH TO DATE    1                         0      1        0
  SINCE SEP 1     48                        38     10      108
  SINCE JAN 1    654                       449    205      709
..................................................................


WIND (MPH)
  HIGHEST WIND SPEED    16   HIGHEST WIND DIRECTION    SW (220)
  HIGHEST GUST SPEED    19   HIGHEST GUST DIRECTION     S (200)
  AVERAGE WIND SPEED     7.0


SKY COVER
  POSSIBLE SUNSHINE  MM
  AVERAGE SKY COVER 1.0


WEATHER CONDITIONS
 THE FOLLOWING WEATHER WAS RECORDED YESTERDAY.
  LIGHT RAIN


RELATIVE HUMIDITY (PERCENT)
 HIGHEST    92          1200 AM
 LOWEST     64           100 PM
 AVERAGE    78

..........................................................


THE SPOKANE WA AIRPORT CLIMATE NORMALS FOR TODAY
                         NORMAL    RECORD    YEAR
 MAXIMUM TEMPERATURE (F)   53        71      1966
 MINIMUM TEMPERATURE (F)   35        12      1919


SUNRISE AND SUNSET
OCTOBER 25 2014.......SUNRISE   724 AM PDT   SUNSET   544 PM PDT
OCTOBER 26 2014.......SUNRISE   725 AM PDT   SUNSET   542 PM PDT


-  INDICATES NEGATIVE NUMBERS.
R  INDICATES RECORD WAS SET OR TIED.
MM INDICATES DATA IS MISSING.
T  INDICATES TRACE AMOUNT.




$$
