000
CDUS46 KOTX 010837
CLIGEG


CLIMATE REPORT
NATIONAL WEATHER SERVICE SPOKANE, WA
137 AM PDT WED JUL 1 2015


...................................

...THE SPOKANE WA AIRPORT CLIMATE SUMMARY FOR JUNE 30 2015...

CLIMATE NORMAL PERIOD 1981 TO 2010
CLIMATE RECORD PERIOD 1881 TO 2015


WEATHER ITEM   OBSERVED TIME   RECORD YEAR NORMAL DEPARTURE LAST
                VALUE   (LST)  VALUE       VALUE  FROM      YEAR
                                                  NORMAL
..................................................................
TEMPERATURE (F)
 YESTERDAY
  MAXIMUM         94    436 PM  99    1924  78     16       78
  MINIMUM         68    423 AM  37    1949  53     15       48
  AVERAGE         81                        66     15       63

PRECIPITATION (IN)
  YESTERDAY        0.00          0.85 1898   0.03  -0.03     0.00
  MONTH TO DATE    0.07                      1.25  -1.18     1.84
  SINCE OCT 1     11.56                     14.66  -3.10    11.57
  SINCE JAN 1      6.83                      8.88  -2.05     9.24

SNOWFALL (IN)
  YESTERDAY        0.0           0.0  2002   0.0    0.0      0.0
                                      2001
                                      2000
  MONTH TO DATE    0.0                       0.0    0.0      0.0
  SINCE JUN 1      0.0                       0.0    0.0      0.0
  SINCE JUL 1     17.6                      44.9  -27.3     37.6
  SNOW DEPTH       0

DEGREE DAYS
 HEATING
  YESTERDAY        0                         2     -2        2
  MONTH TO DATE   25                       136   -111      106
  SINCE JUN 1     25                       136   -111      106
  SINCE JUL 1   5420                      6593  -1173     6693

 COOLING
  YESTERDAY       16                         3     13        0
  MONTH TO DATE  225                        49    176       14
  SINCE JUN 1    225                        49    176       14
  SINCE JAN 1    257                        63    194       20
..................................................................


WIND (MPH)
  HIGHEST WIND SPEED    17   HIGHEST WIND DIRECTION    NW (300)
  HIGHEST GUST SPEED    23   HIGHEST GUST DIRECTION    SW (240)
  AVERAGE WIND SPEED     5.4


SKY COVER
  POSSIBLE SUNSHINE  MM
  AVERAGE SKY COVER 0.2


WEATHER CONDITIONS
 THE FOLLOWING WEATHER WAS RECORDED YESTERDAY.
  NO SIGNIFICANT WEATHER WAS OBSERVED.


RELATIVE HUMIDITY (PERCENT)
 HIGHEST    66           500 AM
 LOWEST     17           500 PM
 AVERAGE    42

..........................................................


THE SPOKANE WA AIRPORT CLIMATE NORMALS FOR TODAY
                         NORMAL    RECORD    YEAR
 MAXIMUM TEMPERATURE (F)   79       102      1924
 MINIMUM TEMPERATURE (F)   53        40      1979
                                             1955


SUNRISE AND SUNSET
JULY  1 2015..........SUNRISE   456 AM PDT   SUNSET   851 PM PDT
JULY  2 2015..........SUNRISE   457 AM PDT   SUNSET   851 PM PDT


-  INDICATES NEGATIVE NUMBERS.
R  INDICATES RECORD WAS SET OR TIED.
MM INDICATES DATA IS MISSING.
T  INDICATES TRACE AMOUNT.




$$
