000
CDUS46 KOTX 200830
CLIGEG


CLIMATE REPORT
NATIONAL WEATHER SERVICE SPOKANE, WA
130 AM PDT SAT SEP 20 2014


...................................

...THE SPOKANE WA AIRPORT CLIMATE SUMMARY FOR SEPTEMBER 19 2014...

CLIMATE NORMAL PERIOD 1981 TO 2010
CLIMATE RECORD PERIOD 1881 TO 2014


WEATHER ITEM   OBSERVED TIME   RECORD YEAR NORMAL DEPARTURE LAST
                VALUE   (LST)  VALUE       VALUE  FROM      YEAR
                                                  NORMAL
..................................................................
TEMPERATURE (F)
 YESTERDAY
  MAXIMUM         76    215 PM  92    1922  72      4       71
                                      1906
  MINIMUM         54    503 AM  32    1983  46      8       46
  AVERAGE         65                        59      6       59

PRECIPITATION (IN)
  YESTERDAY        0.00          1.04 1973   0.03  -0.03     0.00
  MONTH TO DATE    0.22                      0.41  -0.19     0.50
  SINCE OCT 1     12.55                     16.30  -3.75    15.33
  SINCE JAN 1     10.22                     10.52  -0.30     7.97

SNOWFALL (IN)
  YESTERDAY        0.0           0.0  2002   0.0    0.0      0.0
                                      2001
                                      1999
  MONTH TO DATE    0.0                       0.0    0.0      0.0
  SINCE SEP 1      0.0                       0.0    0.0      0.0
  SINCE JUL 1      0.0                       0.0    0.0      0.0
  SNOW DEPTH       0

DEGREE DAYS
 HEATING
  YESTERDAY        0                         7     -7        6
  MONTH TO DATE   68                        86    -18       28
  SINCE SEP 1     68                        86    -18       28
  SINCE JUL 1     80                       151    -71       35

 COOLING
  YESTERDAY        0                         1     -1        0
  MONTH TO DATE   24                        32     -8      108
  SINCE SEP 1     24                        32     -8      108
  SINCE JAN 1    630                       443    187      709
..................................................................


WIND (MPH)
  HIGHEST WIND SPEED    18   HIGHEST WIND DIRECTION    SW (220)
  HIGHEST GUST SPEED    24   HIGHEST GUST DIRECTION    SW (240)
  AVERAGE WIND SPEED    10.4


SKY COVER
  POSSIBLE SUNSHINE  MM
  AVERAGE SKY COVER 0.5


WEATHER CONDITIONS
 THE FOLLOWING WEATHER WAS RECORDED YESTERDAY.
  NO SIGNIFICANT WEATHER WAS OBSERVED.


RELATIVE HUMIDITY (PERCENT)
 HIGHEST    83           500 AM
 LOWEST     36           200 PM
 AVERAGE    60

..........................................................


THE SPOKANE WA AIRPORT CLIMATE NORMALS FOR TODAY
                         NORMAL    RECORD    YEAR
 MAXIMUM TEMPERATURE (F)   71        90      1939
 MINIMUM TEMPERATURE (F)   46        32      1983
                                             1887


SUNRISE AND SUNSET
SEPTEMBER 20 2014.....SUNRISE   634 AM PDT   SUNSET   652 PM PDT
SEPTEMBER 21 2014.....SUNRISE   636 AM PDT   SUNSET   650 PM PDT


-  INDICATES NEGATIVE NUMBERS.
R  INDICATES RECORD WAS SET OR TIED.
MM INDICATES DATA IS MISSING.
T  INDICATES TRACE AMOUNT.




$$
