000
CDUS46 KOTX 300827
CLIGEG


CLIMATE REPORT
NATIONAL WEATHER SERVICE SPOKANE, WA
127 AM PDT THU MAR 30 2017


...................................

...THE SPOKANE WA AIRPORT CLIMATE SUMMARY FOR MARCH 29 2017...

CLIMATE NORMAL PERIOD 1981 TO 2010
CLIMATE RECORD PERIOD 1881 TO 2017


WEATHER ITEM   OBSERVED TIME   RECORD YEAR NORMAL DEPARTURE LAST
                VALUE   (LST)  VALUE       VALUE  FROM      YEAR
                                                  NORMAL
..................................................................
TEMPERATURE (F)
 YESTERDAY
  MAXIMUM         50    443 PM  70    2004  53     -3       58
                                      1966
                                      1881
  MINIMUM         39    744 AM  16    1954  35      4       30
  AVERAGE         45                        44      1       44

PRECIPITATION (IN)
  YESTERDAY        0.37          0.68 1960   0.05   0.32     0.00
  MONTH TO DATE    4.07                      1.51   2.56     3.30
  SINCE OCT 1     19.60                     10.41   9.19    13.12
  SINCE JAN 1     10.31                      4.63   5.68     6.76

SNOWFALL (IN)
  YESTERDAY        0.0           3.9  2009   0.1   -0.1      0.0
  MONTH TO DATE    5.4                       3.3    2.1      0.6
  SINCE MAR 1      5.4                       3.3    2.1      0.6
  SINCE JUL 1     61.0                      43.6   17.4     34.2
  SNOW DEPTH       0

DEGREE DAYS
 HEATING
  YESTERDAY       20                        21     -1       21
  MONTH TO DATE  699                       725    -26      655
  SINCE MAR 1    699                       725    -26      655
  SINCE JUL 1   5692                      5554    138     4944

 COOLING
  YESTERDAY        0                         0      0        0
  MONTH TO DATE    0                         0      0        0
  SINCE MAR 1      0                         0      0        0
  SINCE JAN 1      0                         0      0        0
..................................................................


WIND (MPH)
  HIGHEST WIND SPEED    22   HIGHEST WIND DIRECTION     S (200)
  HIGHEST GUST SPEED    27   HIGHEST GUST DIRECTION     S (200)
  AVERAGE WIND SPEED    11.2


SKY COVER
  POSSIBLE SUNSHINE  MM
  AVERAGE SKY COVER 0.9


WEATHER CONDITIONS
 THE FOLLOWING WEATHER WAS RECORDED YESTERDAY.
  LIGHT RAIN
  FOG


RELATIVE HUMIDITY (PERCENT)
 HIGHEST   100           600 AM
 LOWEST     76          1200 AM
 AVERAGE    88

..........................................................


THE SPOKANE WA AIRPORT CLIMATE NORMALS FOR TODAY
                         NORMAL    RECORD    YEAR
 MAXIMUM TEMPERATURE (F)   53        74      1881
 MINIMUM TEMPERATURE (F)   35        19      1982


SUNRISE AND SUNSET
MARCH 30 2017.........SUNRISE   632 AM PDT   SUNSET   718 PM PDT
MARCH 31 2017.........SUNRISE   630 AM PDT   SUNSET   719 PM PDT


-  INDICATES NEGATIVE NUMBERS.
R  INDICATES RECORD WAS SET OR TIED.
MM INDICATES DATA IS MISSING.
T  INDICATES TRACE AMOUNT.




$$
