000
CDUS46 KOTX 310829
CLIGEG


CLIMATE REPORT
NATIONAL WEATHER SERVICE SPOKANE, WA
1228 AM PST SAT JAN 31 2015


...................................

...THE SPOKANE WA AIRPORT CLIMATE SUMMARY FOR JANUARY 30 2015...

CLIMATE NORMAL PERIOD 1981 TO 2010
CLIMATE RECORD PERIOD 1881 TO 2015


WEATHER ITEM   OBSERVED TIME   RECORD YEAR NORMAL DEPARTURE LAST
                VALUE   (LST)  VALUE       VALUE  FROM      YEAR
                                                  NORMAL
..................................................................
TEMPERATURE (F)
 YESTERDAY
  MAXIMUM         31    222 PM  59    1971  36     -5       32
  MINIMUM         27    138 AM -19    1950  26      1       19
  AVERAGE         29                        31     -2       26

PRECIPITATION (IN)
  YESTERDAY        T             0.46 1952   0.05  -0.05     0.02
  MONTH TO DATE    1.91                      1.74   0.17     1.00
  SINCE OCT 1      6.64                      7.52  -0.88     3.33
  SINCE JAN 1      1.91                      1.74   0.17     1.00

SNOWFALL (IN)
  YESTERDAY        T             5.0  1969   0.2   -0.2      0.3
  MONTH TO DATE   10.1                      11.1   -1.0      7.0
  SINCE DEC 1     13.8                      25.7  -11.9     10.7
  SINCE JUL 1     14.3                      33.2  -18.9     13.8
  SNOW DEPTH       T

DEGREE DAYS
 HEATING
  YESTERDAY       36                        34      2       39
  MONTH TO DATE 1015                      1065    -50     1048
  SINCE DEC 1   2006                      2232   -226     2261
  SINCE JUL 1   3375                      3899   -524     3916

 COOLING
  YESTERDAY        0                         0      0        0
  MONTH TO DATE    0                         0      0        0
  SINCE DEC 1      0                         0      0        0
  SINCE JAN 1      0                         0      0        0
..................................................................


WIND (MPH)
  HIGHEST WIND SPEED     9   HIGHEST WIND DIRECTION    SW (220)
  HIGHEST GUST SPEED    11   HIGHEST GUST DIRECTION    SW (220)
  AVERAGE WIND SPEED     3.5


SKY COVER
  POSSIBLE SUNSHINE  MM
  AVERAGE SKY COVER 1.0


WEATHER CONDITIONS
 THE FOLLOWING WEATHER WAS RECORDED YESTERDAY.
  LIGHT SNOW
  FOG
  FOG W/VISIBILITY <= 1/4 MILE


RELATIVE HUMIDITY (PERCENT)
 HIGHEST   100          1200 AM
 LOWEST     92           200 AM
 AVERAGE    96

..........................................................


THE SPOKANE WA AIRPORT CLIMATE NORMALS FOR TODAY
                         NORMAL    RECORD    YEAR
 MAXIMUM TEMPERATURE (F)   37        58      1971
 MINIMUM TEMPERATURE (F)   26       -21      1950


SUNRISE AND SUNSET
JANUARY 31 2015.......SUNRISE   718 AM PST   SUNSET   449 PM PST
FEBRUARY  1 2015......SUNRISE   717 AM PST   SUNSET   451 PM PST


-  INDICATES NEGATIVE NUMBERS.
R  INDICATES RECORD WAS SET OR TIED.
MM INDICATES DATA IS MISSING.
T  INDICATES TRACE AMOUNT.




$$
