000
CDUS46 KOTX 240835
CLIGEG


CLIMATE REPORT
NATIONAL WEATHER SERVICE SPOKANE, WA
1235 AM PST FRI FEB 24 2017


...................................

...THE SPOKANE WA AIRPORT CLIMATE SUMMARY FOR FEBRUARY 23 2017...

CLIMATE NORMAL PERIOD 1981 TO 2010
CLIMATE RECORD PERIOD 1881 TO 2017


WEATHER ITEM   OBSERVED TIME   RECORD YEAR NORMAL DEPARTURE LAST
                VALUE   (LST)  VALUE       VALUE  FROM      YEAR
                                                  NORMAL
..................................................................
TEMPERATURE (F)
 YESTERDAY
  MAXIMUM         33    447 PM  59    1947  42     -9       46
  MINIMUM         20    256 AM   2    1942  27     -7       23
  AVERAGE         27                        34     -7       35

PRECIPITATION (IN)
  YESTERDAY        T             0.48 2009   0.05  -0.05     0.00
  MONTH TO DATE    4.07                      1.08   2.99     0.70
  SINCE OCT 1     15.21                      8.65   6.56     9.80
  SINCE JAN 1      5.92                      2.87   3.05     3.44

SNOWFALL (IN)
  YESTERDAY        0.1           6.8  2011   0.2   -0.1      0.0
  MONTH TO DATE   15.9                       5.8   10.1      1.3
  SINCE DEC 1     48.4                      31.8   16.6     32.1
  SINCE JUL 1     51.7                      39.3   12.4     33.6
  SNOW DEPTH       T

DEGREE DAYS
 HEATING
  YESTERDAY       38                        31      7       30
  MONTH TO DATE  793                       746     47      620
  SINCE DEC 1   3461                      3012    449     2722
  SINCE JUL 1   4794                      4679    115     4156

 COOLING
  YESTERDAY        0                         0      0        0
  MONTH TO DATE    0                         0      0        0
  SINCE DEC 1      0                         0      0        0
  SINCE JAN 1      0                         0      0        0
..................................................................


WIND (MPH)
  HIGHEST WIND SPEED     9   HIGHEST WIND DIRECTION     S (170)
  HIGHEST GUST SPEED    11   HIGHEST GUST DIRECTION     W (250)
  AVERAGE WIND SPEED     4.3


SKY COVER
  POSSIBLE SUNSHINE  MM
  AVERAGE SKY COVER 0.6


WEATHER CONDITIONS
 THE FOLLOWING WEATHER WAS RECORDED YESTERDAY.
  LIGHT SNOW
  FOG
  FOG W/VISIBILITY <= 1/4 MILE


RELATIVE HUMIDITY (PERCENT)
 HIGHEST   100           500 AM
 LOWEST     61           400 PM
 AVERAGE    81

..........................................................


THE SPOKANE WA AIRPORT CLIMATE NORMALS FOR TODAY
                         NORMAL    RECORD    YEAR
 MAXIMUM TEMPERATURE (F)   42        59      1995
                                             1986
                                             1983
 MINIMUM TEMPERATURE (F)   27         3      2011


SUNRISE AND SUNSET
FEBRUARY 24 2017......SUNRISE   639 AM PST   SUNSET   528 PM PST
FEBRUARY 25 2017......SUNRISE   637 AM PST   SUNSET   529 PM PST


-  INDICATES NEGATIVE NUMBERS.
R  INDICATES RECORD WAS SET OR TIED.
MM INDICATES DATA IS MISSING.
T  INDICATES TRACE AMOUNT.




$$
