000
CDUS46 KOTX 160830
CLIGEG


CLIMATE REPORT
NATIONAL WEATHER SERVICE SPOKANE, WA
126 AM PDT WED APR 16 2014


...................................

...THE SPOKANE WA AIRPORT CLIMATE SUMMARY FOR APRIL 15 2014...

CLIMATE NORMAL PERIOD 1981 TO 2010
CLIMATE RECORD PERIOD 1881 TO 2014


WEATHER ITEM   OBSERVED TIME   RECORD YEAR NORMAL DEPARTURE LAST
                VALUE   (LST)  VALUE       VALUE  FROM      YEAR
                                                  NORMAL
..................................................................
TEMPERATURE (F)
 YESTERDAY
  MAXIMUM         59    305 PM  84    1926  57      2       47
  MINIMUM         40   1159 PM  26    1955  37      3       31
                                      1890
  AVERAGE         50                        47      3       39

PRECIPITATION (IN)
  YESTERDAY        T           0.72   1904  0.04  -0.04     0.00
  MONTH TO DATE    0.09                     0.68  -0.59     0.69
  SINCE OCT 1      8.12                    11.19  -3.07    11.24
  SINCE JAN 1      5.79                     5.41   0.38     3.88

SNOWFALL (IN)
  YESTERDAY        0.0         0.9    1896  0.0    0.0      0.0
  MONTH TO DATE    0.0                      0.8   -0.8       T
  SINCE MAR 1      5.8                      4.3    1.5      0.9
  SINCE JUL 1     37.6                     44.6   -7.0     43.5
  SNOW DEPTH       0

DEGREE DAYS
 HEATING
  YESTERDAY       15                        18     -3       26
  MONTH TO DATE  263                       293    -30      280
  SINCE MAR 1   1043                      1060    -17     1010
  SINCE JUL 1   6086                      5889    197     5547

 COOLING
  YESTERDAY        0                         0      0        0
  MONTH TO DATE    0                         0      0        0
  SINCE MAR 1      0                         0      0        0
  SINCE JAN 1      0                         0      0        0
..................................................................


WIND (MPH)
  HIGHEST WIND SPEED    28   HIGHEST WIND DIRECTION     W (280)
  HIGHEST GUST SPEED    33   HIGHEST GUST DIRECTION     W (280)
  AVERAGE WIND SPEED    13.3


SKY COVER
  POSSIBLE SUNSHINE  MM
  AVERAGE SKY COVER 0.9


WEATHER CONDITIONS
 THE FOLLOWING WEATHER WAS RECORDED YESTERDAY.
  LIGHT RAIN


RELATIVE HUMIDITY (PERCENT)
 HIGHEST    53           400 AM
 LOWEST     22           500 PM
 AVERAGE    38

..........................................................


THE SPOKANE WA AIRPORT CLIMATE NORMALS FOR TODAY
                         NORMAL    RECORD    YEAR
 MAXIMUM TEMPERATURE (F)   57        83      1936
 MINIMUM TEMPERATURE (F)   37        24      1968


SUNRISE AND SUNSET
APRIL 16 2014.........SUNRISE   559 AM PDT   SUNSET   741 PM PDT
APRIL 17 2014.........SUNRISE   557 AM PDT   SUNSET   743 PM PDT


-  INDICATES NEGATIVE NUMBERS.
R  INDICATES RECORD WAS SET OR TIED.
MM INDICATES DATA IS MISSING.
T  INDICATES TRACE AMOUNT.

$$
