000
CDUS46 KOTX 310832
CLIGEG


CLIMATE REPORT
NATIONAL WEATHER SERVICE SPOKANE, WA
130 AM PDT MON AUG 31 2015


...................................

...THE SPOKANE WA AIRPORT CLIMATE SUMMARY FOR AUGUST 30 2015...

CLIMATE NORMAL PERIOD 1981 TO 2010
CLIMATE RECORD PERIOD 1881 TO 2015


WEATHER ITEM   OBSERVED TIME   RECORD YEAR NORMAL DEPARTURE LAST
                VALUE   (LST)  VALUE       VALUE  FROM      YEAR
                                                  NORMAL
..................................................................
TEMPERATURE (F)
 YESTERDAY
  MAXIMUM         67    448 PM  98    1929  79    -12       74
  MINIMUM         53   1159 PM  38    1965  53      0       53
                                      1881
  AVERAGE         60                        66     -6       64

PRECIPITATION (IN)
  YESTERDAY        0.13          0.72 1926   0.02   0.11     0.00
  MONTH TO DATE    0.18                      0.57  -0.39     0.58
  SINCE OCT 1     11.93                     15.87  -3.94    12.33
  SINCE JAN 1      7.20                     10.09  -2.89    10.00

SNOWFALL (IN)
  YESTERDAY        0.0           0.0  2002   0.0    0.0      0.0
                                      2001
                                      1999
  MONTH TO DATE    0.0                       0.0    0.0      0.0
  SINCE JUN 1      0.0                       0.0    0.0      0.0
  SINCE JUL 1      0.0                       0.0    0.0      0.0
  SNOW DEPTH       0

DEGREE DAYS
 HEATING
  YESTERDAY        5                         2      3        1
  MONTH TO DATE    6                        31    -25        2
  SINCE JUN 1     36                       199   -163      115
  SINCE JUL 1     11                        63    -52        9

 COOLING
  YESTERDAY        0                         3     -3        0
  MONTH TO DATE  251                       164     87      238
  SINCE JUN 1    776                       393    383      600
  SINCE JAN 1    808                       407    401      606
..................................................................


WIND (MPH)
  HIGHEST WIND SPEED    26   HIGHEST WIND DIRECTION    SW (230)
  HIGHEST GUST SPEED    33   HIGHEST GUST DIRECTION    SW (210)
  AVERAGE WIND SPEED    13.8


SKY COVER
  POSSIBLE SUNSHINE  MM
  AVERAGE SKY COVER 0.7


WEATHER CONDITIONS
 THE FOLLOWING WEATHER WAS RECORDED YESTERDAY.
  LIGHT RAIN
  FOG


RELATIVE HUMIDITY (PERCENT)
 HIGHEST    93          1100 AM
 LOWEST     37           500 PM
 AVERAGE    65

..........................................................


THE SPOKANE WA AIRPORT CLIMATE NORMALS FOR TODAY
                         NORMAL    RECORD    YEAR
 MAXIMUM TEMPERATURE (F)   79       100      1967
 MINIMUM TEMPERATURE (F)   52        35      1964


SUNRISE AND SUNSET
AUGUST 31 2015........SUNRISE   607 AM PDT   SUNSET   733 PM PDT
SEPTEMBER  1 2015.....SUNRISE   608 AM PDT   SUNSET   731 PM PDT


-  INDICATES NEGATIVE NUMBERS.
R  INDICATES RECORD WAS SET OR TIED.
MM INDICATES DATA IS MISSING.
T  INDICATES TRACE AMOUNT.




$$
