000
CDUS45 KRIW 130030
CLIGEY


CLIMATE REPORT
NATIONAL WEATHER SERVICE RIVERTON WY
628 PM MDT SAT JUL 12 2014


...................................

...THE GREYBULL WY CLIMATE SUMMARY FOR JULY 12 2014...
VALID TODAY AS OF 0500 PM LOCAL TIME.

CLIMATE NORMAL PERIOD 1981 TO 2010
CLIMATE RECORD PERIOD 1998 TO 2014


WEATHER ITEM   OBSERVED TIME   RECORD YEAR NORMAL DEPARTURE LAST
                VALUE   (LST)  VALUE       VALUE  FROM      YEAR
                                                  NORMAL
..................................................................
TEMPERATURE (F)
 TODAY
  MAXIMUM         91        MM 107    2002  90      1       88
  MINIMUM         62        MM  44    2008  57      5       66
  AVERAGE         77

PRECIPITATION (IN)
  TODAY            0.00          T    2011   0.01  -0.01     0.01
  MONTH TO DATE    0.15                      0.32  -0.17     0.26
  SINCE JUN 1      1.09                      1.52  -0.43     0.66
  SINCE JAN 1      2.79                      4.69  -1.90     2.56

DEGREE DAYS
 HEATING
  TODAY            0                         0      0        0
  MONTH TO DATE    0                         1     -1        0
  SINCE JUN 1     56                        71    -15       36
  SINCE JUL 1      0                         1     -1        0

 COOLING
  TODAY           12                         9      3       12
  MONTH TO DATE  127                        93     34      159
  SINCE JUN 1    176                       199    -23      332
  SINCE JAN 1    218                       219     -1      359
..................................................................


WIND (MPH)
  HIGHEST WIND SPEED    16   HIGHEST WIND DIRECTION    NW (320)
  HIGHEST GUST SPEED    23   HIGHEST GUST DIRECTION    NW (320)
  AVERAGE WIND SPEED     6.8


SKY COVER
  POSSIBLE SUNSHINE  MM
  AVERAGE SKY COVER 0.1


WEATHER CONDITIONS
 THE FOLLOWING WEATHER WAS RECORDED TODAY.
  NO SIGNIFICANT WEATHER WAS OBSERVED.


RELATIVE HUMIDITY (PERCENT)
 HIGHEST    84           400 AM
 LOWEST     21           300 PM
 AVERAGE    53

..........................................................


THE GREYBULL WY CLIMATE NORMALS FOR TOMORROW
                         NORMAL    RECORD    YEAR
 MAXIMUM TEMPERATURE (F)   90       105      2005
 MINIMUM TEMPERATURE (F)   57        47      2008


SUNRISE AND SUNSET
JULY 12 2014..........SUNRISE   539 AM MDT   SUNSET   856 PM MDT
JULY 13 2014..........SUNRISE   540 AM MDT   SUNSET   856 PM MDT


-  INDICATES NEGATIVE NUMBERS.
R  INDICATES RECORD WAS SET OR TIED.
MM INDICATES DATA IS MISSING.
T  INDICATES TRACE AMOUNT.




$$
