000
CDUS45 KRIW 220735
CLIGEY


CLIMATE REPORT
NATIONAL WEATHER SERVICE RIVERTON WY
127 AM MDT TUE JUL 22 2014


...................................

...THE GREYBULL WY CLIMATE SUMMARY FOR JULY 21 2014...

CLIMATE NORMAL PERIOD 1981 TO 2010
CLIMATE RECORD PERIOD 1998 TO 2014


WEATHER ITEM   OBSERVED TIME   RECORD YEAR NORMAL DEPARTURE LAST
                VALUE   (LST)  VALUE       VALUE  FROM      YEAR
                                                  NORMAL
..................................................................
TEMPERATURE (F)
 YESTERDAY
  MAXIMUM         94    515 PM 105    2007  92      2       98
  MINIMUM         69    705 AM  53    2011  58     11       62
                                      2000
  AVERAGE         82                        75      7       80

PRECIPITATION (IN)
  YESTERDAY        T             0.06 2002   0.02  -0.02     0.00
  MONTH TO DATE    0.21                      0.50  -0.29     0.27
  SINCE JUN 1      1.15                      1.70  -0.55     0.67
  SINCE JAN 1      2.85                      4.87  -2.02     2.57

DEGREE DAYS
 HEATING
  YESTERDAY        0                         0      0        0
  MONTH TO DATE    0                         1     -1        0
  SINCE JUN 1     56                        71    -15       36
  SINCE JUL 1      0                         1     -1        0

 COOLING
  YESTERDAY       17                        10      7       15
  MONTH TO DATE  230                       178     52      279
  SINCE JUN 1    279                       284     -5      452
  SINCE JAN 1    321                       304     17      479
..................................................................


WIND (MPH)
  HIGHEST WIND SPEED    38   HIGHEST WIND DIRECTION    NW (320)
  HIGHEST GUST SPEED    51   HIGHEST GUST DIRECTION    NW (320)
  AVERAGE WIND SPEED     8.1


SKY COVER
  POSSIBLE SUNSHINE  MM
  AVERAGE SKY COVER 0.3


WEATHER CONDITIONS
 THE FOLLOWING WEATHER WAS RECORDED YESTERDAY.
  THUNDERSTORM
  LIGHT RAIN


RELATIVE HUMIDITY (PERCENT)
 HIGHEST    57           600 AM
 LOWEST     17           200 PM
 AVERAGE    37

..........................................................


THE GREYBULL WY CLIMATE NORMALS FOR TODAY
                         NORMAL    RECORD    YEAR
 MAXIMUM TEMPERATURE (F)   92       105      2007
 MINIMUM TEMPERATURE (F)   58        54      2010


SUNRISE AND SUNSET
JULY 22 2014..........SUNRISE   548 AM MDT   SUNSET   848 PM MDT
JULY 23 2014..........SUNRISE   549 AM MDT   SUNSET   847 PM MDT


-  INDICATES NEGATIVE NUMBERS.
R  INDICATES RECORD WAS SET OR TIED.
MM INDICATES DATA IS MISSING.
T  INDICATES TRACE AMOUNT.




$$
