000
CDUS45 KRIW 260738
CLIGEY


CLIMATE REPORT
NATIONAL WEATHER SERVICE RIVERTON WY
138 AM MDT THU MAY 26 2016


...................................

...THE GREYBULL WY CLIMATE SUMMARY FOR MAY 25 2016...

CLIMATE NORMAL PERIOD 1981 TO 2010
CLIMATE RECORD PERIOD 1998 TO 2016


WEATHER ITEM   OBSERVED TIME   RECORD YEAR NORMAL DEPARTURE LAST
                VALUE   (LST)  VALUE       VALUE  FROM      YEAR
                                                  NORMAL
..................................................................
TEMPERATURE (F)
 YESTERDAY
  MAXIMUM         62    335 PM  91    2003  73    -11       68
  MINIMUM         48   1138 PM  35    2002  46      2       48
  AVERAGE         55                        60     -5       58

PRECIPITATION (IN)
  YESTERDAY        0.09          0.21 2012   0.07   0.02      T
  MONTH TO DATE    1.08                      1.21  -0.13     0.97
  SINCE MAR 1      1.90                      2.32  -0.42     1.22
  SINCE JAN 1      2.01                      2.73  -0.72     1.48

DEGREE DAYS
 HEATING
  YESTERDAY       10                         6      4        7
  MONTH TO DATE  213                       246    -33      260
  SINCE MAR 1   1408                      1674   -266     1461
  SINCE JUL 1   6561                      7645  -1084     7105

 COOLING
  YESTERDAY        0                         1     -1        0
  MONTH TO DATE   11                        10      1        0
  SINCE MAR 1     11                        11      0        0
  SINCE JAN 1     11                        11      0        0
..................................................................


WIND (MPH)
  HIGHEST WIND SPEED    24   HIGHEST WIND DIRECTION    NW (330)
  HIGHEST GUST SPEED    29   HIGHEST GUST DIRECTION    NW (330)
  AVERAGE WIND SPEED     2.8


SKY COVER
  POSSIBLE SUNSHINE  MM
  AVERAGE SKY COVER 0.7


WEATHER CONDITIONS
 THE FOLLOWING WEATHER WAS RECORDED YESTERDAY.
  THUNDERSTORM
  HEAVY RAIN
  LIGHT RAIN
  FOG


RELATIVE HUMIDITY (PERCENT)
 HIGHEST    89          1200 AM
 LOWEST     46          1200 PM
 AVERAGE    68

..........................................................


THE GREYBULL WY CLIMATE NORMALS FOR TODAY
                         NORMAL    RECORD    YEAR
 MAXIMUM TEMPERATURE (F)   74        90      2006
                                             2003
 MINIMUM TEMPERATURE (F)   46        35      2007


SUNRISE AND SUNSET
MAY 26 2016...........SUNRISE   534 AM MDT   SUNSET   845 PM MDT
MAY 27 2016...........SUNRISE   533 AM MDT   SUNSET   846 PM MDT


-  INDICATES NEGATIVE NUMBERS.
R  INDICATES RECORD WAS SET OR TIED.
MM INDICATES DATA IS MISSING.
T  INDICATES TRACE AMOUNT.




$$
