000
CDUS45 KRIW 280057
CLIGEY


CLIMATE REPORT
NATIONAL WEATHER SERVICE RIVERTON WY
653 PM MDT MON JUL 27 2015


...................................

...THE GREYBULL WY CLIMATE SUMMARY FOR JULY 27 2015...
VALID TODAY AS OF 0500 PM LOCAL TIME.

CLIMATE NORMAL PERIOD 1981 TO 2010
CLIMATE RECORD PERIOD 1998 TO 2015


WEATHER ITEM   OBSERVED TIME   RECORD YEAR NORMAL DEPARTURE LAST
                VALUE   (LST)  VALUE       VALUE  FROM      YEAR
                                                  NORMAL
..................................................................
TEMPERATURE (F)
 TODAY
  MAXIMUM         91        MM 100    2006  92     -1       92
  MINIMUM         58        MM  47    2005  58      0       53
  AVERAGE         75

PRECIPITATION (IN)
  TODAY            T             0.05 2009   0.02  -0.02     0.00
  MONTH TO DATE    T                         0.60  -0.60     0.21
  SINCE JUN 1      0.25                      1.80  -1.55     1.15
  SINCE JAN 1      1.83                      4.97  -3.14     2.85

DEGREE DAYS
 HEATING
  TODAY            0                         0      0        0
  MONTH TO DATE    0                         1     -1        0
  SINCE JUN 1      0                        71    -71       56
  SINCE JUL 1      0                         1     -1        0

 COOLING
  TODAY           10                        10      0        8
  MONTH TO DATE  249                       238     11      310
  SINCE JUN 1    494                       344    150      359
  SINCE JAN 1    499                       364    135      401
..................................................................


WIND (MPH)
  HIGHEST WIND SPEED    25   HIGHEST WIND DIRECTION    NW (330)
  HIGHEST GUST SPEED    39   HIGHEST GUST DIRECTION    NW (320)
  AVERAGE WIND SPEED     6.5


SKY COVER
  POSSIBLE SUNSHINE  MM
  AVERAGE SKY COVER 0.0


WEATHER CONDITIONS
 THE FOLLOWING WEATHER WAS RECORDED TODAY.
  THUNDERSTORM
  HEAVY RAIN
  LIGHT RAIN


RELATIVE HUMIDITY (PERCENT)
 HIGHEST    60           500 AM
 LOWEST     21           200 PM
 AVERAGE    41

..........................................................


THE GREYBULL WY CLIMATE NORMALS FOR TOMORROW
                         NORMAL    RECORD    YEAR
 MAXIMUM TEMPERATURE (F)   92       104      1999
 MINIMUM TEMPERATURE (F)   58        50      2002


SUNRISE AND SUNSET
JULY 27 2015..........SUNRISE   553 AM MDT   SUNSET   844 PM MDT
JULY 28 2015..........SUNRISE   554 AM MDT   SUNSET   842 PM MDT


-  INDICATES NEGATIVE NUMBERS.
R  INDICATES RECORD WAS SET OR TIED.
MM INDICATES DATA IS MISSING.
T  INDICATES TRACE AMOUNT.




$$
