000
CDUS45 KRIW 250027
CLIGEY


CLIMATE REPORT
NATIONAL WEATHER SERVICE RIVERTON WY
627 PM MDT SAT SEP 24 2016


...................................

...THE GREYBULL WY CLIMATE SUMMARY FOR SEPTEMBER 24 2016...
VALID TODAY AS OF 0500 PM LOCAL TIME.

CLIMATE NORMAL PERIOD 1981 TO 2010
CLIMATE RECORD PERIOD 1998 TO 2016


WEATHER ITEM   OBSERVED TIME   RECORD YEAR NORMAL DEPARTURE LAST
                VALUE   (LST)  VALUE       VALUE  FROM      YEAR
                                                  NORMAL
..................................................................
TEMPERATURE (F)
 TODAY
  MAXIMUM         51   1200 AM  90    2001  70    -19       89
  MINIMUM         47   1000 AM  28    2000  40      7       45
  AVERAGE         49

PRECIPITATION (IN)
  TODAY            1.06R         0.25 2005   0.03   1.03     0.00
  MONTH TO DATE    2.76                      0.71   2.05     0.01
  SINCE SEP 1      2.76                      0.71   2.05     0.01
  SINCE JAN 1      5.64                      6.16  -0.52     1.93

DEGREE DAYS
 HEATING
  TODAY           16                        10      6        0
  MONTH TO DATE  114                       138    -24       53
  SINCE SEP 1    114                       138    -24       53
  SINCE JUL 1    133                       159    -26       81

 COOLING
  TODAY            0                         0      0        2
  MONTH TO DATE   41                        34      7       58
  SINCE SEP 1     41                        34      7       58
  SINCE JAN 1    886                       667    219      807
..................................................................


WIND (MPH)
  HIGHEST WIND SPEED    23   HIGHEST WIND DIRECTION    NW (330)
  HIGHEST GUST SPEED    35   HIGHEST GUST DIRECTION    NW (330)
  AVERAGE WIND SPEED    10.2


SKY COVER
  POSSIBLE SUNSHINE  MM
  AVERAGE SKY COVER 0.9


WEATHER CONDITIONS
 THE FOLLOWING WEATHER WAS RECORDED TODAY.
  HEAVY RAIN
  RAIN
  LIGHT RAIN
  FOG


RELATIVE HUMIDITY (PERCENT)
 HIGHEST   100           400 AM
 LOWEST     86           700 AM
 AVERAGE    93

..........................................................


THE GREYBULL WY CLIMATE NORMALS FOR TOMORROW
                         NORMAL    RECORD    YEAR
 MAXIMUM TEMPERATURE (F)   70        93      2015
                                             2014
 MINIMUM TEMPERATURE (F)   39        28      2000


SUNRISE AND SUNSET
SEPTEMBER 24 2016.....SUNRISE   702 AM MDT   SUNSET   705 PM MDT
SEPTEMBER 25 2016.....SUNRISE   704 AM MDT   SUNSET   703 PM MDT


-  INDICATES NEGATIVE NUMBERS.
R  INDICATES RECORD WAS SET OR TIED.
MM INDICATES DATA IS MISSING.
T  INDICATES TRACE AMOUNT.




$$
