000
CDUS45 KRIW 020737
CLIGEY


CLIMATE REPORT
NATIONAL WEATHER SERVICE RIVERTON WY
135 AM MDT THU JUL 2 2015


...................................

...THE GREYBULL WY CLIMATE SUMMARY FOR JULY 1 2015...

CLIMATE NORMAL PERIOD 1981 TO 2010
CLIMATE RECORD PERIOD 1998 TO 2015


WEATHER ITEM   OBSERVED TIME   RECORD YEAR NORMAL DEPARTURE LAST
                VALUE   (LST)  VALUE       VALUE  FROM      YEAR
                                                  NORMAL
..................................................................
TEMPERATURE (F)
 YESTERDAY
  MAXIMUM         97    324 PM 103    2012  87     10       80
  MINIMUM         62    509 AM  51    1999  55      7       55
  AVERAGE         80                        71      9       68

PRECIPITATION (IN)
  YESTERDAY        0.00          0.02 2008   0.03  -0.03     0.00
  MONTH TO DATE    0.00                      0.03  -0.03     0.00
  SINCE JUN 1      0.25                      1.23  -0.98     0.94
  SINCE JAN 1      1.83                      4.40  -2.57     2.64

DEGREE DAYS
 HEATING
  YESTERDAY        0                         1     -1        0
  MONTH TO DATE    0                         1     -1        0
  SINCE JUN 1      0                        71    -71       56
  SINCE JUL 1      0                         1     -1        0

 COOLING
  YESTERDAY       15                         7      8        3
  MONTH TO DATE   15                         7      8        3
  SINCE JUN 1    260                       113    147       52
  SINCE JAN 1    265                       133    132       94
..................................................................


WIND (MPH)
  HIGHEST WIND SPEED    28   HIGHEST WIND DIRECTION     N (340)
  HIGHEST GUST SPEED    32   HIGHEST GUST DIRECTION     N (340)
  AVERAGE WIND SPEED     8.5


SKY COVER
  POSSIBLE SUNSHINE  MM
  AVERAGE SKY COVER 0.0


WEATHER CONDITIONS
 THE FOLLOWING WEATHER WAS RECORDED YESTERDAY.
  NO SIGNIFICANT WEATHER WAS OBSERVED.


RELATIVE HUMIDITY (PERCENT)
 HIGHEST    67           600 AM
 LOWEST     19           200 PM
 AVERAGE    43

..........................................................


THE GREYBULL WY CLIMATE NORMALS FOR TODAY
                         NORMAL    RECORD    YEAR
 MAXIMUM TEMPERATURE (F)   87       100      2007
 MINIMUM TEMPERATURE (F)   55        47      1999


SUNRISE AND SUNSET
JULY  2 2015..........SUNRISE   532 AM MDT   SUNSET   901 PM MDT
JULY  3 2015..........SUNRISE   532 AM MDT   SUNSET   900 PM MDT


-  INDICATES NEGATIVE NUMBERS.
R  INDICATES RECORD WAS SET OR TIED.
MM INDICATES DATA IS MISSING.
T  INDICATES TRACE AMOUNT.




$$
