000
CDUS45 KRIW 270733
CLIGEY


CLIMATE REPORT
NATIONAL WEATHER SERVICE RIVERTON WY
133 AM MDT SAT AUG 27 2016


...................................

...THE GREYBULL WY CLIMATE SUMMARY FOR AUGUST 26 2016...

CLIMATE NORMAL PERIOD 1981 TO 2010
CLIMATE RECORD PERIOD 1998 TO 2016


WEATHER ITEM   OBSERVED TIME   RECORD YEAR NORMAL DEPARTURE LAST
                VALUE   (LST)  VALUE       VALUE  FROM      YEAR
                                                  NORMAL
..................................................................
TEMPERATURE (F)
 YESTERDAY
  MAXIMUM         73    239 PM 100    2007  86    -13       89
  MINIMUM         50    630 AM  41    2005  52     -2       58
                                      2004
  AVERAGE         62                        69     -7       74

PRECIPITATION (IN)
  YESTERDAY        T             0.08 2011   0.02  -0.02      T
  MONTH TO DATE    0.33                      0.31   0.02     0.08
  SINCE JUN 1      0.59                      2.17  -1.58     0.33
  SINCE JAN 1      2.88                      5.34  -2.46     1.91

DEGREE DAYS
 HEATING
  YESTERDAY        3                         1      2        0
  MONTH TO DATE   17                         4     13       25
  SINCE JUN 1     24                        80    -56       28
  SINCE JUL 1     19                        10      9       28

 COOLING
  YESTERDAY        0                         5     -5        9
  MONTH TO DATE  207                       207      0      194
  SINCE JUN 1    792                       590    202      701
  SINCE JAN 1    803                       610    193      706
..................................................................


WIND (MPH)
  HIGHEST WIND SPEED    23   HIGHEST WIND DIRECTION    NW (320)
  HIGHEST GUST SPEED    27   HIGHEST GUST DIRECTION    NW (320)
  AVERAGE WIND SPEED     3.6


SKY COVER
  POSSIBLE SUNSHINE  MM
  AVERAGE SKY COVER 0.2


WEATHER CONDITIONS
 THE FOLLOWING WEATHER WAS RECORDED YESTERDAY.
  LIGHT RAIN


RELATIVE HUMIDITY (PERCENT)
 HIGHEST    89           400 AM
 LOWEST     27           400 PM
 AVERAGE    58

..........................................................


THE GREYBULL WY CLIMATE NORMALS FOR TODAY
                         NORMAL    RECORD    YEAR
 MAXIMUM TEMPERATURE (F)   86        99      2011
 MINIMUM TEMPERATURE (F)   52        42      2005


SUNRISE AND SUNSET
AUGUST 27 2016........SUNRISE   630 AM MDT   SUNSET   757 PM MDT
AUGUST 28 2016........SUNRISE   631 AM MDT   SUNSET   755 PM MDT


-  INDICATES NEGATIVE NUMBERS.
R  INDICATES RECORD WAS SET OR TIED.
MM INDICATES DATA IS MISSING.
T  INDICATES TRACE AMOUNT.




$$
