000
CDUS45 KRIW 290740
CLIGEY


CLIMATE REPORT
NATIONAL WEATHER SERVICE RIVERTON WY
1239 AM MST THU JAN 29 2015


...................................

...THE GREYBULL WY CLIMATE SUMMARY FOR JANUARY 28 2015...

CLIMATE NORMAL PERIOD 1981 TO 2010
CLIMATE RECORD PERIOD 1998 TO 2015


WEATHER ITEM   OBSERVED TIME   RECORD YEAR NORMAL DEPARTURE LAST
                VALUE   (LST)  VALUE       VALUE  FROM      YEAR
                                                  NORMAL
..................................................................
TEMPERATURE (F)
 YESTERDAY
  MAXIMUM         40    124 PM  49    2005  30     10       26
  MINIMUM         29    105 AM -10    2001   6     23       -2
  AVERAGE         35                        18     17       12

PRECIPITATION (IN)
  YESTERDAY        0.21R         0.05 2009   0.01   0.20     0.00
                                      2002
  MONTH TO DATE    0.22                      0.21   0.01     0.02
  SINCE DEC 1      0.43                      0.49  -0.06     0.05
  SINCE JAN 1      0.22                      0.21   0.01     0.02

DEGREE DAYS
 HEATING
  YESTERDAY       30                        47    -17       53
  MONTH TO DATE 1355                      1352      3     1208
  SINCE DEC 1   2797                      2818    -21     2515
  SINCE JUL 1   4630                      4675    -45     4323

 COOLING
  YESTERDAY        0                         0      0        0
  MONTH TO DATE    0                         0      0        0
  SINCE DEC 1      0                         0      0        0
  SINCE JAN 1      0                         0      0        0
..................................................................


WIND (MPH)
  HIGHEST WIND SPEED    12   HIGHEST WIND DIRECTION     E (110)
  HIGHEST GUST SPEED    13   HIGHEST GUST DIRECTION     E (110)
  AVERAGE WIND SPEED     4.2


SKY COVER
  POSSIBLE SUNSHINE  MM
  AVERAGE SKY COVER 1.0


WEATHER CONDITIONS
 THE FOLLOWING WEATHER WAS RECORDED YESTERDAY.
  LIGHT RAIN
  FOG
  FOG W/VISIBILITY <= 1/4 MILE


RELATIVE HUMIDITY (PERCENT)
 HIGHEST   100           600 AM
 LOWEST     85          1200 AM
 AVERAGE    93

..........................................................


THE GREYBULL WY CLIMATE NORMALS FOR TODAY
                         NORMAL    RECORD    YEAR
 MAXIMUM TEMPERATURE (F)   30        48      2005
 MINIMUM TEMPERATURE (F)    6       -17      2002


SUNRISE AND SUNSET
JANUARY 29 2015.......SUNRISE   734 AM MST   SUNSET   517 PM MST
JANUARY 30 2015.......SUNRISE   733 AM MST   SUNSET   518 PM MST


-  INDICATES NEGATIVE NUMBERS.
R  INDICATES RECORD WAS SET OR TIED.
MM INDICATES DATA IS MISSING.
T  INDICATES TRACE AMOUNT.




$$
