000
CDUS45 KRIW 280739
CLIGEY


CLIMATE REPORT
NATIONAL WEATHER SERVICE RIVERTON WY
129 AM MDT FRI AUG 28 2015


...................................

...THE GREYBULL WY CLIMATE SUMMARY FOR AUGUST 27 2015...

CLIMATE NORMAL PERIOD 1981 TO 2010
CLIMATE RECORD PERIOD 1998 TO 2015


WEATHER ITEM   OBSERVED TIME   RECORD YEAR NORMAL DEPARTURE LAST
                VALUE   (LST)  VALUE       VALUE  FROM      YEAR
                                                  NORMAL
..................................................................
TEMPERATURE (F)
 YESTERDAY
  MAXIMUM         82    406 PM  99    2011  86     -4       79
  MINIMUM         63   1159 PM  42    2005  52     11       52
  AVERAGE         73                        69      4       66

PRECIPITATION (IN)
  YESTERDAY        0.01R         T    2010   0.02  -0.01     0.00
                                      2010
                                      2013
  MONTH TO DATE    0.09                      0.33  -0.24     0.98
  SINCE JUN 1      0.34                      2.19  -1.85     2.13
  SINCE JAN 1      1.92                      5.36  -3.44     3.83

DEGREE DAYS
 HEATING
  YESTERDAY        0                         1     -1        0
  MONTH TO DATE   25                         5     20       24
  SINCE JUN 1     28                        81    -53       80
  SINCE JUL 1     28                        11     17       24

 COOLING
  YESTERDAY        8                         5      3        1
  MONTH TO DATE  202                       212    -10      205
  SINCE JUN 1    709                       595    114      598
  SINCE JAN 1    714                       615     99      640
..................................................................


WIND (MPH)
  HIGHEST WIND SPEED    40   HIGHEST WIND DIRECTION    NW (310)
  HIGHEST GUST SPEED    50   HIGHEST GUST DIRECTION    NW (310)
  AVERAGE WIND SPEED     8.5


SKY COVER
  POSSIBLE SUNSHINE  MM
  AVERAGE SKY COVER 0.4


WEATHER CONDITIONS
 THE FOLLOWING WEATHER WAS RECORDED YESTERDAY.
  LIGHT RAIN
  HAZE


RELATIVE HUMIDITY (PERCENT)
 HIGHEST    84           600 AM
 LOWEST     31           300 PM
 AVERAGE    58

..........................................................


THE GREYBULL WY CLIMATE NORMALS FOR TODAY
                         NORMAL    RECORD    YEAR
 MAXIMUM TEMPERATURE (F)   86        98      2012
 MINIMUM TEMPERATURE (F)   51        42      2004


SUNRISE AND SUNSET
AUGUST 28 2015........SUNRISE   630 AM MDT   SUNSET   756 PM MDT
AUGUST 29 2015........SUNRISE   631 AM MDT   SUNSET   754 PM MDT


-  INDICATES NEGATIVE NUMBERS.
R  INDICATES RECORD WAS SET OR TIED.
MM INDICATES DATA IS MISSING.
T  INDICATES TRACE AMOUNT.




$$
