000
CDUS45 KRIW 240731
CLIGEY


CLIMATE REPORT
NATIONAL WEATHER SERVICE RIVERTON WY
128 AM MDT WED MAY 24 2017


...................................

...THE GREYBULL WY CLIMATE SUMMARY FOR MAY 23 2017...

CLIMATE NORMAL PERIOD 1981 TO 2010
CLIMATE RECORD PERIOD 1998 TO 2017


WEATHER ITEM   OBSERVED TIME   RECORD YEAR NORMAL DEPARTURE LAST
                VALUE   (LST)  VALUE       VALUE  FROM      YEAR
                                                  NORMAL
..................................................................
TEMPERATURE (F)
 YESTERDAY
  MAXIMUM         74    511 PM  86    2014  73      1       68
  MINIMUM         36    433 AM  33    2002  45     -9       41
  AVERAGE         55                        59     -4       55

PRECIPITATION (IN)
  YESTERDAY        0.00          0.73 2006   0.06  -0.06     0.00
  MONTH TO DATE    0.50                      1.07  -0.57     0.92
  SINCE MAR 1      1.31                      2.18  -0.87     1.74
  SINCE JAN 1      1.52                      2.59  -1.07     1.85

DEGREE DAYS
 HEATING
  YESTERDAY       10                         7      3       10
  MONTH TO DATE  194                       233    -39      194
  SINCE MAR 1   1355                      1661   -306     1389
  SINCE JUL 1   7396                      7632   -236     6542

 COOLING
  YESTERDAY        0                         1     -1        0
  MONTH TO DATE    8                         8      0       11
  SINCE MAR 1      8                         9     -1       11
  SINCE JAN 1      8                         9     -1       11
..................................................................


WIND (MPH)
  HIGHEST WIND SPEED    14   HIGHEST WIND DIRECTION     E (90)
  HIGHEST GUST SPEED    17   HIGHEST GUST DIRECTION    NW (330)
  AVERAGE WIND SPEED     4.6


SKY COVER
  POSSIBLE SUNSHINE  MM
  AVERAGE SKY COVER 0.0


WEATHER CONDITIONS
 THE FOLLOWING WEATHER WAS RECORDED YESTERDAY.
  NO SIGNIFICANT WEATHER WAS OBSERVED.


RELATIVE HUMIDITY (PERCENT)
 HIGHEST    92           400 AM
 LOWEST     12           200 PM
 AVERAGE    52

..........................................................


THE GREYBULL WY CLIMATE NORMALS FOR TODAY
                         NORMAL    RECORD    YEAR
 MAXIMUM TEMPERATURE (F)   73        86      2001
 MINIMUM TEMPERATURE (F)   45        27      2002


SUNRISE AND SUNSET
MAY 24 2017...........SUNRISE   536 AM MDT   SUNSET   843 PM MDT
MAY 25 2017...........SUNRISE   535 AM MDT   SUNSET   844 PM MDT


-  INDICATES NEGATIVE NUMBERS.
R  INDICATES RECORD WAS SET OR TIED.
MM INDICATES DATA IS MISSING.
T  INDICATES TRACE AMOUNT.




$$
