000
CDUS43 KIND 260535
CLIGEZ


CLIMATE REPORT
NATIONAL WEATHER SERVICE INDIANAPOLIS IN
1234 AM EST SUN FEB 26 2017


...................................

...THE SHELBYVILLE IN CLIMATE SUMMARY FOR FEBRUARY 25 2017...

CLIMATE NORMAL PERIOD 1981 TO 2010
CLIMATE RECORD PERIOD 9999 TO 9999


WEATHER ITEM   OBSERVED TIME   NORMAL DEPARTURE LAST
                VALUE   (LST)  VALUE  FROM      YEAR
                                      NORMAL
......................................................
TEMPERATURE (F)
 YESTERDAY
  MAXIMUM         49   1200 AM  43      6       38
  MINIMUM         27   1146 PM  26      1       34
  AVERAGE         38            34      4       36

PRECIPITATION (IN)
  YESTERDAY        T             0.08  -0.08     0.01
  MONTH TO DATE    0.76          2.12  -1.36     3.13
  SINCE DEC 1      7.01          7.78  -0.77    10.65
  SINCE JAN 1      4.82          4.51   0.31     4.49

DEGREE DAYS
 HEATING
  YESTERDAY       27            31     -4       29
  MONTH TO DATE  527           844   -317      726
  SINCE DEC 1   2438          2998   -560     2364
  SINCE JUL 1   3124          4073   -949     3091

 COOLING
  YESTERDAY        0             0      0        0
  MONTH TO DATE    0             0      0        0
  SINCE DEC 1      0             0      0        1
  SINCE JAN 1      0             0      0        0
......................................................


WIND (MPH)
  HIGHEST WIND SPEED    30   HIGHEST WIND DIRECTION     W (270)
  HIGHEST GUST SPEED    38   HIGHEST GUST DIRECTION     W (270)
  AVERAGE WIND SPEED    16.9


SKY COVER
  AVERAGE SKY COVER 0.7


WEATHER CONDITIONS
 THE FOLLOWING WEATHER WAS RECORDED YESTERDAY.
  LIGHT SNOW
  HAZE


RELATIVE HUMIDITY (PERCENT)
 HIGHEST    75           800 AM
 LOWEST     43           700 PM
 AVERAGE    59

..........................................................


THE SHELBYVILLE IN CLIMATE NORMALS FOR TODAY
                         NORMAL
 MAXIMUM TEMPERATURE (F)   43
 MINIMUM TEMPERATURE (F)   26


SUNRISE AND SUNSET
FEBRUARY 26 2017......SUNRISE   720 AM EST   SUNSET   632 PM EST
FEBRUARY 27 2017......SUNRISE   719 AM EST   SUNSET   634 PM EST


-  INDICATES NEGATIVE NUMBERS.
R  INDICATES RECORD WAS SET OR TIED.
MM INDICATES DATA IS MISSING.
T  INDICATES TRACE AMOUNT.




$$
