000
CDUS43 KIND 310543
CLIGEZ


CLIMATE REPORT
NATIONAL WEATHER SERVICE INDIANAPOLIS IN
142 AM EDT MON AUG 31 2015


...................................

...THE SHELBYVILLE IN CLIMATE SUMMARY FOR AUGUST 30 2015...

CLIMATE NORMAL PERIOD 1981 TO 2010
CLIMATE RECORD PERIOD 9999 TO 9999


WEATHER ITEM   OBSERVED TIME   NORMAL DEPARTURE LAST
                VALUE   (LST)  VALUE  FROM      YEAR
                                      NORMAL
......................................................
TEMPERATURE (F)
 YESTERDAY
  MAXIMUM         88    330 PM  83      5       79
  MINIMUM         71    932 PM  59     12       70
  AVERAGE         80            71      9       75

PRECIPITATION (IN)
  YESTERDAY        0.00          0.13  -0.13     0.19
  MONTH TO DATE    1.17          3.25  -2.08     2.41
  SINCE JUN 1     16.93         12.36   4.57    11.34
  SINCE JAN 1     30.97         30.14   0.83    26.83

DEGREE DAYS
 HEATING
  YESTERDAY        0             0      0        0
  MONTH TO DATE    2             0      2        3
  SINCE JUN 1     23            16      7        6
  SINCE JUL 1      2             1      1        5

 COOLING
  YESTERDAY       15             6      9       10
  MONTH TO DATE  216           225     -9      279
  SINCE JUN 1    818           717    101      795
  SINCE JAN 1   1006           798    208      958
......................................................


WIND (MPH)
  HIGHEST WIND SPEED    13   HIGHEST WIND DIRECTION    SW (230)
  HIGHEST GUST SPEED    17   HIGHEST GUST DIRECTION    SW (230)
  AVERAGE WIND SPEED     5.6


SKY COVER
  AVERAGE SKY COVER 0.3


WEATHER CONDITIONS
 THE FOLLOWING WEATHER WAS RECORDED YESTERDAY.
  FOG


RELATIVE HUMIDITY (PERCENT)
 HIGHEST    90          1200 AM
 LOWEST     48           200 PM
 AVERAGE    69

..........................................................


THE SHELBYVILLE IN CLIMATE NORMALS FOR TODAY
                         NORMAL
 MAXIMUM TEMPERATURE (F)   82
 MINIMUM TEMPERATURE (F)   59


SUNRISE AND SUNSET
AUGUST 31 2015........SUNRISE   710 AM EDT   SUNSET   816 PM EDT
SEPTEMBER  1 2015.....SUNRISE   711 AM EDT   SUNSET   815 PM EDT


-  INDICATES NEGATIVE NUMBERS.
R  INDICATES RECORD WAS SET OR TIED.
MM INDICATES DATA IS MISSING.
T  INDICATES TRACE AMOUNT.




$$
