000
CDUS43 KIND 250534
CLIGEZ


CLIMATE REPORT
NATIONAL WEATHER SERVICE INDIANAPOLIS IN
132 AM EDT SAT MAR 25 2017


...................................

...THE SHELBYVILLE IN CLIMATE SUMMARY FOR MARCH 24 2017...

CLIMATE NORMAL PERIOD 1981 TO 2010
CLIMATE RECORD PERIOD 9999 TO 9999


WEATHER ITEM   OBSERVED TIME   NORMAL DEPARTURE LAST
                VALUE   (LST)  VALUE  FROM      YEAR
                                      NORMAL
......................................................
TEMPERATURE (F)
 YESTERDAY
  MAXIMUM         78    153 PM  55     23       65
  MINIMUM         50   1232 AM  35     15       44
  AVERAGE         64            45     19       55

PRECIPITATION (IN)
  YESTERDAY        0.00          0.13  -0.13     0.65
  MONTH TO DATE    2.61          2.47   0.14     3.62
  SINCE MAR 1      2.61          2.47   0.14     3.62
  SINCE JAN 1      8.05          7.22   0.83     8.26

DEGREE DAYS
 HEATING
  YESTERDAY        1            20    -19       10
  MONTH TO DATE  570           590    -20      356
  SINCE MAR 1    570           590    -20      356
  SINCE JUL 1   3753          4753  -1000     3525

 COOLING
  YESTERDAY        0             0      0        0
  MONTH TO DATE    0             0      0        0
  SINCE MAR 1      0             0      0        0
  SINCE JAN 1      0             0      0        0
......................................................


WIND (MPH)
  HIGHEST WIND SPEED    29   HIGHEST WIND DIRECTION    SW (230)
  HIGHEST GUST SPEED    38   HIGHEST GUST DIRECTION    SW (210)
  AVERAGE WIND SPEED    15.1


SKY COVER
  AVERAGE SKY COVER 0.2


WEATHER CONDITIONS
 THE FOLLOWING WEATHER WAS RECORDED YESTERDAY.
  NO SIGNIFICANT WEATHER WAS OBSERVED.


RELATIVE HUMIDITY (PERCENT)
 HIGHEST    67           900 AM
 LOWEST     45           200 PM
 AVERAGE    56

..........................................................


THE SHELBYVILLE IN CLIMATE NORMALS FOR TODAY
                         NORMAL
 MAXIMUM TEMPERATURE (F)   56
 MINIMUM TEMPERATURE (F)   35


SUNRISE AND SUNSET
MARCH 25 2017.........SUNRISE   738 AM EDT   SUNSET   801 PM EDT
MARCH 26 2017.........SUNRISE   737 AM EDT   SUNSET   802 PM EDT


-  INDICATES NEGATIVE NUMBERS.
R  INDICATES RECORD WAS SET OR TIED.
MM INDICATES DATA IS MISSING.
T  INDICATES TRACE AMOUNT.




$$
