000
CDUS43 KIND 170532
CLIGEZ


CLIMATE REPORT
NATIONAL WEATHER SERVICE INDIANAPOLIS IN
1231 AM EST TUE JAN 17 2017


...................................

...THE SHELBYVILLE IN CLIMATE SUMMARY FOR JANUARY 16 2017...

CLIMATE NORMAL PERIOD 1981 TO 2010
CLIMATE RECORD PERIOD 9999 TO 9999


WEATHER ITEM   OBSERVED TIME   NORMAL DEPARTURE LAST
                VALUE   (LST)  VALUE  FROM      YEAR
                                      NORMAL
......................................................
TEMPERATURE (F)
 YESTERDAY
  MAXIMUM         53   1159 PM  36     17       33
  MINIMUM         36    144 AM  21     15       29
  AVERAGE         45            29     16       31

PRECIPITATION (IN)
  YESTERDAY        0.49          0.09   0.40      T
  MONTH TO DATE    2.36          1.47   0.89     1.12
  SINCE DEC 1      4.55          4.74  -0.19     7.28
  SINCE JAN 1      2.36          1.47   0.89     1.12

DEGREE DAYS
 HEATING
  YESTERDAY       20            36    -16       34
  MONTH TO DATE  525           576    -51      460
  SINCE DEC 1   1554          1605    -51     1093
  SINCE JUL 1   2240          2680   -440     1820

 COOLING
  YESTERDAY        0             0      0        0
  MONTH TO DATE    0             0      0        0
  SINCE DEC 1      0             0      0        1
  SINCE JAN 1      0             0      0        0
......................................................


WIND (MPH)
  HIGHEST WIND SPEED    14   HIGHEST WIND DIRECTION    SE (150)
  HIGHEST GUST SPEED    18   HIGHEST GUST DIRECTION     S (160)
  AVERAGE WIND SPEED     8.0


SKY COVER
  AVERAGE SKY COVER 1.0


WEATHER CONDITIONS
 THE FOLLOWING WEATHER WAS RECORDED YESTERDAY.
  RAIN
  LIGHT RAIN
  FOG
  HAZE


RELATIVE HUMIDITY (PERCENT)
 HIGHEST    92           600 AM
 LOWEST     82           200 AM
 AVERAGE    87

..........................................................


THE SHELBYVILLE IN CLIMATE NORMALS FOR TODAY
                         NORMAL
 MAXIMUM TEMPERATURE (F)   36
 MINIMUM TEMPERATURE (F)   21


SUNRISE AND SUNSET
JANUARY 17 2017.......SUNRISE   801 AM EST   SUNSET   546 PM EST
JANUARY 18 2017.......SUNRISE   801 AM EST   SUNSET   547 PM EST


-  INDICATES NEGATIVE NUMBERS.
R  INDICATES RECORD WAS SET OR TIED.
MM INDICATES DATA IS MISSING.
T  INDICATES TRACE AMOUNT.




$$
