000
CDUS43 KIND 250546
CLIGEZ


CLIMATE REPORT
NATIONAL WEATHER SERVICE INDIANAPOLIS IN
146 AM EDT THU AUG 25 2016


...................................

...THE SHELBYVILLE IN CLIMATE SUMMARY FOR AUGUST 24 2016...

CLIMATE NORMAL PERIOD 1981 TO 2010
CLIMATE RECORD PERIOD 9999 TO 9999


WEATHER ITEM   OBSERVED TIME   NORMAL DEPARTURE LAST
                VALUE   (LST)  VALUE  FROM      YEAR
                                      NORMAL
......................................................
TEMPERATURE (F)
 YESTERDAY
  MAXIMUM         87    207 PM  83      4       77
  MINIMUM         68    131 AM  61      7       55
  AVERAGE         78            72      6       66

PRECIPITATION (IN)
  YESTERDAY        0.62          0.12   0.50     0.00
  MONTH TO DATE    5.67          2.45   3.22     1.17
  SINCE JUN 1     15.11         11.56   3.55    16.93
  SINCE JAN 1     31.65         29.34   2.31    30.97

DEGREE DAYS
 HEATING
  YESTERDAY        0             0      0        0
  MONTH TO DATE    0             0      0        0
  SINCE JUN 1      2            16    -14       21
  SINCE JUL 1      2             1      1        0

 COOLING
  YESTERDAY       13             7      6        1
  MONTH TO DATE  285           186     99      181
  SINCE JUN 1    952           678    274      783
  SINCE JAN 1   1075           759    316      971
......................................................


WIND (MPH)
  HIGHEST WIND SPEED    17   HIGHEST WIND DIRECTION     N (360)
  HIGHEST GUST SPEED    26   HIGHEST GUST DIRECTION     N (10)
  AVERAGE WIND SPEED     8.4


SKY COVER
  AVERAGE SKY COVER 0.2


WEATHER CONDITIONS
 THE FOLLOWING WEATHER WAS RECORDED YESTERDAY.
  THUNDERSTORM
  HEAVY RAIN
  LIGHT RAIN
  FOG


RELATIVE HUMIDITY (PERCENT)
 HIGHEST    87           900 PM
 LOWEST     63           200 PM
 AVERAGE    75

..........................................................


THE SHELBYVILLE IN CLIMATE NORMALS FOR TODAY
                         NORMAL
 MAXIMUM TEMPERATURE (F)   83
 MINIMUM TEMPERATURE (F)   60


SUNRISE AND SUNSET
AUGUST 25 2016........SUNRISE   705 AM EDT   SUNSET   824 PM EDT
AUGUST 26 2016........SUNRISE   706 AM EDT   SUNSET   823 PM EDT


-  INDICATES NEGATIVE NUMBERS.
R  INDICATES RECORD WAS SET OR TIED.
MM INDICATES DATA IS MISSING.
T  INDICATES TRACE AMOUNT.




$$
