000
CDUS43 KIND 180534
CLIGEZ


CLIMATE REPORT
NATIONAL WEATHER SERVICE INDIANAPOLIS IN
134 AM EDT FRI APR 18 2014


...................................

...THE SHELBYVILLE IN CLIMATE SUMMARY FOR APRIL 17 2014...

CLIMATE NORMAL PERIOD 1981 TO 2010
CLIMATE RECORD PERIOD 9999 TO 9999


WEATHER ITEM   OBSERVED TIME   NORMAL DEPARTURE LAST
                VALUE   (LST)  VALUE  FROM      YEAR
                                      NORMAL
......................................................
TEMPERATURE (F)
 YESTERDAY
  MAXIMUM         69    304 PM  64      5       75
  MINIMUM         36    446 AM  43     -7       51
  AVERAGE         53            53      0       63

PRECIPITATION (IN)
  YESTERDAY        0.00          0.15  -0.15     0.39
  MONTH TO DATE    3.92          2.17   1.75     1.65
  SINCE MAR 1      5.98          5.60   0.38     2.91
  SINCE JAN 1      9.86         10.35  -0.49     8.11

DEGREE DAYS
 HEATING
  YESTERDAY       12            12      0        2
  MONTH TO DATE  211           249    -38      192
  SINCE MAR 1   1029           969     60     1039
  SINCE JUL 1   5527          5132    395     4841

 COOLING
  YESTERDAY        0             0      0        0
  MONTH TO DATE    8             0      8       10
  SINCE MAR 1      8             1      7       10
  SINCE JAN 1      8             1      7       10
......................................................


WIND (MPH)
  HIGHEST WIND SPEED    20   HIGHEST WIND DIRECTION     S (180)
  HIGHEST GUST SPEED    26   HIGHEST GUST DIRECTION     S (190)
  AVERAGE WIND SPEED    10.0


SKY COVER
  AVERAGE SKY COVER 0.0


WEATHER CONDITIONS
 THE FOLLOWING WEATHER WAS RECORDED YESTERDAY.
  NO SIGNIFICANT WEATHER WAS OBSERVED.


RELATIVE HUMIDITY (PERCENT)
 HIGHEST    66          1100 PM
 LOWEST     27           300 PM
 AVERAGE    47

..........................................................


THE SHELBYVILLE IN CLIMATE NORMALS FOR TODAY
                         NORMAL
 MAXIMUM TEMPERATURE (F)   64
 MINIMUM TEMPERATURE (F)   43


SUNRISE AND SUNSET
APRIL 18 2014.........SUNRISE   702 AM EDT   SUNSET   824 PM EDT
APRIL 19 2014.........SUNRISE   700 AM EDT   SUNSET   825 PM EDT


-  INDICATES NEGATIVE NUMBERS.
R  INDICATES RECORD WAS SET OR TIED.
MM INDICATES DATA IS MISSING.
T  INDICATES TRACE AMOUNT.




$$
