000
CDUS43 KIND 260532
CLIGEZ


CLIMATE REPORT
NATIONAL WEATHER SERVICE INDIANAPOLIS IN
1231 AM EST MON JAN 26 2015


...................................

...THE SHELBYVILLE IN CLIMATE SUMMARY FOR JANUARY 25 2015...

CLIMATE NORMAL PERIOD 1981 TO 2010
CLIMATE RECORD PERIOD 9999 TO 9999


WEATHER ITEM   OBSERVED TIME   NORMAL DEPARTURE LAST
                VALUE   (LST)  VALUE  FROM      YEAR
                                      NORMAL
......................................................
TEMPERATURE (F)
 YESTERDAY
  MAXIMUM         39    221 PM  36      3       35
  MINIMUM         24   1159 PM  21      3       10
  AVERAGE         32            29      3       23

PRECIPITATION (IN)
  YESTERDAY        0.10          0.05   0.05      T
  MONTH TO DATE    1.86          2.04  -0.18     2.01
  SINCE DEC 1      4.84          5.31  -0.47     7.89
  SINCE JAN 1      1.86          2.04  -0.18     2.01

DEGREE DAYS
 HEATING
  YESTERDAY       33            36     -3       42
  MONTH TO DATE  918           900     18     1019
  SINCE DEC 1   1815          1929   -114     2032
  SINCE JUL 1   2999          3004     -5     3098

 COOLING
  YESTERDAY        0             0      0        0
  MONTH TO DATE    0             0      0        0
  SINCE DEC 1      0             0      0        0
  SINCE JAN 1      0             0      0        0
......................................................


WIND (MPH)
  HIGHEST WIND SPEED    24   HIGHEST WIND DIRECTION    NE (30)
  HIGHEST GUST SPEED    30   HIGHEST GUST DIRECTION    NE (30)
  AVERAGE WIND SPEED     9.2


SKY COVER
  AVERAGE SKY COVER 0.8


WEATHER CONDITIONS
 THE FOLLOWING WEATHER WAS RECORDED YESTERDAY.
  LIGHT RAIN
  LIGHT SNOW
  FOG
  HAZE


RELATIVE HUMIDITY (PERCENT)
 HIGHEST    89           600 PM
 LOWEST     76           500 AM
 AVERAGE    83

..........................................................


THE SHELBYVILLE IN CLIMATE NORMALS FOR TODAY
                         NORMAL
 MAXIMUM TEMPERATURE (F)   37
 MINIMUM TEMPERATURE (F)   21


SUNRISE AND SUNSET
JANUARY 26 2015.......SUNRISE   756 AM EST   SUNSET   556 PM EST
JANUARY 27 2015.......SUNRISE   755 AM EST   SUNSET   557 PM EST


-  INDICATES NEGATIVE NUMBERS.
R  INDICATES RECORD WAS SET OR TIED.
MM INDICATES DATA IS MISSING.
T  INDICATES TRACE AMOUNT.




$$
