000
CDUS43 KFGF 250642
CLIGFK


CLIMATE REPORT
NATIONAL WEATHER SERVICE EASTERN NORTH DAKOTA/GRAND FORKS
141 AM CDT WED MAY 25 2016


...................................

...THE GRAND FORKS INTL AP ND CLIMATE SUMMARY FOR MAY 24 2016...

CLIMATE NORMAL PERIOD 1981 TO 2010
CLIMATE RECORD PERIOD 1941 TO 2016


WEATHER ITEM   OBSERVED TIME   RECORD YEAR NORMAL DEPARTURE LAST
                VALUE   (LST)  VALUE       VALUE  FROM      YEAR
                                                  NORMAL
..................................................................
TEMPERATURE (F)
 YESTERDAY
  MAXIMUM         80    451 PM  91    1980  70     10       76
  MINIMUM         57    430 AM  24    2002  45     12       46
  AVERAGE         69                        58     11       61

PRECIPITATION (IN)
  YESTERDAY        0.08          1.13 2010   0.09  -0.01     0.00
  MONTH TO DATE    0.89                      1.99  -1.10     3.80
  SINCE MAR 1      3.00                      3.96  -0.96     4.84
  SINCE JAN 1      3.58                      5.03  -1.45     5.66

SNOWFALL (IN)
  YESTERDAY        0.0          MM      MM   0.0    0.0      0.0
  MONTH TO DATE    T                         0.1   -0.1       T
  SINCE MAR 1      2.5                      10.2   -7.7      2.7
  SINCE JUL 1     28.4                      47.4  -19.0     17.0
  SNOW DEPTH       0

DEGREE DAYS
 HEATING
  YESTERDAY        0                         8     -8        4
  MONTH TO DATE  211                       284    -73      326
  SINCE MAR 1   1824                      2212   -388     1984
  SINCE JUL 1   7803                      9362  -1559     8901

 COOLING
  YESTERDAY        4                         1      3        0
  MONTH TO DATE   20                         9     11        0
  SINCE MAR 1     20                        10     10        0
  SINCE JAN 1     20                        10     10        0
..................................................................


WIND (MPH)
  HIGHEST WIND SPEED    30   HIGHEST WIND DIRECTION     W (260)
  HIGHEST GUST SPEED    34   HIGHEST GUST DIRECTION     W (260)
  AVERAGE WIND SPEED     6.1


SKY COVER
  POSSIBLE SUNSHINE  MM
  AVERAGE SKY COVER 0.3


WEATHER CONDITIONS
 THE FOLLOWING WEATHER WAS RECORDED YESTERDAY.
  HEAVY RAIN
  LIGHT RAIN


RELATIVE HUMIDITY (PERCENT)
 HIGHEST    80           500 AM
 LOWEST     32           400 PM
 AVERAGE    56

..........................................................


THE GRAND FORKS INTL AP ND CLIMATE NORMALS FOR TODAY
                         NORMAL    RECORD    YEAR
 MAXIMUM TEMPERATURE (F)   71        90      1978
                                             1959
 MINIMUM TEMPERATURE (F)   45        30      2007


SUNRISE AND SUNSET
MAY 25 2016...........SUNRISE   539 AM CDT   SUNSET   913 PM CDT
MAY 26 2016...........SUNRISE   538 AM CDT   SUNSET   915 PM CDT


-  INDICATES NEGATIVE NUMBERS.
R  INDICATES RECORD WAS SET OR TIED.
MM INDICATES DATA IS MISSING.
T  INDICATES TRACE AMOUNT.




$$
