000
CDUS43 KFGF 300702
CLIGFK


CLIMATE REPORT
NATIONAL WEATHER SERVICE EASTERN NORTH DAKOTA/GRAND FORKS
201 AM CDT TUE AUG 30 2016


...................................

...THE GRAND FORKS INTL AP ND CLIMATE SUMMARY FOR AUGUST 29 2016...

CLIMATE NORMAL PERIOD 1981 TO 2010
CLIMATE RECORD PERIOD 1941 TO 2016


WEATHER ITEM   OBSERVED TIME   RECORD YEAR NORMAL DEPARTURE LAST
                VALUE   (LST)  VALUE       VALUE  FROM      YEAR
                                                  NORMAL
..................................................................
TEMPERATURE (F)
 YESTERDAY
  MAXIMUM         82    332 PM  97    2012  77      5       81
  MINIMUM         53   1139 PM  37    1988  51      2       61
  AVERAGE         68                        64      4       71

PRECIPITATION (IN)
  YESTERDAY        T             2.41 1993   0.09  -0.09     0.00
  MONTH TO DATE    3.53                      2.70   0.83     2.89
  SINCE JUN 1     12.13                      9.33   2.80    10.50
  SINCE JAN 1     18.52                     15.05   3.47    16.81

SNOWFALL (IN)
  YESTERDAY        0.0          MM      MM   0.0    0.0      0.0
  MONTH TO DATE    0.0                       0.0    0.0      0.0
  SINCE JUN 1      0.0                       0.0    0.0      0.0
  SINCE JUL 1      0.0                       0.0    0.0      0.0
  SNOW DEPTH       0

DEGREE DAYS
 HEATING
  YESTERDAY        0                         3     -3        0
  MONTH TO DATE   15                        47    -32       50
  SINCE JUN 1     81                       178    -97      122
  SINCE JUL 1     27                        75    -48       64

 COOLING
  YESTERDAY        3                         2      1        6
  MONTH TO DATE  137                       117     20      114
  SINCE JUN 1    382                       333     49      374
  SINCE JAN 1    404                       350     54      380
..................................................................


WIND (MPH)
  HIGHEST WIND SPEED    16   HIGHEST WIND DIRECTION     N (340)
  HIGHEST GUST SPEED    20   HIGHEST GUST DIRECTION    NW (330)
  AVERAGE WIND SPEED     7.8


SKY COVER
  POSSIBLE SUNSHINE  MM
  AVERAGE SKY COVER 0.4


WEATHER CONDITIONS
 THE FOLLOWING WEATHER WAS RECORDED YESTERDAY.
  NO SIGNIFICANT WEATHER WAS OBSERVED.


RELATIVE HUMIDITY (PERCENT)
 HIGHEST    93           400 AM
 LOWEST     36           500 PM
 AVERAGE    65

..........................................................


THE GRAND FORKS INTL AP ND CLIMATE NORMALS FOR TODAY
                         NORMAL    RECORD    YEAR
 MAXIMUM TEMPERATURE (F)   77        93      1961
 MINIMUM TEMPERATURE (F)   51        38      2009
                                             1982


SUNRISE AND SUNSET
AUGUST 30 2016........SUNRISE   645 AM CDT   SUNSET   812 PM CDT
AUGUST 31 2016........SUNRISE   646 AM CDT   SUNSET   811 PM CDT


-  INDICATES NEGATIVE NUMBERS.
R  INDICATES RECORD WAS SET OR TIED.
MM INDICATES DATA IS MISSING.
T  INDICATES TRACE AMOUNT.




$$
