000
CDUS43 KFGF 270633
CLIGFK


CLIMATE REPORT
NATIONAL WEATHER SERVICE EASTERN NORTH DAKOTA/GRAND FORKS
131 AM CDT MON MAR 27 2017


...................................

...THE GRAND FORKS INTL AP ND CLIMATE SUMMARY FOR MARCH 26 2017...

CLIMATE NORMAL PERIOD 1981 TO 2010
CLIMATE RECORD PERIOD 1941 TO 2017


WEATHER ITEM   OBSERVED TIME   RECORD YEAR NORMAL DEPARTURE LAST
                VALUE   (LST)  VALUE       VALUE  FROM      YEAR
                                                  NORMAL
..................................................................
TEMPERATURE (F)
 YESTERDAY
  MAXIMUM         47    458 PM  72    1946  40      7       42
  MINIMUM         31   1216 AM -13    1964  21     10       18
  AVERAGE         39                        30      9       30

PRECIPITATION (IN)
  YESTERDAY        0.00          0.90 1942   0.03  -0.03     0.00
  MONTH TO DATE    0.77                      0.80  -0.03     0.53
  SINCE MAR 1      0.77                      0.80  -0.03     0.53
  SINCE JAN 1      1.62                      1.87  -0.25     1.11

SNOWFALL (IN)
  YESTERDAY        0.0           6.5  1942   0.2   -0.2      0.0
  MONTH TO DATE    0.2                       6.5   -6.3      2.2
  SINCE MAR 1      0.2                       6.5   -6.3      2.2
  SINCE JUL 1     38.5                      43.7   -5.2     28.1
  SNOW DEPTH       0

DEGREE DAYS
 HEATING
  YESTERDAY       26                        34     -8       35
  MONTH TO DATE 1054                      1073    -19      766
  SINCE MAR 1   1054                      1073    -19      766
  SINCE JUL 1   7023                      8223  -1200     6745

 COOLING
  YESTERDAY        0                         0      0        0
  MONTH TO DATE    0                         0      0        0
  SINCE MAR 1      0                         0      0        0
  SINCE JAN 1      0                         0      0        0
..................................................................


WIND (MPH)
  HIGHEST WIND SPEED    14   HIGHEST WIND DIRECTION     S (160)
  HIGHEST GUST SPEED    16   HIGHEST GUST DIRECTION     S (200)
  AVERAGE WIND SPEED     5.7


SKY COVER
  POSSIBLE SUNSHINE  MM
  AVERAGE SKY COVER 0.8


WEATHER CONDITIONS
 THE FOLLOWING WEATHER WAS RECORDED YESTERDAY.
  FOG


RELATIVE HUMIDITY (PERCENT)
 HIGHEST   100           200 AM
 LOWEST     76           200 PM
 AVERAGE    88

..........................................................


THE GRAND FORKS INTL AP ND CLIMATE NORMALS FOR TODAY
                         NORMAL    RECORD    YEAR
 MAXIMUM TEMPERATURE (F)   41        82      1946
 MINIMUM TEMPERATURE (F)   22       -13      1955


SUNRISE AND SUNSET
MARCH 27 2017.........SUNRISE   717 AM CDT   SUNSET   752 PM CDT
MARCH 28 2017.........SUNRISE   715 AM CDT   SUNSET   754 PM CDT


-  INDICATES NEGATIVE NUMBERS.
R  INDICATES RECORD WAS SET OR TIED.
MM INDICATES DATA IS MISSING.
T  INDICATES TRACE AMOUNT.




$$
