000
CDUS43 KFGF 012221
CLIGFK


CLIMATE REPORT
NATIONAL WEATHER SERVICE EASTERN NORTH DAKOTA/GRAND FORKS
456 PM CDT SUN MAY 1 2016


...................................

...THE GRAND FORKS INTL AP ND CLIMATE SUMMARY FOR MAY 1 2016...
VALID TODAY AS OF 0400 PM LOCAL TIME.

CLIMATE NORMAL PERIOD 1981 TO 2010
CLIMATE RECORD PERIOD 1941 TO 2016


WEATHER ITEM   OBSERVED TIME   RECORD YEAR NORMAL DEPARTURE LAST
                VALUE   (LST)  VALUE       VALUE  FROM      YEAR
                                                  NORMAL
..................................................................
TEMPERATURE (F)
 TODAY
  MAXIMUM         65    259 PM  85    1980  63      2       76
                                      1952
  MINIMUM         28    500 AM  18    1958  36     -8       38
  AVERAGE         47                        49     -2       57

PRECIPITATION (IN)
  TODAY            0.00          0.62 1949   0.06  -0.06     0.00
  MONTH TO DATE    0.00                      0.06  -0.06     0.00
  SINCE MAR 1      2.11                      2.03   0.08     1.04
  SINCE JAN 1      2.69                      3.10  -0.41     1.86

SNOWFALL (IN)
  TODAY            0.0           0.9  1967   0.0    0.0      0.0
  MONTH TO DATE    0.0                       0.0    0.0      0.0
  SINCE MAR 1      2.5                      10.1   -7.6      2.7
  SINCE JUL 1     28.4                      47.3  -18.9     17.0
  SNOW DEPTH       0

DEGREE DAYS
 HEATING
  TODAY           18                        16      2        8
  MONTH TO DATE   18                        16      2        8
  SINCE MAR 1   1631                      1944   -313     1666
  SINCE JUL 1   7610                      9094  -1484     8583

 COOLING
  TODAY            0                         0      0        0
  MONTH TO DATE    0                         0      0        0
  SINCE MAR 1      0                         1     -1        0
  SINCE JAN 1      0                         1     -1        0
..................................................................


WIND (MPH)
  HIGHEST WIND SPEED    13   HIGHEST WIND DIRECTION    NE (30)
  HIGHEST GUST SPEED    16   HIGHEST GUST DIRECTION    NE (30)
  AVERAGE WIND SPEED     6.6


SKY COVER
  POSSIBLE SUNSHINE  MM
  AVERAGE SKY COVER 0.0


WEATHER CONDITIONS
 THE FOLLOWING WEATHER WAS RECORDED TODAY.
  NO SIGNIFICANT WEATHER WAS OBSERVED.


RELATIVE HUMIDITY (PERCENT)
 HIGHEST    85           500 AM
 LOWEST     26           200 PM
 AVERAGE    56

..........................................................


THE GRAND FORKS INTL AP ND CLIMATE NORMALS FOR TOMORROW
                         NORMAL    RECORD    YEAR
 MAXIMUM TEMPERATURE (F)   63        92      1959
 MINIMUM TEMPERATURE (F)   36        20      1967


SUNRISE AND SUNSET
MAY  1 2016...........SUNRISE   610 AM CDT   SUNSET   843 PM CDT
MAY  2 2016...........SUNRISE   608 AM CDT   SUNSET   844 PM CDT


-  INDICATES NEGATIVE NUMBERS.
R  INDICATES RECORD WAS SET OR TIED.
MM INDICATES DATA IS MISSING.
T  INDICATES TRACE AMOUNT.




$$
