000
CDUS43 KFGF 270636
CLIGFK


CLIMATE REPORT
NATIONAL WEATHER SERVICE EASTERN NORTH DAKOTA/GRAND FORKS
135 AM CDT TUE SEP 27 2016


...................................

...THE GRAND FORKS INTL AP ND CLIMATE SUMMARY FOR SEPTEMBER 26 2016...

CLIMATE NORMAL PERIOD 1981 TO 2010
CLIMATE RECORD PERIOD 1941 TO 2016


WEATHER ITEM   OBSERVED TIME   RECORD YEAR NORMAL DEPARTURE LAST
                VALUE   (LST)  VALUE       VALUE  FROM      YEAR
                                                  NORMAL
..................................................................
TEMPERATURE (F)
 YESTERDAY
  MAXIMUM         65    309 PM  92    1974  65      0       85
  MINIMUM         41   1149 PM  20    1942  40      1       60
  AVERAGE         53                        52      1       73

PRECIPITATION (IN)
  YESTERDAY        0.00          1.73 1964   0.06  -0.06     0.00
  MONTH TO DATE    4.16                      1.79   2.37     0.84
  SINCE SEP 1      4.16                      1.79   2.37     0.84
  SINCE JAN 1     22.68                     17.02   5.66    17.65

SNOWFALL (IN)
  YESTERDAY        0.0           T    1972   0.0    0.0      0.0
  MONTH TO DATE    0.0                       0.0    0.0      0.0
  SINCE SEP 1      0.0                       0.0    0.0      0.0
  SINCE JUL 1      0.0                       0.0    0.0      0.0
  SNOW DEPTH       0

DEGREE DAYS
 HEATING
  YESTERDAY       12                        13     -1        0
  MONTH TO DATE  119                       212    -93      102
  SINCE SEP 1    119                       212    -93      102
  SINCE JUL 1    147                       294   -147      166

 COOLING
  YESTERDAY        0                         0      0        8
  MONTH TO DATE   26                        24      2       72
  SINCE SEP 1     26                        24      2       72
  SINCE JAN 1    430                       376     54      469
..................................................................


WIND (MPH)
  HIGHEST WIND SPEED    31   HIGHEST WIND DIRECTION    NW (310)
  HIGHEST GUST SPEED    40   HIGHEST GUST DIRECTION    NW (320)
  AVERAGE WIND SPEED    16.3


SKY COVER
  POSSIBLE SUNSHINE  MM
  AVERAGE SKY COVER 0.1


WEATHER CONDITIONS
 THE FOLLOWING WEATHER WAS RECORDED YESTERDAY.
  NO SIGNIFICANT WEATHER WAS OBSERVED.


RELATIVE HUMIDITY (PERCENT)
 HIGHEST    82          1100 PM
 LOWEST     43          1200 PM
 AVERAGE    63

..........................................................


THE GRAND FORKS INTL AP ND CLIMATE NORMALS FOR TODAY
                         NORMAL    RECORD    YEAR
 MAXIMUM TEMPERATURE (F)   64        95      1952
 MINIMUM TEMPERATURE (F)   39        23      1976
                                             1942


SUNRISE AND SUNSET
SEPTEMBER 27 2016.....SUNRISE   723 AM CDT   SUNSET   715 PM CDT
SEPTEMBER 28 2016.....SUNRISE   724 AM CDT   SUNSET   713 PM CDT


-  INDICATES NEGATIVE NUMBERS.
R  INDICATES RECORD WAS SET OR TIED.
MM INDICATES DATA IS MISSING.
T  INDICATES TRACE AMOUNT.




$$
