000
CDUS43 KFGF 210646
CLIGFK


CLIMATE REPORT
NATIONAL WEATHER SERVICE EASTERN NORTH DAKOTA/GRAND FORKS
144 AM CDT SAT OCT 21 2017


...................................

...THE GRAND FORKS INTL AP ND CLIMATE SUMMARY FOR OCTOBER 20 2017...

CLIMATE NORMAL PERIOD 1981 TO 2010
CLIMATE RECORD PERIOD 1948 TO 2017


WEATHER ITEM   OBSERVED TIME   RECORD YEAR NORMAL DEPARTURE LAST
                VALUE   (LST)  VALUE       VALUE  FROM      YEAR
                                                  NORMAL
..................................................................
TEMPERATURE (F)
 YESTERDAY
  MAXIMUM         79R   324 PM  79    1978  52     27       44
  MINIMUM         45    147 AM  17    2002  31     14       30
  AVERAGE         62                        41     21       37

PRECIPITATION (IN)
  YESTERDAY        0.00          0.30 2009   0.06  -0.06     0.00
  MONTH TO DATE    0.08                      1.37  -1.29     0.88
  SINCE SEP 1      4.53                      3.42   1.11     5.04
  SINCE JAN 1     15.58                     18.65  -3.07    23.56

SNOWFALL (IN)
  YESTERDAY        0.0           0.1  1991   0.1   -0.1      0.0
  MONTH TO DATE    0.0                       0.7   -0.7      0.0
  SINCE SEP 1      0.0                       0.7   -0.7      0.0
  SINCE JUL 1      0.0                       0.7   -0.7      0.0
  SNOW DEPTH       0

DEGREE DAYS
 HEATING
  YESTERDAY        3                        24    -21       28
  MONTH TO DATE  286                       386   -100      334
  SINCE SEP 1    465                       655   -190      502
  SINCE JUL 1    484                       737   -253      530

 COOLING
  YESTERDAY        0                         0      0        0
  MONTH TO DATE    0                         0      0        4
  SINCE SEP 1     36                        26     10       30
  SINCE JAN 1    411                       378     33      434
..................................................................


WIND (MPH)
  HIGHEST WIND SPEED    30   HIGHEST WIND DIRECTION     S (180)
  HIGHEST GUST SPEED    43   HIGHEST GUST DIRECTION     S (180)
  AVERAGE WIND SPEED    17.6


SKY COVER
  POSSIBLE SUNSHINE  MM
  AVERAGE SKY COVER 0.4


WEATHER CONDITIONS
 THE FOLLOWING WEATHER WAS RECORDED YESTERDAY.
  NO SIGNIFICANT WEATHER WAS OBSERVED.


RELATIVE HUMIDITY (PERCENT)
 HIGHEST    86           300 AM
 LOWEST     42           200 PM
 AVERAGE    64

..........................................................


THE GRAND FORKS INTL AP ND CLIMATE NORMALS FOR TODAY
                         NORMAL    RECORD    YEAR
 MAXIMUM TEMPERATURE (F)   52        78      1953
 MINIMUM TEMPERATURE (F)   30        14      1987


SUNRISE AND SUNSET
OCTOBER 21 2017.......SUNRISE   757 AM CDT   SUNSET   629 PM CDT
OCTOBER 22 2017.......SUNRISE   759 AM CDT   SUNSET   627 PM CDT


-  INDICATES NEGATIVE NUMBERS.
R  INDICATES RECORD WAS SET OR TIED.
MM INDICATES DATA IS MISSING.
T  INDICATES TRACE AMOUNT.




$$
