000
CDUS43 KFGF 300732
CLIGFK


CLIMATE REPORT
NATIONAL WEATHER SERVICE EASTERN NORTH DAKOTA/GRAND FORKS
232 AM CDT SAT MAY 30 2015


...................................

...THE GRAND FORKS INTL AP ND CLIMATE SUMMARY FOR MAY 29 2015...

CLIMATE NORMAL PERIOD 1981 TO 2010
CLIMATE RECORD PERIOD 1941 TO 2015


WEATHER ITEM   OBSERVED TIME   RECORD YEAR NORMAL DEPARTURE LAST
                VALUE   (LST)  VALUE       VALUE  FROM      YEAR
                                                  NORMAL
..................................................................
TEMPERATURE (F)
 YESTERDAY
  MAXIMUM         60   1221 AM  96    1939  72    -12       89
  MINIMUM         38   1159 PM  30    1961  46     -8       59
  AVERAGE         49                        59    -10       74

PRECIPITATION (IN)
  YESTERDAY        0.00          1.50 1899   0.10  -0.10     0.00
  MONTH TO DATE    4.45                      2.47   1.98     1.97
  SINCE MAR 1      5.49                      4.44   1.05     5.52
  SINCE JAN 1      6.31                      5.51   0.80     6.59

SNOWFALL (IN)
  YESTERDAY        0.0          MM      MM   0.0    0.0      0.0
  MONTH TO DATE    T                         0.1   -0.1      0.0
  SINCE MAR 1      2.7                      10.2   -7.5     14.6
  SINCE JUL 1     17.0                      47.4  -30.4     60.3
  SNOW DEPTH       0

DEGREE DAYS
 HEATING
  YESTERDAY       16                         7      9        0
  MONTH TO DATE  343                       321     22      367
  SINCE MAR 1   2001                      2249   -248     2646
  SINCE JUL 1   8918                      9399   -481    10541

 COOLING
  YESTERDAY        0                         1     -1        9
  MONTH TO DATE    6                        14     -8       41
  SINCE MAR 1      6                        15     -9       41
  SINCE JAN 1      6                        15     -9       41
..................................................................


WIND (MPH)
  HIGHEST WIND SPEED    31   HIGHEST WIND DIRECTION     N (360)
  HIGHEST GUST SPEED    38   HIGHEST GUST DIRECTION     N (340)
  AVERAGE WIND SPEED    22.8


SKY COVER
  POSSIBLE SUNSHINE  MM
  AVERAGE SKY COVER 0.7


WEATHER CONDITIONS
 THE FOLLOWING WEATHER WAS RECORDED YESTERDAY.
  NO SIGNIFICANT WEATHER WAS OBSERVED.


RELATIVE HUMIDITY (PERCENT)
 HIGHEST    90          1200 AM
 LOWEST     50           500 PM
 AVERAGE    70

..........................................................


THE GRAND FORKS INTL AP ND CLIMATE NORMALS FOR TODAY
                         NORMAL    RECORD    YEAR
 MAXIMUM TEMPERATURE (F)   72       105      1934
 MINIMUM TEMPERATURE (F)   47        29      1897


SUNRISE AND SUNSET
MAY 30 2015...........SUNRISE   535 AM CDT   SUNSET   918 PM CDT
MAY 31 2015...........SUNRISE   535 AM CDT   SUNSET   919 PM CDT


-  INDICATES NEGATIVE NUMBERS.
R  INDICATES RECORD WAS SET OR TIED.
MM INDICATES DATA IS MISSING.
T  INDICATES TRACE AMOUNT.




$$
