523
CDUS43 KFGF 180645
CLIGFK


CLIMATE REPORT
NATIONAL WEATHER SERVICE EASTERN NORTH DAKOTA/GRAND FORKS
1244 AM CST MON DEC 18 2017


...................................

...THE GRAND FORKS INTL AP ND CLIMATE SUMMARY FOR DECEMBER 17 2017...

CLIMATE NORMAL PERIOD 1981 TO 2010
CLIMATE RECORD PERIOD 1948 TO 2017


WEATHER ITEM   OBSERVED TIME   RECORD YEAR NORMAL DEPARTURE LAST
                VALUE   (LST)  VALUE       VALUE  FROM      YEAR
                                                  NORMAL
..................................................................
TEMPERATURE (F)
 YESTERDAY
  MAXIMUM         29   1159 PM  41    2004  20      9       -4
  MINIMUM         10    838 AM -26    1975   2      8      -22
  AVERAGE         20                        11      9      -13

PRECIPITATION (IN)
  YESTERDAY        0.00          0.30 1973   0.02  -0.02     0.00
  MONTH TO DATE    0.58                      0.33   0.25     0.87
  SINCE DEC 1      0.58                      0.33   0.25     0.87
  SINCE JAN 1     17.06                     20.53  -3.47    25.98

SNOWFALL (IN)
  YESTERDAY        0.0           3.0  1973   0.4   -0.4      0.0
  MONTH TO DATE    5.4                       5.7   -0.3     18.6
  SINCE DEC 1      5.4                       5.7   -0.3     18.6
  SINCE JUL 1     15.6                      14.9    0.7     19.7
  SNOW DEPTH       4

DEGREE DAYS
 HEATING
  YESTERDAY       45                        54     -9       78
  MONTH TO DATE  724                       873   -149      937
  SINCE DEC 1    724                       873   -149      937
  SINCE JUL 1   2709                      3072   -363     2405

 COOLING
  YESTERDAY        0                         0      0        0
  MONTH TO DATE    0                         0      0        0
  SINCE DEC 1      0                         0      0        0
  SINCE JAN 1    411                       379     32      434
..................................................................


WIND (MPH)
  HIGHEST WIND SPEED    18   HIGHEST WIND DIRECTION     S (190)
  HIGHEST GUST SPEED    24   HIGHEST GUST DIRECTION     S (190)
  AVERAGE WIND SPEED     8.9


SKY COVER
  POSSIBLE SUNSHINE  MM
  AVERAGE SKY COVER 0.3


WEATHER CONDITIONS
 THE FOLLOWING WEATHER WAS RECORDED YESTERDAY.
  FOG
  FOG W/VISIBILITY <= 1/4 MILE


RELATIVE HUMIDITY (PERCENT)
 HIGHEST   100           800 PM
 LOWEST     81           100 PM
 AVERAGE    91

..........................................................


THE GRAND FORKS INTL AP ND CLIMATE NORMALS FOR TODAY
                         NORMAL    RECORD    YEAR
 MAXIMUM TEMPERATURE (F)   19        51      2011
 MINIMUM TEMPERATURE (F)    2       -28      1955


SUNRISE AND SUNSET
DECEMBER 18 2017......SUNRISE   814 AM CST   SUNSET   437 PM CST
DECEMBER 19 2017......SUNRISE   815 AM CST   SUNSET   437 PM CST


-  INDICATES NEGATIVE NUMBERS.
R  INDICATES RECORD WAS SET OR TIED.
MM INDICATES DATA IS MISSING.
T  INDICATES TRACE AMOUNT.




$$
