000
CDUS43 KFGF 222159
CLIGFK


CLIMATE REPORT
NATIONAL WEATHER SERVICE EASTERN NORTH DAKOTA/GRAND FORKS
458 PM CDT TUE JUL 22 2014


...................................

...THE GRAND FORKS INTL AP ND CLIMATE SUMMARY FOR JULY 22 2014...
VALID TODAY AS OF 0400 PM LOCAL TIME.

CLIMATE NORMAL PERIOD 1981 TO 2010
CLIMATE RECORD PERIOD 1941 TO 2014


WEATHER ITEM   OBSERVED TIME   RECORD YEAR NORMAL DEPARTURE LAST
                VALUE   (LST)  VALUE       VALUE  FROM      YEAR
                                                  NORMAL
..................................................................
TEMPERATURE (F)
 TODAY
  MAXIMUM         77    259 PM  97    1976  82     -5       71
  MINIMUM         62    557 AM  45    1985  57      5       53
                                      1973
                                      1949
  AVERAGE         70                        69      1       62

PRECIPITATION (IN)
  TODAY            T             1.32 1943   0.09  -0.09     0.00
  MONTH TO DATE    3.69                      2.36   1.33     1.96
  SINCE JUN 1     10.29                      5.84   4.45     5.06
  SINCE JAN 1     17.47                     11.56   5.91    13.23

SNOWFALL (IN)
  TODAY            0.0          MM      MM   0.0    0.0      0.0
  MONTH TO DATE    0.0                       0.0    0.0      0.0
  SINCE JUN 1      0.0                       0.0    0.0      0.0
  SINCE JUL 1      0.0                       0.0    0.0      0.0
  SNOW DEPTH       0

DEGREE DAYS
 HEATING
  TODAY            0                         1     -1        3
  MONTH TO DATE   29                        23      6        6
  SINCE JUN 1     75                       126    -51       83
  SINCE JUL 1     29                        23      6        6

 COOLING
  TODAY            5                         5      0        0
  MONTH TO DATE   92                       100     -8      160
  SINCE JUN 1    159                       175    -16      273
  SINCE JAN 1    212                       192     20      282
..................................................................


WIND (MPH)
  HIGHEST WIND SPEED    18   HIGHEST WIND DIRECTION    NW (320)
  HIGHEST GUST SPEED    24   HIGHEST GUST DIRECTION    NW (330)
  AVERAGE WIND SPEED    10.7


SKY COVER
  POSSIBLE SUNSHINE  MM
  AVERAGE SKY COVER 0.2


WEATHER CONDITIONS
 THE FOLLOWING WEATHER WAS RECORDED TODAY.
  LIGHT RAIN


RELATIVE HUMIDITY (PERCENT)
 HIGHEST    93          1200 AM
 LOWEST     54           100 PM
 AVERAGE    74

..........................................................


THE GRAND FORKS INTL AP ND CLIMATE NORMALS FOR TOMORROW
                         NORMAL    RECORD    YEAR
 MAXIMUM TEMPERATURE (F)   82        96      1945
                                             1941
 MINIMUM TEMPERATURE (F)   57        45      2004
                                             1953


SUNRISE AND SUNSET
JULY 22 2014..........SUNRISE   553 AM CDT   SUNSET   917 PM CDT
JULY 23 2014..........SUNRISE   554 AM CDT   SUNSET   916 PM CDT


-  INDICATES NEGATIVE NUMBERS.
R  INDICATES RECORD WAS SET OR TIED.
MM INDICATES DATA IS MISSING.
T  INDICATES TRACE AMOUNT.




$$
