903
CDUS43 KFGF 110642
CLIGFK


CLIMATE REPORT
NATIONAL WEATHER SERVICE EASTERN NORTH DAKOTA/GRAND FORKS
1242 AM CST THU FEB 11 2016


...................................

...THE GRAND FORKS INTL AP ND CLIMATE SUMMARY FOR FEBRUARY 10 2016...

CLIMATE NORMAL PERIOD 1981 TO 2010
CLIMATE RECORD PERIOD 1941 TO 2016


WEATHER ITEM   OBSERVED TIME   RECORD YEAR NORMAL DEPARTURE LAST
                VALUE   (LST)  VALUE       VALUE  FROM      YEAR
                                                  NORMAL
..................................................................
TEMPERATURE (F)
 YESTERDAY
  MAXIMUM         10    654 PM  41    1977  20    -10       27
  MINIMUM          2   1159 PM -27    1949   0      2       12
  AVERAGE          6                        10     -4       20

PRECIPITATION (IN)
  YESTERDAY        0.01          0.23 2015   0.01   0.00     0.23
  MONTH TO DATE    0.15                      0.14   0.01     0.25
  SINCE DEC 1      1.53                      1.30   0.23     0.89
  SINCE JAN 1      0.47                      0.69  -0.22     0.67

SNOWFALL (IN)
  YESTERDAY        0.2          MM      MM   0.2    0.0      2.1
  MONTH TO DATE    1.5                       2.2   -0.7      2.5
  SINCE DEC 1     22.1                      23.6   -1.5      8.1
  SINCE JUL 1     24.8                      32.8   -8.0     12.1
  SNOW DEPTH       1

DEGREE DAYS
 HEATING
  YESTERDAY       59                        55      4       45
  MONTH TO DATE  459                       560   -101      540
  SINCE DEC 1   3516                      4027   -511     3614
  SINCE JUL 1   5181                      6226  -1045     5758

 COOLING
  YESTERDAY        0                         0      0        0
  MONTH TO DATE    0                         0      0        0
  SINCE DEC 1      0                         0      0        0
  SINCE JAN 1      0                         0      0        0
..................................................................


WIND (MPH)
  HIGHEST WIND SPEED    12   HIGHEST WIND DIRECTION    NE (30)
  HIGHEST GUST SPEED    13   HIGHEST GUST DIRECTION     N (20)
  AVERAGE WIND SPEED     7.3


SKY COVER
  POSSIBLE SUNSHINE  MM
  AVERAGE SKY COVER 0.6


WEATHER CONDITIONS
 THE FOLLOWING WEATHER WAS RECORDED YESTERDAY.
  LIGHT SNOW


RELATIVE HUMIDITY (PERCENT)
 HIGHEST    83           800 AM
 LOWEST     63           200 PM
 AVERAGE    73

..........................................................


THE GRAND FORKS INTL AP ND CLIMATE NORMALS FOR TODAY
                         NORMAL    RECORD    YEAR
 MAXIMUM TEMPERATURE (F)   21        50      2002
 MINIMUM TEMPERATURE (F)    0       -27      1967
                                             1955


SUNRISE AND SUNSET
FEBRUARY 11 2016......SUNRISE   742 AM CST   SUNSET   544 PM CST
FEBRUARY 12 2016......SUNRISE   741 AM CST   SUNSET   546 PM CST


-  INDICATES NEGATIVE NUMBERS.
R  INDICATES RECORD WAS SET OR TIED.
MM INDICATES DATA IS MISSING.
T  INDICATES TRACE AMOUNT.




$$
