000
CDUS43 KFGF 280633
CLIGFK


CLIMATE REPORT
NATIONAL WEATHER SERVICE EASTERN NORTH DAKOTA/GRAND FORKS
132 AM CDT FRI AUG 28 2015


...................................

...THE GRAND FORKS INTL AP ND CLIMATE SUMMARY FOR AUGUST 27 2015...

CLIMATE NORMAL PERIOD 1981 TO 2010
CLIMATE RECORD PERIOD 1941 TO 2015


WEATHER ITEM   OBSERVED TIME   RECORD YEAR NORMAL DEPARTURE LAST
                VALUE   (LST)  VALUE       VALUE  FROM      YEAR
                                                  NORMAL
..................................................................
TEMPERATURE (F)
 YESTERDAY
  MAXIMUM         79    306 PM  98    1991  78      1       75
  MINIMUM         52    619 AM  32    1982  52      0       47
  AVERAGE         66                        65      1       61

PRECIPITATION (IN)
  YESTERDAY        0.00          0.71 1995   0.09  -0.09     0.00
  MONTH TO DATE    2.89                      2.52   0.37     3.05
  SINCE JUN 1     10.50                      9.15   1.35    13.35
  SINCE JAN 1     16.81                     14.87   1.94    20.53

SNOWFALL (IN)
  YESTERDAY        0.0          MM      MM   0.0    0.0      0.0
  MONTH TO DATE    0.0                       0.0    0.0      0.0
  SINCE JUN 1      0.0                       0.0    0.0      0.0
  SINCE JUL 1      0.0                       0.0    0.0      0.0
  SNOW DEPTH       0

DEGREE DAYS
 HEATING
  YESTERDAY        0                         3     -3        4
  MONTH TO DATE   50                        41      9       21
  SINCE JUN 1    122                       172    -50       96
  SINCE JUL 1     64                        69     -5       50

 COOLING
  YESTERDAY        1                         3     -2        0
  MONTH TO DATE   99                       112    -13      125
  SINCE JUN 1    359                       328     31      303
  SINCE JAN 1    365                       345     20      356
..................................................................


WIND (MPH)
  HIGHEST WIND SPEED    12   HIGHEST WIND DIRECTION    SW (210)
  HIGHEST GUST SPEED    16   HIGHEST GUST DIRECTION    SW (210)
  AVERAGE WIND SPEED     5.5


SKY COVER
  POSSIBLE SUNSHINE  MM
  AVERAGE SKY COVER 0.5


WEATHER CONDITIONS
 THE FOLLOWING WEATHER WAS RECORDED YESTERDAY.
  NO SIGNIFICANT WEATHER WAS OBSERVED.


RELATIVE HUMIDITY (PERCENT)
 HIGHEST    93           700 AM
 LOWEST     56           200 PM
 AVERAGE    75

..........................................................


THE GRAND FORKS INTL AP ND CLIMATE NORMALS FOR TODAY
                         NORMAL    RECORD    YEAR
 MAXIMUM TEMPERATURE (F)   78        99      1991
 MINIMUM TEMPERATURE (F)   51        31      1986


SUNRISE AND SUNSET
AUGUST 28 2015........SUNRISE   641 AM CDT   SUNSET   818 PM CDT
AUGUST 29 2015........SUNRISE   642 AM CDT   SUNSET   816 PM CDT


-  INDICATES NEGATIVE NUMBERS.
R  INDICATES RECORD WAS SET OR TIED.
MM INDICATES DATA IS MISSING.
T  INDICATES TRACE AMOUNT.




$$
