000
CDUS43 KFGF 280643
CLIGFK


CLIMATE REPORT
NATIONAL WEATHER SERVICE EASTERN NORTH DAKOTA/GRAND FORKS
1242 AM CST SUN DEC 28 2014


...................................

...THE GRAND FORKS INTL AP ND CLIMATE SUMMARY FOR DECEMBER 27 2014...

CLIMATE NORMAL PERIOD 1981 TO 2010
CLIMATE RECORD PERIOD 1941 TO 2014


WEATHER ITEM   OBSERVED TIME   RECORD YEAR NORMAL DEPARTURE LAST
                VALUE   (LST)  VALUE       VALUE  FROM      YEAR
                                                  NORMAL
..................................................................
TEMPERATURE (F)
 YESTERDAY
  MAXIMUM         21    230 PM  42    1999  17      4       38
  MINIMUM          0    454 AM -24    1964  -1      1       23
  AVERAGE         11                         8      3       31

PRECIPITATION (IN)
  YESTERDAY        0.01          0.18 1959   0.02  -0.01     0.00
  MONTH TO DATE    0.22                      0.53  -0.31     0.79
  SINCE DEC 1      0.22                      0.53  -0.31     0.79
  SINCE JAN 1     22.87                     20.73   2.14    19.62

SNOWFALL (IN)
  YESTERDAY        0.7           3.8  1996   0.3    0.4      0.0
  MONTH TO DATE    1.8                       9.2   -7.4     22.0
  SINCE DEC 1      1.8                       9.2   -7.4     22.0
  SINCE JUL 1      5.8                      18.4  -12.6     23.6
  SNOW DEPTH       T

DEGREE DAYS
 HEATING
  YESTERDAY       54                        57     -3       34
  MONTH TO DATE 1192                      1431   -239     1702
  SINCE DEC 1   1192                      1431   -239     1702
  SINCE JUL 1   3336                      3630   -294     3813

 COOLING
  YESTERDAY        0                         0      0        0
  MONTH TO DATE    0                         0      0        0
  SINCE DEC 1      0                         0      0        0
  SINCE JAN 1    395                       379     16      487
..................................................................


WIND (MPH)
  HIGHEST WIND SPEED    20   HIGHEST WIND DIRECTION     N (20)
  HIGHEST GUST SPEED    23   HIGHEST GUST DIRECTION     N (20)
  AVERAGE WIND SPEED     6.5


SKY COVER
  POSSIBLE SUNSHINE  MM
  AVERAGE SKY COVER 1.0


WEATHER CONDITIONS
 THE FOLLOWING WEATHER WAS RECORDED YESTERDAY.
  LIGHT SNOW
  FOG
  HAZE


RELATIVE HUMIDITY (PERCENT)
 HIGHEST    95           300 AM
 LOWEST     76          1000 PM
 AVERAGE    86

..........................................................


THE GRAND FORKS INTL AP ND CLIMATE NORMALS FOR TODAY
                         NORMAL    RECORD    YEAR
 MAXIMUM TEMPERATURE (F)   17        42      1979
 MINIMUM TEMPERATURE (F)   -1       -22      1988


SUNRISE AND SUNSET
DECEMBER 28 2014......SUNRISE   818 AM CST   SUNSET   443 PM CST
DECEMBER 29 2014......SUNRISE   818 AM CST   SUNSET   444 PM CST


-  INDICATES NEGATIVE NUMBERS.
R  INDICATES RECORD WAS SET OR TIED.
MM INDICATES DATA IS MISSING.
T  INDICATES TRACE AMOUNT.




$$
