910
CDUS41 KALY 240629
CLIGFL


CLIMATE REPORT
NATIONAL WEATHER SERVICE ALBANY NY
228 AM EDT WED AUG 24 2016


...................................

...THE GLENS FALLS NY CLIMATE SUMMARY FOR AUGUST 23 2016...

CLIMATE NORMAL PERIOD 1981 TO 2010
CLIMATE RECORD PERIOD 1949 TO 2016


WEATHER ITEM   OBSERVED TIME   RECORD YEAR NORMAL DEPARTURE LAST
                VALUE   (LST)  VALUE       VALUE  FROM      YEAR
                                                  NORMAL
..................................................................
TEMPERATURE (F)
 YESTERDAY
  MAXIMUM         79    410 PM  86    1972  78      1       83
  MINIMUM         47    531 AM  41    1988  54     -7       55
  AVERAGE         63                        66     -3       69

PRECIPITATION (IN)
  YESTERDAY        0.00          1.38 1970   0.11  -0.11     0.00
  MONTH TO DATE    2.07                      2.86  -0.79     1.77
  SINCE JUN 1      8.91                     10.50  -1.59    10.21
  SINCE JAN 1     20.53                     24.99  -4.46    17.52

DEGREE DAYS
 HEATING
  YESTERDAY        2                         2      0        0
  MONTH TO DATE    6                        26    -20        1
  SINCE JUN 1     50                       137    -87       91
  SINCE JUL 1      6                        47    -41       12

 COOLING
  YESTERDAY        0                         3     -3        4
  MONTH TO DATE  170                        85     85      145
  SINCE JUN 1    488                       293    195      388
  SINCE JAN 1    544                       305    239      464
..................................................................


WIND (MPH)
  HIGHEST WIND SPEED    14   HIGHEST WIND DIRECTION     S (200)
  HIGHEST GUST SPEED    19   HIGHEST GUST DIRECTION     S (200)
  AVERAGE WIND SPEED     4.3


SKY COVER
  AVERAGE SKY COVER 0.1



RELATIVE HUMIDITY (PERCENT)
 HIGHEST    93           300 AM
 LOWEST     45           400 PM
 AVERAGE    69

..........................................................


THE GLENS FALLS NY CLIMATE NORMALS FOR TODAY
                         NORMAL    RECORD    YEAR
 MAXIMUM TEMPERATURE (F)   78        89      1969
 MINIMUM TEMPERATURE (F)   54        38      1971


SUNRISE AND SUNSET
AUGUST 24 2016........SUNRISE   610 AM EDT   SUNSET   742 PM EDT
AUGUST 25 2016........SUNRISE   611 AM EDT   SUNSET   741 PM EDT


-  INDICATES NEGATIVE NUMBERS.
R  INDICATES RECORD WAS SET OR TIED.
MM INDICATES DATA IS MISSING.
T  INDICATES TRACE AMOUNT.




$$
