000
CDUS41 KALY 280626
CLIGFL


CLIMATE REPORT
NATIONAL WEATHER SERVICE ALBANY NY
225 AM EDT SUN MAY 28 2017


...................................

...THE GLENS FALLS NY CLIMATE SUMMARY FOR MAY 27 2017...

CLIMATE NORMAL PERIOD 1981 TO 2010
CLIMATE RECORD PERIOD 1949 TO 2017


WEATHER ITEM   OBSERVED TIME   RECORD YEAR NORMAL DEPARTURE LAST
                VALUE   (LST)  VALUE       VALUE  FROM      YEAR
                                                  NORMAL
..................................................................
TEMPERATURE (F)
 YESTERDAY
  MAXIMUM         71    411 PM  89    2016  71      0       89
  MINIMUM         49    246 AM  30    1969  46      3       61
  AVERAGE         60                        59      1       75

PRECIPITATION (IN)
  YESTERDAY        0.00          0.66 1983   0.11  -0.11     0.00
  MONTH TO DATE    5.06                      3.15   1.91     2.03
  SINCE MAR 1     10.90                      9.09   1.81     5.77
  SINCE JAN 1     15.59                     14.03   1.56    10.56

DEGREE DAYS
 HEATING
  YESTERDAY        5                         7     -2        0
  MONTH TO DATE  269                       285    -16      256
  SINCE MAR 1   1781                      1941   -160     1703
  SINCE JUL 1   6303                      7561  -1258     5883

 COOLING
  YESTERDAY        0                         1     -1       10
  MONTH TO DATE   15                         4     11       17
  SINCE MAR 1     21                         5     16       17
  SINCE JAN 1     21                         5     16       17
..................................................................


WIND (MPH)
  HIGHEST WIND SPEED     9   HIGHEST WIND DIRECTION     N (350)
  HIGHEST GUST SPEED    12   HIGHEST GUST DIRECTION     N (340)
  AVERAGE WIND SPEED     1.9


SKY COVER
  AVERAGE SKY COVER 1.0



RELATIVE HUMIDITY (PERCENT)
 HIGHEST    80          1000 PM
 LOWEST     52           700 PM
 AVERAGE    66

..........................................................


THE GLENS FALLS NY CLIMATE NORMALS FOR TODAY
                         NORMAL    RECORD    YEAR
 MAXIMUM TEMPERATURE (F)   72        90      2016
 MINIMUM TEMPERATURE (F)   47        34      2008


SUNRISE AND SUNSET
MAY 28 2017...........SUNRISE   519 AM EDT   SUNSET   825 PM EDT
MAY 29 2017...........SUNRISE   518 AM EDT   SUNSET   826 PM EDT


-  INDICATES NEGATIVE NUMBERS.
R  INDICATES RECORD WAS SET OR TIED.
MM INDICATES DATA IS MISSING.
T  INDICATES TRACE AMOUNT.




$$
