000
CDUS44 KSHV 170846
CLIGGG


CLIMATE REPORT
NATIONAL WEATHER SERVICE SHREVEPORT, LA
245 AM CST WED JAN 17 2018


...................................

...THE LONGVIEW CLIMATE SUMMARY FOR JANUARY 16 2018...

CLIMATE NORMAL PERIOD 1981 TO 2010
CLIMATE RECORD PERIOD 1902 TO 2018


WEATHER ITEM   OBSERVED TIME   RECORD YEAR NORMAL DEPARTURE LAST
                VALUE   (LST)  VALUE       VALUE  FROM      YEAR
                                                  NORMAL
..................................................................
TEMPERATURE (F)
 YESTERDAY
  MAXIMUM         31   1159 PM  80    1935  57    -26       73
  MINIMUM         13R   941 PM  15    1992  36    -23       57
  AVERAGE         22                        46    -24       65

PRECIPITATION (IN)
  YESTERDAY        0.04          2.40 2011   0.11  -0.07     1.46
  MONTH TO DATE    2.38                      1.64   0.74     2.12
  SINCE DEC 1      7.71                      6.13   1.58     6.92
  SINCE JAN 1      2.38                      1.64   0.74     2.12

SNOWFALL (IN)
  YESTERDAY       MM
  MONTH TO DATE    T
  SINCE DEC 1      T
  SINCE JUL 1      T
  SNOW DEPTH       0

DEGREE DAYS
 HEATING
  YESTERDAY       43                        19     24        0
  MONTH TO DATE  415                       304    111      200
  SINCE DEC 1    927                       838     89      615
  SINCE JUL 1   1207                      1210     -3      775

 COOLING
  YESTERDAY        0                         0      0        0
  MONTH TO DATE    0                         0      0       19
  SINCE DEC 1      4                         6     -2       37
  SINCE JAN 1      0                         0      0       19
..................................................................


WIND (MPH)
  HIGHEST WIND SPEED    24   HIGHEST WIND DIRECTION     N (350)
  HIGHEST GUST SPEED    33   HIGHEST GUST DIRECTION     N (340)
  AVERAGE WIND SPEED    10.9


SKY COVER
  POSSIBLE SUNSHINE  MM
  AVERAGE SKY COVER 0.6


WEATHER CONDITIONS
 THE FOLLOWING WEATHER WAS RECORDED YESTERDAY.
  LIGHT SNOW
  FOG


RELATIVE HUMIDITY (PERCENT)
 HIGHEST   100           100 AM
 LOWEST     33           300 PM
 AVERAGE    67

..........................................................


THE LONGVIEW CLIMATE NORMALS FOR TODAY
                         NORMAL    RECORD    YEAR
 MAXIMUM TEMPERATURE (F)   57        77      1999
 MINIMUM TEMPERATURE (F)   36        16      1957


SUNRISE AND SUNSET
JANUARY 17 2018.......SUNRISE   720 AM CST   SUNSET   538 PM CST
JANUARY 18 2018.......SUNRISE   720 AM CST   SUNSET   539 PM CST


-  INDICATES NEGATIVE NUMBERS.
R  INDICATES RECORD WAS SET OR TIED.
MM INDICATES DATA IS MISSING.
T  INDICATES TRACE AMOUNT.




$$
