000
CDUS44 KSHV 270747
CLIGGG


CLIMATE REPORT
NATIONAL WEATHER SERVICE SHREVEPORT, LA
247 AM CDT MON MAR 27 2017


...................................

...THE LONGVIEW CLIMATE SUMMARY FOR MARCH 26 2017...

CLIMATE NORMAL PERIOD 1981 TO 2010
CLIMATE RECORD PERIOD 1902 TO 2017


WEATHER ITEM   OBSERVED TIME   RECORD YEAR NORMAL DEPARTURE LAST
                VALUE   (LST)  VALUE       VALUE  FROM      YEAR
                                                  NORMAL
..................................................................
TEMPERATURE (F)
 YESTERDAY
  MAXIMUM         85    254 PM  90    1938  71     14       76
  MINIMUM         49    629 AM  24    1955  48      1       49
  AVERAGE         67                        60      7       63

PRECIPITATION (IN)
  YESTERDAY        0.00          0.95 1946   0.13  -0.13     0.00
  MONTH TO DATE    2.00                      3.68  -1.68    10.54
  SINCE DEC 1     14.77                     15.53  -0.76    20.88
  SINCE JAN 1      9.97                     11.04  -1.07    14.82

SNOWFALL (IN)
  YESTERDAY        0.0
  MONTH TO DATE    0.0
  SINCE MAR 1      0.0
  SINCE JUL 1      0.0
  SNOW DEPTH       0

DEGREE DAYS
 HEATING
  YESTERDAY        0                         6     -6        2
  MONTH TO DATE  144                       226    -82      126
  SINCE MAR 1    144                       226    -82      126
  SINCE JUL 1   1245                      2130   -885     1575

 COOLING
  YESTERDAY        2                         1      1        0
  MONTH TO DATE   71                        26     45       24
  SINCE MAR 1     71                        26     45       24
  SINCE JAN 1    142                        38    104       30
..................................................................


WIND (MPH)
  HIGHEST WIND SPEED    25   HIGHEST WIND DIRECTION     S (170)
  HIGHEST GUST SPEED    30   HIGHEST GUST DIRECTION     S (170)
  AVERAGE WIND SPEED     9.9


SKY COVER
  POSSIBLE SUNSHINE  MM
  AVERAGE SKY COVER 0.2


WEATHER CONDITIONS
 THE FOLLOWING WEATHER WAS RECORDED YESTERDAY.
  NO SIGNIFICANT WEATHER WAS OBSERVED.


RELATIVE HUMIDITY (PERCENT)
 HIGHEST   100          1200 AM
 LOWEST     47           400 PM
 AVERAGE    74

..........................................................


THE LONGVIEW CLIMATE NORMALS FOR TODAY
                         NORMAL    RECORD    YEAR
 MAXIMUM TEMPERATURE (F)   72        88      1991
 MINIMUM TEMPERATURE (F)   49        26      1955


SUNRISE AND SUNSET
MARCH 27 2017.........SUNRISE   713 AM CDT   SUNSET   736 PM CDT
MARCH 28 2017.........SUNRISE   712 AM CDT   SUNSET   736 PM CDT


-  INDICATES NEGATIVE NUMBERS.
R  INDICATES RECORD WAS SET OR TIED.
MM INDICATES DATA IS MISSING.
T  INDICATES TRACE AMOUNT.




$$
