000
CDUS44 KSHV 220742
CLIGGG


CLIMATE REPORT
NATIONAL WEATHER SERVICE SHREVEPORT, LA
241 AM CDT SUN OCT 22 2017


...................................

...THE LONGVIEW CLIMATE SUMMARY FOR OCTOBER 21 2017...

CLIMATE NORMAL PERIOD 1981 TO 2010
CLIMATE RECORD PERIOD 1902 TO 2017


WEATHER ITEM   OBSERVED TIME   RECORD YEAR NORMAL DEPARTURE LAST
                VALUE   (LST)  VALUE       VALUE  FROM      YEAR
                                                  NORMAL
..................................................................
TEMPERATURE (F)
 YESTERDAY
  MAXIMUM         89    255 PM  94    1934  77     12       74
  MINIMUM         69    338 AM  34    1966  53     16       47
  AVERAGE         79                        65     14       61

PRECIPITATION (IN)
  YESTERDAY        T             1.26 1984   0.16  -0.16     0.00
  MONTH TO DATE    0.26                      3.20  -2.94     0.79
  SINCE DEC 1     40.61                     41.68  -1.07    47.86
  SINCE JAN 1     35.81                     37.19  -1.38    41.80

SNOWFALL (IN)
  YESTERDAY        0.0
  MONTH TO DATE    0.0
  SINCE SEP 1      0.0
  SINCE JUL 1      0.0
  SNOW DEPTH       0

DEGREE DAYS
 HEATING
  YESTERDAY        0                         3     -3        4
  MONTH TO DATE   10                        38    -28        6
  SINCE SEP 1     10                        44    -34        6
  SINCE JUL 1     10                        44    -34        6

 COOLING
  YESTERDAY       14                         3     11        0
  MONTH TO DATE  177                        90     87      169
  SINCE SEP 1    545                       429    116      591
  SINCE JAN 1   2613                      2369    244     2636
..................................................................


WIND (MPH)
  HIGHEST WIND SPEED    21   HIGHEST WIND DIRECTION     S (190)
  HIGHEST GUST SPEED    24   HIGHEST GUST DIRECTION     S (200)
  AVERAGE WIND SPEED    11.0


SKY COVER
  POSSIBLE SUNSHINE  MM
  AVERAGE SKY COVER 0.6


WEATHER CONDITIONS
 THE FOLLOWING WEATHER WAS RECORDED YESTERDAY.
  LIGHT RAIN
  FOG


RELATIVE HUMIDITY (PERCENT)
 HIGHEST   100           400 AM
 LOWEST     52           300 PM
 AVERAGE    76

..........................................................


THE LONGVIEW CLIMATE NORMALS FOR TODAY
                         NORMAL    RECORD    YEAR
 MAXIMUM TEMPERATURE (F)   76        95      1934
 MINIMUM TEMPERATURE (F)   52        32      1937


SUNRISE AND SUNSET
OCTOBER 22 2017.......SUNRISE   728 AM CDT   SUNSET   638 PM CDT
OCTOBER 23 2017.......SUNRISE   729 AM CDT   SUNSET   637 PM CDT


-  INDICATES NEGATIVE NUMBERS.
R  INDICATES RECORD WAS SET OR TIED.
MM INDICATES DATA IS MISSING.
T  INDICATES TRACE AMOUNT.




$$
