000
CDUS44 KSHV 170731
CLIGGG


CLIMATE REPORT
NATIONAL WEATHER SERVICE SHREVEPORT, LA
231 AM CDT THU APR 17 2014


...................................

...THE LONGVIEW CLIMATE SUMMARY FOR APRIL 16 2014...

CLIMATE NORMAL PERIOD 1981 TO 2010
CLIMATE RECORD PERIOD 1902 TO 2014


WEATHER ITEM   OBSERVED TIME   RECORD YEAR NORMAL DEPARTURE LAST
                VALUE   (LST)  VALUE       VALUE  FROM      YEAR
                                                  NORMAL
..................................................................
TEMPERATURE (F)
 YESTERDAY
  MAXIMUM         65    437 PM  89    2006  76    -11       87
                                      1914
  MINIMUM         39    307 AM  32    1961  53    -14       73
  AVERAGE         52                        65    -13       80

PRECIPITATION (IN)
  YESTERDAY        0.00          2.20 1938   0.08  -0.08     0.00
  MONTH TO DATE    2.20                      1.70   0.50     1.43
  SINCE DEC 1     13.08                     17.90  -4.82    17.25
  SINCE JAN 1      8.93                     13.41  -4.48    12.90

SNOWFALL (IN)
  YESTERDAY        0.0
  MONTH TO DATE    0.0
  SINCE MAR 1      0.1
  SINCE JUL 1      0.3
  SNOW DEPTH       0

DEGREE DAYS
 HEATING
  YESTERDAY       13                         3     10        0
  MONTH TO DATE   98                        66     32       75
  SINCE MAR 1    446                       321    125      374
  SINCE JUL 1   2570                      2225    345     1964

 COOLING
  YESTERDAY        0                         3     -3       15
  MONTH TO DATE   48                        36     12       49
  SINCE MAR 1     58                        63     -5       67
  SINCE JAN 1     63                        75    -12       75
..................................................................


WIND (MPH)
  HIGHEST WIND SPEED    18   HIGHEST WIND DIRECTION     S (160)
  HIGHEST GUST SPEED    23   HIGHEST GUST DIRECTION    SE (140)
  AVERAGE WIND SPEED     7.7


SKY COVER
  POSSIBLE SUNSHINE  MM
  AVERAGE SKY COVER 0.0


WEATHER CONDITIONS
 THE FOLLOWING WEATHER WAS RECORDED YESTERDAY.
  HAZE


RELATIVE HUMIDITY (PERCENT)
 HIGHEST    85           200 AM
 LOWEST     34           200 PM
 AVERAGE    60

..........................................................


THE LONGVIEW CLIMATE NORMALS FOR TODAY
                         NORMAL    RECORD    YEAR
 MAXIMUM TEMPERATURE (F)   77        92      2006
 MINIMUM TEMPERATURE (F)   54        36      1993


SUNRISE AND SUNSET
APRIL 17 2014.........SUNRISE   647 AM CDT   SUNSET   750 PM CDT
APRIL 18 2014.........SUNRISE   646 AM CDT   SUNSET   751 PM CDT


-  INDICATES NEGATIVE NUMBERS.
R  INDICATES RECORD WAS SET OR TIED.
MM INDICATES DATA IS MISSING.
T  INDICATES TRACE AMOUNT.




$$
