000
CDUS44 KSHV 282240
CLIGGG


CLIMATE REPORT
NATIONAL WEATHER SERVICE SHREVEPORT, LA
439 PM CST WED JAN 28 2015


...................................

...THE LONGVIEW CLIMATE SUMMARY FOR JANUARY 28 2015...
VALID TODAY AS OF 0400 PM LOCAL TIME.

CLIMATE NORMAL PERIOD 1981 TO 2010
CLIMATE RECORD PERIOD 1902 TO 2015


WEATHER ITEM   OBSERVED TIME   RECORD YEAR NORMAL DEPARTURE LAST
                VALUE   (LST)  VALUE       VALUE  FROM      YEAR
                                                  NORMAL
..................................................................
TEMPERATURE (F)
 TODAY
  MAXIMUM         79    324 PM  83    1975  58     21       39
  MINIMUM         41    738 AM  15    1963  36      5       23
  AVERAGE         60                        47     13       31

PRECIPITATION (IN)
  TODAY            0.00          2.00 1902   0.12  -0.12     0.00
  MONTH TO DATE    5.42                      2.97   2.45     0.47
  SINCE DEC 1      7.72                      7.46   0.26     4.62
  SINCE JAN 1      5.42                      2.97   2.45     0.47

SNOWFALL (IN)
  TODAY            0.0
  MONTH TO DATE    0.0
  SINCE DEC 1      0.0
  SINCE JUL 1      0.0
  SNOW DEPTH       0

DEGREE DAYS
 HEATING
  TODAY            5                        18    -13       34
  MONTH TO DATE  575                       526     49      572
  SINCE DEC 1   1017                      1060    -43     1145
  SINCE JUL 1   1427                      1432     -5     1573

 COOLING
  TODAY            0                         0      0        0
  MONTH TO DATE    0                         0      0        0
  SINCE DEC 1      5                         6     -1       11
  SINCE JAN 1      0                         0      0        0
..................................................................


WIND (MPH)
  HIGHEST WIND SPEED    20   HIGHEST WIND DIRECTION     S (190)
  HIGHEST GUST SPEED    26   HIGHEST GUST DIRECTION     S (200)
  AVERAGE WIND SPEED     6.4


SKY COVER
  POSSIBLE SUNSHINE  MM
  AVERAGE SKY COVER 0.0


WEATHER CONDITIONS
 THE FOLLOWING WEATHER WAS RECORDED TODAY.
  NO SIGNIFICANT WEATHER WAS OBSERVED.


RELATIVE HUMIDITY (PERCENT)
 HIGHEST    89           400 AM
 LOWEST     30           300 PM
 AVERAGE    60

..........................................................


THE LONGVIEW CLIMATE NORMALS FOR TOMORROW
                         NORMAL    RECORD    YEAR
 MAXIMUM TEMPERATURE (F)   58        81      1911
 MINIMUM TEMPERATURE (F)   36        14      1966


SUNRISE AND SUNSET
JANUARY 28 2015.......SUNRISE   716 AM CST   SUNSET   548 PM CST
JANUARY 29 2015.......SUNRISE   715 AM CST   SUNSET   549 PM CST


-  INDICATES NEGATIVE NUMBERS.
R  INDICATES RECORD WAS SET OR TIED.
MM INDICATES DATA IS MISSING.
T  INDICATES TRACE AMOUNT.




$$
