000
CDUS44 KSHV 280739
CLIGGG


CLIMATE REPORT
NATIONAL WEATHER SERVICE SHREVEPORT, LA
239 AM CDT THU AUG 28 2014


...................................

...THE LONGVIEW CLIMATE SUMMARY FOR AUGUST 27 2014...

CLIMATE NORMAL PERIOD 1981 TO 2010
CLIMATE RECORD PERIOD 1902 TO 2014


WEATHER ITEM   OBSERVED TIME   RECORD YEAR NORMAL DEPARTURE LAST
                VALUE   (LST)  VALUE       VALUE  FROM      YEAR
                                                  NORMAL
..................................................................
TEMPERATURE (F)
 YESTERDAY
  MAXIMUM         94    418 PM 106    1943  93      1       96
  MINIMUM         72    612 AM  59    2010  70      2       72
  AVERAGE         83                        82      1       84

PRECIPITATION (IN)
  YESTERDAY        0.00          3.24 2005   0.09  -0.09     0.00
  MONTH TO DATE    0.22                      2.61  -2.39     1.06
  SINCE DEC 1     30.16                     34.73  -4.57    24.68
  SINCE JAN 1     26.01                     30.24  -4.23    20.33

SNOWFALL (IN)
  YESTERDAY        0.0
  MONTH TO DATE    0.0
  SINCE JUN 1      0.0
  SINCE JUL 1      0.0
  SNOW DEPTH       0

DEGREE DAYS
 HEATING
  YESTERDAY        0                         0      0        0
  MONTH TO DATE    0                         0      0        0
  SINCE JUN 1      0                         0      0        0
  SINCE JUL 1      0                         0      0        0

 COOLING
  YESTERDAY       18                        17      1       19
  MONTH TO DATE  478                       487     -9      544
  SINCE JUN 1   1424                      1498    -74     1612
  SINCE JAN 1   1778                      1877    -99     2000
..................................................................


WIND (MPH)
  HIGHEST WIND SPEED    14   HIGHEST WIND DIRECTION    SE (140)
  HIGHEST GUST SPEED    19   HIGHEST GUST DIRECTION     E (80)
  AVERAGE WIND SPEED     3.4


SKY COVER
  POSSIBLE SUNSHINE  MM
  AVERAGE SKY COVER 0.1


WEATHER CONDITIONS
 THE FOLLOWING WEATHER WAS RECORDED YESTERDAY.
  FOG


RELATIVE HUMIDITY (PERCENT)
 HIGHEST    87           100 AM
 LOWEST     30           200 PM
 AVERAGE    59

..........................................................


THE LONGVIEW CLIMATE NORMALS FOR TODAY
                         NORMAL    RECORD    YEAR
 MAXIMUM TEMPERATURE (F)   93       108      1943
 MINIMUM TEMPERATURE (F)   70        56      1992


SUNRISE AND SUNSET
AUGUST 28 2014........SUNRISE   651 AM CDT   SUNSET   748 PM CDT
AUGUST 29 2014........SUNRISE   652 AM CDT   SUNSET   747 PM CDT


-  INDICATES NEGATIVE NUMBERS.
R  INDICATES RECORD WAS SET OR TIED.
MM INDICATES DATA IS MISSING.
T  INDICATES TRACE AMOUNT.




$$
