000
CDUS44 KSHV 260843
CLIGGG


CLIMATE REPORT
NATIONAL WEATHER SERVICE SHREVEPORT, LA
243 AM CST SUN FEB 26 2017


...................................

...THE LONGVIEW CLIMATE SUMMARY FOR FEBRUARY 25 2017...

CLIMATE NORMAL PERIOD 1981 TO 2010
CLIMATE RECORD PERIOD 1902 TO 2017


WEATHER ITEM   OBSERVED TIME   RECORD YEAR NORMAL DEPARTURE LAST
                VALUE   (LST)  VALUE       VALUE  FROM      YEAR
                                                  NORMAL
..................................................................
TEMPERATURE (F)
 YESTERDAY
  MAXIMUM         58    418 PM  87    1996  64     -6       61
  MINIMUM         36    710 AM  19    1965  41     -5       37
  AVERAGE         47                        53     -6       49

PRECIPITATION (IN)
  YESTERDAY        0.00          1.97 1939   0.15  -0.15     0.00
  MONTH TO DATE    2.36                      3.58  -1.22     2.56
  SINCE DEC 1     12.66                     11.39   1.27    10.34
  SINCE JAN 1      7.86                      6.90   0.96     4.28

SNOWFALL (IN)
  YESTERDAY        0.0
  MONTH TO DATE    0.0
  SINCE DEC 1      0.0
  SINCE JUL 1      0.0
  SNOW DEPTH       0

DEGREE DAYS
 HEATING
  YESTERDAY       18                        13      5       16
  MONTH TO DATE  163                       386   -223      291
  SINCE DEC 1    929                      1497   -568     1210
  SINCE JUL 1   1089                      1869   -780     1410

 COOLING
  YESTERDAY        0                         0      0        0
  MONTH TO DATE   34                         0     34        6
  SINCE DEC 1     71                        10     61       28
  SINCE JAN 1     53                         4     49        6
..................................................................


WIND (MPH)
  HIGHEST WIND SPEED    18   HIGHEST WIND DIRECTION     N (350)
  HIGHEST GUST SPEED    24   HIGHEST GUST DIRECTION     N (350)
  AVERAGE WIND SPEED     4.6


SKY COVER
  POSSIBLE SUNSHINE  MM
  AVERAGE SKY COVER 0.0


WEATHER CONDITIONS
 THE FOLLOWING WEATHER WAS RECORDED YESTERDAY.
  NO SIGNIFICANT WEATHER WAS OBSERVED.


RELATIVE HUMIDITY (PERCENT)
 HIGHEST    79          1100 PM
 LOWEST     25           500 PM
 AVERAGE    52

..........................................................


THE LONGVIEW CLIMATE NORMALS FOR TODAY
                         NORMAL    RECORD    YEAR
 MAXIMUM TEMPERATURE (F)   65        86      1917
 MINIMUM TEMPERATURE (F)   42        20      1960


SUNRISE AND SUNSET
FEBRUARY 26 2017......SUNRISE   649 AM CST   SUNSET   614 PM CST
FEBRUARY 27 2017......SUNRISE   648 AM CST   SUNSET   615 PM CST


-  INDICATES NEGATIVE NUMBERS.
R  INDICATES RECORD WAS SET OR TIED.
MM INDICATES DATA IS MISSING.
T  INDICATES TRACE AMOUNT.




$$
