000
CDUS44 KSHV 190734
CLIGGG


CLIMATE REPORT
NATIONAL WEATHER SERVICE SHREVEPORT, LA
234 AM CDT FRI SEP 19 2014


...................................

...THE LONGVIEW CLIMATE SUMMARY FOR SEPTEMBER 18 2014...

CLIMATE NORMAL PERIOD 1981 TO 2010
CLIMATE RECORD PERIOD 1902 TO 2014


WEATHER ITEM   OBSERVED TIME   RECORD YEAR NORMAL DEPARTURE LAST
                VALUE   (LST)  VALUE       VALUE  FROM      YEAR
                                                  NORMAL
..................................................................
TEMPERATURE (F)
 YESTERDAY
  MAXIMUM         90    115 PM 100    1936  87      3       96
  MINIMUM         69   1159 PM  48    2000  64      5       73
  AVERAGE         80                        75      5       85

PRECIPITATION (IN)
  YESTERDAY        0.49          1.07 2011   0.10   0.39     0.00
  MONTH TO DATE    0.73                      1.90  -1.17     0.38
  SINCE DEC 1     30.90                     37.04  -6.14    25.06
  SINCE JAN 1     26.75                     32.55  -5.80    20.71

SNOWFALL (IN)
  YESTERDAY        0.0
  MONTH TO DATE    0.0
  SINCE SEP 1      0.0
  SINCE JUL 1      0.0
  SNOW DEPTH       0

DEGREE DAYS
 HEATING
  YESTERDAY        0                         0      0        0
  MONTH TO DATE    0                         0      0        0
  SINCE SEP 1      0                         0      0        0
  SINCE JUL 1      0                         0      0        0

 COOLING
  YESTERDAY       15                        11      4       20
  MONTH TO DATE  295                       237     58      358
  SINCE SEP 1    295                       237     58      358
  SINCE JAN 1   2149                      2177    -28     2453
..................................................................


WIND (MPH)
  HIGHEST WIND SPEED    13   HIGHEST WIND DIRECTION     S (170)
  HIGHEST GUST SPEED    16   HIGHEST GUST DIRECTION    SE (130)
  AVERAGE WIND SPEED     3.6


SKY COVER
  POSSIBLE SUNSHINE  MM
  AVERAGE SKY COVER 0.2


WEATHER CONDITIONS
 THE FOLLOWING WEATHER WAS RECORDED YESTERDAY.
  THUNDERSTORM
  HEAVY RAIN
  RAIN
  LIGHT RAIN
  FOG


RELATIVE HUMIDITY (PERCENT)
 HIGHEST    90           800 PM
 LOWEST     55           100 PM
 AVERAGE    73

..........................................................


THE LONGVIEW CLIMATE NORMALS FOR TODAY
                         NORMAL    RECORD    YEAR
 MAXIMUM TEMPERATURE (F)   87       101      1939
 MINIMUM TEMPERATURE (F)   63        49      1903


SUNRISE AND SUNSET
SEPTEMBER 19 2014.....SUNRISE   705 AM CDT   SUNSET   719 PM CDT
SEPTEMBER 20 2014.....SUNRISE   706 AM CDT   SUNSET   718 PM CDT


-  INDICATES NEGATIVE NUMBERS.
R  INDICATES RECORD WAS SET OR TIED.
MM INDICATES DATA IS MISSING.
T  INDICATES TRACE AMOUNT.




$$
