000
CDUS44 KSHV 062233
CLIGGG


CLIMATE REPORT
NATIONAL WEATHER SERVICE SHREVEPORT, LA
431 PM CST FRI MAR 6 2015


...................................

...THE LONGVIEW CLIMATE SUMMARY FOR MARCH 6 2015...
VALID TODAY AS OF 0400 PM LOCAL TIME.

CLIMATE NORMAL PERIOD 1981 TO 2010
CLIMATE RECORD PERIOD 1902 TO 2015


WEATHER ITEM   OBSERVED TIME   RECORD YEAR NORMAL DEPARTURE LAST
                VALUE   (LST)  VALUE       VALUE  FROM      YEAR
                                                  NORMAL
..................................................................
TEMPERATURE (F)
 TODAY
  MAXIMUM         53    331 PM  90    1991  67    -14       60
  MINIMUM         24R   651 AM  26    1963  44    -20       37
  AVERAGE         39                        55    -16       49

PRECIPITATION (IN)
  TODAY            0.00          0.90 1946   0.15  -0.15     0.01
  MONTH TO DATE    1.93                      0.83   1.10     0.83
  SINCE DEC 1     13.04                     12.68   0.36     7.96
  SINCE JAN 1     10.74                      8.19   2.55     3.81

SNOWFALL (IN)
  TODAY            0.0
  MONTH TO DATE    0.2
  SINCE MAR 1      0.2
  SINCE JUL 1      3.1
  SNOW DEPTH       0

DEGREE DAYS
 HEATING
  TODAY           26                        10     16       16
  MONTH TO DATE  121                        66     55      133
  SINCE MAR 1    121                        66     55      133
  SINCE JUL 1   2099                      1970    129     2257

 COOLING
  TODAY            0                         1     -1        0
  MONTH TO DATE    0                         6     -6        3
  SINCE MAR 1      0                         6     -6        3
  SINCE JAN 1      0                        18    -18        8
..................................................................


WIND (MPH)
  HIGHEST WIND SPEED     9   HIGHEST WIND DIRECTION     N (350)
  HIGHEST GUST SPEED    12   HIGHEST GUST DIRECTION    NE (50)
  AVERAGE WIND SPEED     2.2


SKY COVER
  POSSIBLE SUNSHINE  MM
  AVERAGE SKY COVER 0.0


WEATHER CONDITIONS
 THE FOLLOWING WEATHER WAS RECORDED TODAY.
  NO SIGNIFICANT WEATHER WAS OBSERVED.


RELATIVE HUMIDITY (PERCENT)
 HIGHEST    92           400 AM
 LOWEST     26           400 PM
 AVERAGE    59

..........................................................


THE LONGVIEW CLIMATE NORMALS FOR TOMORROW
                         NORMAL    RECORD    YEAR
 MAXIMUM TEMPERATURE (F)   67        86      1992
 MINIMUM TEMPERATURE (F)   44        20      1920


SUNRISE AND SUNSET
MARCH  6 2015.........SUNRISE   641 AM CST   SUNSET   620 PM CST
MARCH  7 2015.........SUNRISE   639 AM CST   SUNSET   621 PM CST


-  INDICATES NEGATIVE NUMBERS.
R  INDICATES RECORD WAS SET OR TIED.
MM INDICATES DATA IS MISSING.
T  INDICATES TRACE AMOUNT.




$$
