000
CDUS44 KSHV 300735
CLIGGG


CLIMATE REPORT
NATIONAL WEATHER SERVICE SHREVEPORT, LA
232 AM CDT THU OCT 30 2014


...................................

...THE LONGVIEW CLIMATE SUMMARY FOR OCTOBER 29 2014...

CLIMATE NORMAL PERIOD 1981 TO 2010
CLIMATE RECORD PERIOD 1902 TO 2014


WEATHER ITEM   OBSERVED TIME   RECORD YEAR NORMAL DEPARTURE LAST
                VALUE   (LST)  VALUE       VALUE  FROM      YEAR
                                                  NORMAL
..................................................................
TEMPERATURE (F)
 YESTERDAY
  MAXIMUM         75    222 PM  90    1944  74      1       82
  MINIMUM         51   1159 PM  29    1910  51      0       64
  AVERAGE         63                        62      1       73

PRECIPITATION (IN)
  YESTERDAY        0.07          1.29 1985   0.14  -0.07     0.00
  MONTH TO DATE    5.51                      4.34   1.17     2.66
  SINCE DEC 1     36.41                     42.82  -6.41    33.88
  SINCE JAN 1     32.26                     38.33  -6.07    29.53

SNOWFALL (IN)
  YESTERDAY        0.0
  MONTH TO DATE    0.0
  SINCE SEP 1      0.0
  SINCE JUL 1      0.0
  SNOW DEPTH       0

DEGREE DAYS
 HEATING
  YESTERDAY        2                         5     -3        0
  MONTH TO DATE   10                        73    -63       49
  SINCE SEP 1     10                        79    -69       49
  SINCE JUL 1     10                        79    -69       49

 COOLING
  YESTERDAY        0                         2     -2        8
  MONTH TO DATE  164                       111     53      128
  SINCE SEP 1    590                       450    140      613
  SINCE JAN 1   2444                      2390     54     2708
..................................................................


WIND (MPH)
  HIGHEST WIND SPEED    15   HIGHEST WIND DIRECTION     E (70)
  HIGHEST GUST SPEED    18   HIGHEST GUST DIRECTION    NE (60)
  AVERAGE WIND SPEED     6.6


SKY COVER
  POSSIBLE SUNSHINE  MM
  AVERAGE SKY COVER 0.2


WEATHER CONDITIONS
 THE FOLLOWING WEATHER WAS RECORDED YESTERDAY.
  HEAVY RAIN
  LIGHT RAIN
  FOG


RELATIVE HUMIDITY (PERCENT)
 HIGHEST    93           200 AM
 LOWEST     38           200 PM
 AVERAGE    66

..........................................................


THE LONGVIEW CLIMATE NORMALS FOR TODAY
                         NORMAL    RECORD    YEAR
 MAXIMUM TEMPERATURE (F)   74        91      1934
 MINIMUM TEMPERATURE (F)   50        29      1910


SUNRISE AND SUNSET
OCTOBER 30 2014.......SUNRISE   734 AM CDT   SUNSET   630 PM CDT
OCTOBER 31 2014.......SUNRISE   735 AM CDT   SUNSET   629 PM CDT


-  INDICATES NEGATIVE NUMBERS.
R  INDICATES RECORD WAS SET OR TIED.
MM INDICATES DATA IS MISSING.
T  INDICATES TRACE AMOUNT.




$$
