000
CDUS44 KSHV 072136
CLIGGG


CLIMATE REPORT
NATIONAL WEATHER SERVICE SHREVEPORT, LA
433 PM CDT TUE JUL 7 2015


...................................

...THE LONGVIEW CLIMATE SUMMARY FOR JULY 7 2015...
VALID TODAY AS OF 0400 PM LOCAL TIME.

CLIMATE NORMAL PERIOD 1981 TO 2010
CLIMATE RECORD PERIOD 1902 TO 2015


WEATHER ITEM   OBSERVED TIME   RECORD YEAR NORMAL DEPARTURE LAST
                VALUE   (LST)  VALUE       VALUE  FROM      YEAR
                                                  NORMAL
..................................................................
TEMPERATURE (F)
 TODAY
  MAXIMUM         94    227 PM 106    1939  93      1       93
  MINIMUM         77    551 AM  60    1924  73      4       74
  AVERAGE         86                        83      3       84

PRECIPITATION (IN)
  TODAY            0.09          1.79 1967   0.12  -0.03     0.00
  MONTH TO DATE    0.10                      0.85  -0.75     0.00
  SINCE DEC 1     43.86                     30.08  13.78    26.32
  SINCE JAN 1     41.56                     25.59  15.97    22.17

DEGREE DAYS
 HEATING
  TODAY            0                         0      0        0
  MONTH TO DATE    0                         0      0        0
  SINCE JUN 1      0                         0      0        0
  SINCE JUL 1      0                         0      0        0

 COOLING
  TODAY           21                        18      3       19
  MONTH TO DATE  128                       125      3      115
  SINCE JUN 1    614                       564     50      575
  SINCE JAN 1   1072                       943    129      929
..................................................................


WIND (MPH)
  HIGHEST WIND SPEED    24   HIGHEST WIND DIRECTION     W (260)
  HIGHEST GUST SPEED    29   HIGHEST GUST DIRECTION     W (250)
  AVERAGE WIND SPEED    10.9


SKY COVER
  POSSIBLE SUNSHINE  MM
  AVERAGE SKY COVER 0.3


WEATHER CONDITIONS
 THE FOLLOWING WEATHER WAS RECORDED TODAY.
  THUNDERSTORM
  RAIN
  LIGHT RAIN


RELATIVE HUMIDITY (PERCENT)
 HIGHEST    91           700 AM
 LOWEST     49           200 PM
 AVERAGE    70

..........................................................


THE LONGVIEW CLIMATE NORMALS FOR TOMORROW
                         NORMAL    RECORD    YEAR
 MAXIMUM TEMPERATURE (F)   93       107      1939
 MINIMUM TEMPERATURE (F)   74        59      1972


SUNRISE AND SUNSET
JULY  7 2015..........SUNRISE   618 AM CDT   SUNSET   829 PM CDT
JULY  8 2015..........SUNRISE   619 AM CDT   SUNSET   829 PM CDT


-  INDICATES NEGATIVE NUMBERS.
R  INDICATES RECORD WAS SET OR TIED.
MM INDICATES DATA IS MISSING.
T  INDICATES TRACE AMOUNT.




$$
