000
CDUS44 KSHV 090838
CLIGGG


CLIMATE REPORT
NATIONAL WEATHER SERVICE SHREVEPORT, LA
237 AM CST TUE FEB 9 2016


...................................

...THE LONGVIEW CLIMATE SUMMARY FOR FEBRUARY 8 2016...

CLIMATE NORMAL PERIOD 1981 TO 2010
CLIMATE RECORD PERIOD 1902 TO 2016


WEATHER ITEM   OBSERVED TIME   RECORD YEAR NORMAL DEPARTURE LAST
                VALUE   (LST)  VALUE       VALUE  FROM      YEAR
                                                  NORMAL
..................................................................
TEMPERATURE (F)
 YESTERDAY
  MAXIMUM         55    326 PM  84    1932  60     -5       71
  MINIMUM         42   1159 PM  10    1933  37      5       49
  AVERAGE         49                        49      0       60

PRECIPITATION (IN)
  YESTERDAY        0.00          1.10 1965   0.13  -0.13     0.00
  MONTH TO DATE    0.24                      1.05  -0.81     0.25
  SINCE DEC 1      8.02                      8.86  -0.84     7.97
  SINCE JAN 1      1.96                      4.37  -2.41     5.67

SNOWFALL (IN)
  YESTERDAY        0.0
  MONTH TO DATE    0.0
  SINCE DEC 1      0.0
  SINCE JUL 1      0.0
  SNOW DEPTH       0

DEGREE DAYS
 HEATING
  YESTERDAY       16                        17     -1        5
  MONTH TO DATE  134                       138     -4      134
  SINCE DEC 1   1053                      1249   -196     1183
  SINCE JUL 1   1253                      1621   -368     1593

 COOLING
  YESTERDAY        0                         0      0        0
  MONTH TO DATE    0                         0      0        0
  SINCE DEC 1     22                        10     12        5
  SINCE JAN 1      0                         4     -4        0
..................................................................


WIND (MPH)
  HIGHEST WIND SPEED    35   HIGHEST WIND DIRECTION    NW (320)
  HIGHEST GUST SPEED    46   HIGHEST GUST DIRECTION    NW (310)
  AVERAGE WIND SPEED    17.0


SKY COVER
  POSSIBLE SUNSHINE  MM
  AVERAGE SKY COVER 0.0


WEATHER CONDITIONS
 THE FOLLOWING WEATHER WAS RECORDED YESTERDAY.
  NO SIGNIFICANT WEATHER WAS OBSERVED.


RELATIVE HUMIDITY (PERCENT)
 HIGHEST    65          1200 AM
 LOWEST     18           200 PM
 AVERAGE    42

..........................................................


THE LONGVIEW CLIMATE NORMALS FOR TODAY
                         NORMAL    RECORD    YEAR
 MAXIMUM TEMPERATURE (F)   60        85      1994
 MINIMUM TEMPERATURE (F)   37        14      1979


SUNRISE AND SUNSET
FEBRUARY  9 2016......SUNRISE   707 AM CST   SUNSET   559 PM CST
FEBRUARY 10 2016......SUNRISE   706 AM CST   SUNSET   600 PM CST


-  INDICATES NEGATIVE NUMBERS.
R  INDICATES RECORD WAS SET OR TIED.
MM INDICATES DATA IS MISSING.
T  INDICATES TRACE AMOUNT.




$$
