725
CDUS44 KSHV 280736
CLIGGG


CLIMATE REPORT
NATIONAL WEATHER SERVICE SHREVEPORT, LA
233 AM CDT FRI APR 28 2017


...................................

...THE LONGVIEW CLIMATE SUMMARY FOR APRIL 27 2017...

CLIMATE NORMAL PERIOD 1981 TO 2010
CLIMATE RECORD PERIOD 1902 TO 2017


WEATHER ITEM   OBSERVED TIME   RECORD YEAR NORMAL DEPARTURE LAST
                VALUE   (LST)  VALUE       VALUE  FROM      YEAR
                                                  NORMAL
..................................................................
TEMPERATURE (F)
 YESTERDAY
  MAXIMUM         75    447 PM  88    1994  79     -4       84
  MINIMUM         45    546 AM  39    1920  57    -12       59
  AVERAGE         60                        68     -8       72

PRECIPITATION (IN)
  YESTERDAY        0.00          4.47 1957   0.11  -0.11     0.64
  MONTH TO DATE    5.94                      2.87   3.07     5.17
  SINCE DEC 1     21.16                     19.07   2.09    26.16
  SINCE JAN 1     16.36                     14.58   1.78    20.10

SNOWFALL (IN)
  YESTERDAY        0.0
  MONTH TO DATE    0.0
  SINCE MAR 1      0.0
  SINCE JUL 1      0.0
  SNOW DEPTH       0

DEGREE DAYS
 HEATING
  YESTERDAY        5                         1      4        0
  MONTH TO DATE   33                        86    -53       49
  SINCE MAR 1    180                       341   -161      190
  SINCE JUL 1   1281                      2245   -964     1639

 COOLING
  YESTERDAY        0                         4     -4        7
  MONTH TO DATE  123                        73     50       75
  SINCE MAR 1    221                       100    121      113
  SINCE JAN 1    292                       112    180      119
..................................................................


WIND (MPH)
  HIGHEST WIND SPEED    17   HIGHEST WIND DIRECTION    SE (150)
  HIGHEST GUST SPEED    21   HIGHEST GUST DIRECTION     S (160)
  AVERAGE WIND SPEED     5.8


SKY COVER
  POSSIBLE SUNSHINE  MM
  AVERAGE SKY COVER 0.0


WEATHER CONDITIONS
 THE FOLLOWING WEATHER WAS RECORDED YESTERDAY.
  NO SIGNIFICANT WEATHER WAS OBSERVED.


RELATIVE HUMIDITY (PERCENT)
 HIGHEST   100           200 AM
 LOWEST     46           200 PM
 AVERAGE    73

..........................................................


THE LONGVIEW CLIMATE NORMALS FOR TODAY
                         NORMAL    RECORD    YEAR
 MAXIMUM TEMPERATURE (F)   79        91      1938
 MINIMUM TEMPERATURE (F)   57        42      2008
                                             1921


SUNRISE AND SUNSET
APRIL 28 2017.........SUNRISE   635 AM CDT   SUNSET   758 PM CDT
APRIL 29 2017.........SUNRISE   634 AM CDT   SUNSET   759 PM CDT


-  INDICATES NEGATIVE NUMBERS.
R  INDICATES RECORD WAS SET OR TIED.
MM INDICATES DATA IS MISSING.
T  INDICATES TRACE AMOUNT.




$$
