000
CDUS45 KGGW 010017
CLIGGW


CLIMATE REPORT
NATIONAL WEATHER SERVICE GLASGOW MT
516 PM MST SAT FEB 28 2015


...................................

...THE GLASGOW MT CLIMATE SUMMARY FOR FEBRUARY 28 2015...
VALID TODAY AS OF 0500 PM LOCAL TIME.

CLIMATE NORMAL PERIOD 1981 TO 2010
CLIMATE RECORD PERIOD 1893 TO 2015


WEATHER ITEM   OBSERVED TIME   RECORD YEAR NORMAL DEPARTURE LAST
                VALUE   (LST)  VALUE       VALUE  FROM      YEAR
                                                  NORMAL
..................................................................
TEMPERATURE (F)
 TODAY
  MAXIMUM         25        MM  65    1992  34     -9       13
  MINIMUM          6    100 AM -37    1962  14     -8      -15
  AVERAGE         16                        24     -8       -1

PRECIPITATION (IN)
  TODAY            T             0.64 2006   0.01  -0.01     0.00
  MONTH TO DATE    0.26                      0.26   0.00     0.22
  SINCE OCT 1      2.32                      2.18   0.14     1.80
  SINCE JAN 1      1.06                      0.63   0.43     0.35

SNOWFALL (IN)
  TODAY            T             2.0  2007   0.2   -0.2      0.0
  MONTH TO DATE    3.0                       4.4   -1.4      3.9
  SINCE DEC 1     23.7                      20.4    3.3     20.1
  SINCE JUL 1     35.1                      27.0    8.1     23.8
  SNOW DEPTH       T  (12Z / 5 AM MST)

DEGREE DAYS
 HEATING
  TODAY           49                        41      8       66
  MONTH TO DATE 1277                      1281     -4     1516
  SINCE DEC 1   3998                      4377   -379     4737
  SINCE JUL 1   6083                      6370   -287     6648

 COOLING
  TODAY            0                         0      0        0
  MONTH TO DATE    0                         0      0        0
  SINCE DEC 1      0                         0      0        0
  SINCE JAN 1      0                         0      0        0
..................................................................


WIND (MPH)
  HIGHEST WIND SPEED    17   HIGHEST WIND DIRECTION     W (260)
  HIGHEST GUST SPEED    23   HIGHEST GUST DIRECTION     W (260)
  AVERAGE WIND SPEED    10.2


SKY COVER
  POSSIBLE SUNSHINE  MM
  AVERAGE SKY COVER 0.7


WEATHER CONDITIONS
 THE FOLLOWING WEATHER WAS RECORDED TODAY.
  LIGHT SNOW


RELATIVE HUMIDITY (PERCENT)
 HIGHEST    76           100 AM
 LOWEST     40           300 PM
 AVERAGE    58

..........................................................


THE GLASGOW MT CLIMATE NORMALS FOR TOMORROW
                         NORMAL    RECORD    YEAR
 MAXIMUM TEMPERATURE (F)   35        64      1992
 MINIMUM TEMPERATURE (F)   14       -32      1922


SUNRISE AND SUNSET
FEBRUARY 28 2015......SUNRISE   650 AM MST   SUNSET   549 PM MST
MARCH  1 2015.........SUNRISE   648 AM MST   SUNSET   551 PM MST


-  INDICATES NEGATIVE NUMBERS.
R  INDICATES RECORD WAS SET OR TIED.
MM INDICATES DATA IS MISSING.
T  INDICATES TRACE AMOUNT.




$$
