000
CDUS45 KGGW 230741
CLIGGW


CLIMATE REPORT
NATIONAL WEATHER SERVICE GLASGOW MT
1241 AM MST MON JAN 23 2017


...................................

...THE GLASGOW MT CLIMATE SUMMARY FOR JANUARY 22 2017...

CLIMATE NORMAL PERIOD 1981 TO 2010
CLIMATE RECORD PERIOD 1893 TO 2017


WEATHER ITEM   OBSERVED TIME   RECORD YEAR NORMAL DEPARTURE LAST
                VALUE   (LST)  VALUE       VALUE  FROM      YEAR
                                                  NORMAL
..................................................................
TEMPERATURE (F)
 YESTERDAY
  MAXIMUM         31    422 PM  51    1919  24      7       35
  MINIMUM         23   1242 AM -32    1920   5     18       18
  AVERAGE         27                        14     13       27

PRECIPITATION (IN)
  YESTERDAY        0.00          0.53 1935   0.01  -0.01      T
  MONTH TO DATE    0.43                      0.29   0.14     0.24
  SINCE OCT 1      3.96                      1.84   2.12     3.22
  SINCE JAN 1      0.43                      0.29   0.14     0.24

SNOWFALL (IN)
  YESTERDAY        0.0           6.2  1969   0.2   -0.2       T
  MONTH TO DATE   11.6                       6.2    5.4      4.1
  SINCE DEC 1     20.8                      14.2    6.6     16.9
  SINCE JUL 1     21.2                      20.8    0.4     17.9
  SNOW DEPTH       3

DEGREE DAYS
 HEATING
  YESTERDAY       38                        51    -13       38
  MONTH TO DATE 1306                      1137    169     1176
  SINCE DEC 1   2943                      2646    297     2519
  SINCE JUL 1   4562                      4639    -77     4181

 COOLING
  YESTERDAY        0                         0      0        0
  MONTH TO DATE    0                         0      0        0
  SINCE DEC 1      0                         0      0        0
  SINCE JAN 1      0                         0      0        0
..................................................................


WIND (MPH)
  HIGHEST WIND SPEED    21   HIGHEST WIND DIRECTION    NW (310)
  HIGHEST GUST SPEED    23   HIGHEST GUST DIRECTION    NW (310)
  AVERAGE WIND SPEED     9.9


SKY COVER
  POSSIBLE SUNSHINE  MM
  AVERAGE SKY COVER 1.0


WEATHER CONDITIONS
 THE FOLLOWING WEATHER WAS RECORDED YESTERDAY.
  FOG


RELATIVE HUMIDITY (PERCENT)
 HIGHEST   100           700 AM
 LOWEST     78          1100 AM
 AVERAGE    89

..........................................................


THE GLASGOW MT CLIMATE NORMALS FOR TODAY
                         NORMAL    RECORD    YEAR
 MAXIMUM TEMPERATURE (F)   24        61      1944
 MINIMUM TEMPERATURE (F)    5       -44      1897


SUNRISE AND SUNSET
JANUARY 23 2017.......SUNRISE   745 AM MST   SUNSET   453 PM MST
JANUARY 24 2017.......SUNRISE   744 AM MST   SUNSET   454 PM MST


-  INDICATES NEGATIVE NUMBERS.
R  INDICATES RECORD WAS SET OR TIED.
MM INDICATES DATA IS MISSING.
T  INDICATES TRACE AMOUNT.

$$
