000
CDUS45 KGGW 280752
CLIGGW


CLIMATE REPORT
NATIONAL WEATHER SERVICE GLASGOW MT
151 AM MDT WED JUN 28 2017


...................................

...THE GLASGOW MT CLIMATE SUMMARY FOR JUNE 27 2017...

CLIMATE NORMAL PERIOD 1981 TO 2010
CLIMATE RECORD PERIOD 1893 TO 2017


WEATHER ITEM   OBSERVED TIME   RECORD YEAR NORMAL DEPARTURE LAST
                VALUE   (LST)  VALUE       VALUE  FROM      YEAR
                                                  NORMAL
..................................................................
TEMPERATURE (F)
 YESTERDAY
  MAXIMUM         85    313 PM 107    1936  80      5       80
  MINIMUM         58   1159 PM  41    2004  54      4       51
                                      1985
  AVERAGE         72                        67      5       66

PRECIPITATION (IN)
  YESTERDAY        T             0.78 1923   0.07  -0.07     0.00
  MONTH TO DATE    0.13                      2.14  -2.01     3.51
  SINCE OCT 1      6.27                      7.51  -1.24    14.70
  SINCE JAN 1      2.74                      5.96  -3.22    11.72

SNOWFALL (IN)
  YESTERDAY        0.0           0.0  2002   0.0    0.0      0.0
                                      2001
                                      2000
  MONTH TO DATE    0.0                       0.0    0.0      0.0
  SINCE JUN 1      0.0                       0.0    0.0      0.0
  SINCE JUL 1     37.7                      34.8    2.9     27.6
  SNOW DEPTH       0

DEGREE DAYS
 HEATING
  YESTERDAY        0                         2     -2        0
  MONTH TO DATE   41                       101    -60       32
  SINCE JUN 1     41                       101    -60       32
  SINCE JUL 1   7954                      8432   -478     7089

 COOLING
  YESTERDAY        7                         4      3        1
  MONTH TO DATE   80                        63     17       59
  SINCE JUN 1     80                        63     17       59
  SINCE JAN 1     95                        80     15       70
..................................................................


WIND (MPH)
  HIGHEST WIND SPEED    26   HIGHEST WIND DIRECTION    NW (320)
  HIGHEST GUST SPEED    33   HIGHEST GUST DIRECTION    NW (330)
  AVERAGE WIND SPEED    13.6


SKY COVER
  POSSIBLE SUNSHINE  MM
  AVERAGE SKY COVER 0.1


WEATHER CONDITIONS
 THE FOLLOWING WEATHER WAS RECORDED YESTERDAY.
  LIGHT RAIN


RELATIVE HUMIDITY (PERCENT)
 HIGHEST    53          1100 PM
 LOWEST     29          1200 AM
 AVERAGE    41

..........................................................


THE GLASGOW MT CLIMATE NORMALS FOR TODAY
                         NORMAL    RECORD    YEAR
 MAXIMUM TEMPERATURE (F)   81        99      2006
                                             1988
                                             1936
 MINIMUM TEMPERATURE (F)   54        38      1918


SUNRISE AND SUNSET
JUNE 28 2017..........SUNRISE   509 AM MDT   SUNSET   911 PM MDT
JUNE 29 2017..........SUNRISE   509 AM MDT   SUNSET   911 PM MDT


-  INDICATES NEGATIVE NUMBERS.
R  INDICATES RECORD WAS SET OR TIED.
MM INDICATES DATA IS MISSING.
T  INDICATES TRACE AMOUNT.




$$
