000
CDUS45 KGGW 301230
CLIGGW


CLIMATE REPORT
NATIONAL WEATHER SERVICE GLASGOW MT
630 AM MDT THU MAR 30 2017


...................................

...THE GLASGOW MT CLIMATE SUMMARY FOR MARCH 30 2017...
VALID AS OF 0600 AM LOCAL TIME.

CLIMATE NORMAL PERIOD 1981 TO 2010
CLIMATE RECORD PERIOD 1893 TO 2017


WEATHER ITEM   OBSERVED TIME   RECORD YEAR NORMAL DEPARTURE LAST
                VALUE   (LST)  VALUE       VALUE  FROM      YEAR
                                                  NORMAL
..................................................................
TEMPERATURE (F)
 TODAY
  MINIMUM         37    500 AM  -7    1936  27     10       26

PRECIPITATION (IN)
  TODAY            0.00          0.28 1938   0.02  -0.02     0.07
  MONTH TO DATE    0.38                      0.40  -0.02     0.48
  SINCE OCT 1      4.93                      2.58   2.35     4.07
  SINCE JAN 1      1.40                      1.03   0.37     1.09

SNOWFALL (IN)
  TODAY            0.0           5.0  1967   0.2   -0.2      0.0
  MONTH TO DATE    6.2                       4.6    1.6      2.9
  SINCE MAR 1      6.2                       4.6    1.6      2.9
  SINCE JUL 1     37.7                      31.6    6.1     24.4
  SNOW DEPTH       0

DEGREE DAYS
 HEATING
  TODAY           24                        27     -3       24
  MONTH TO DATE  943                      1007    -64      741
  SINCE MAR 1    943                      1007    -64      741
  SINCE JUL 1   7050                      7377   -327     6206

 COOLING
  TODAY            0                         0      0        0
  MONTH TO DATE    0                         0      0        0
  SINCE MAR 1      0                         0      0        0
  SINCE JAN 1      0                         0      0        0
..................................................................





WEATHER CONDITIONS
 THE FOLLOWING WEATHER WAS RECORDED TODAY.
  NO SIGNIFICANT WEATHER WAS OBSERVED.


RELATIVE HUMIDITY (PERCENT)
 HIGHEST    76           500 AM

..........................................................


THE GLASGOW MT CLIMATE NORMALS FOR TOMORROW
                         NORMAL    RECORD    YEAR
 MAXIMUM TEMPERATURE (F)   51        76      2004
 MINIMUM TEMPERATURE (F)   27       -22      1899


SUNRISE AND SUNSET
MARCH 30 2017.........SUNRISE   648 AM MDT   SUNSET   734 PM MDT
MARCH 31 2017.........SUNRISE   646 AM MDT   SUNSET   736 PM MDT


-  INDICATES NEGATIVE NUMBERS.
R  INDICATES RECORD WAS SET OR TIED.
MM INDICATES DATA IS MISSING.
T  INDICATES TRACE AMOUNT.




$$
