000
CDUS45 KGGW 220742
CLIGGW


CLIMATE REPORT
NATIONAL WEATHER SERVICE GLASGOW MT
141 AM MDT TUE AUG 22 2017


...................................

...THE GLASGOW MT CLIMATE SUMMARY FOR AUGUST 21 2017...

CLIMATE NORMAL PERIOD 1981 TO 2010
CLIMATE RECORD PERIOD 1893 TO 2017


WEATHER ITEM   OBSERVED TIME   RECORD YEAR NORMAL DEPARTURE LAST
                VALUE   (LST)  VALUE       VALUE  FROM      YEAR
                                                  NORMAL
..................................................................
TEMPERATURE (F)
 YESTERDAY
  MAXIMUM         77    452 PM 102    1969  84     -7       91
  MINIMUM         53   1138 PM  34    1904  55     -2       52
  AVERAGE         65                        69     -4       72

PRECIPITATION (IN)
  YESTERDAY        0.00          2.04 1918   0.03  -0.03     0.00
  MONTH TO DATE    0.26                      0.88  -0.62     0.51
  SINCE OCT 1      7.23                     10.36  -3.13    18.63
  SINCE JAN 1      3.70                      8.81  -5.11    15.65

SNOWFALL (IN)
  YESTERDAY        0.0           0.0  2002   0.0    0.0      0.0
                                      2001
                                      2000
  MONTH TO DATE    0.0                       0.0    0.0      0.0
  SINCE JUN 1      0.0                       0.0    0.0      0.0
  SINCE JUL 1      0.0                       0.0    0.0      0.0
  SNOW DEPTH       0

DEGREE DAYS
 HEATING
  YESTERDAY        0                         1     -1        0
  MONTH TO DATE    7                        13     -6        8
  SINCE JUN 1     54                       136    -82       48
  SINCE JUL 1      7                        31    -24       16

 COOLING
  YESTERDAY        0                         6     -6        7
  MONTH TO DATE   52                       153   -101      117
  SINCE JUN 1    515                       435     80      352
  SINCE JAN 1    530                       452     78      363
..................................................................


WIND (MPH)
  HIGHEST WIND SPEED    13   HIGHEST WIND DIRECTION    NW (330)
  HIGHEST GUST SPEED    20   HIGHEST GUST DIRECTION    NW (330)
  AVERAGE WIND SPEED     8.0


SKY COVER
  POSSIBLE SUNSHINE  MM
  AVERAGE SKY COVER 0.2


WEATHER CONDITIONS
 THE FOLLOWING WEATHER WAS RECORDED YESTERDAY.
  NO SIGNIFICANT WEATHER WAS OBSERVED.


RELATIVE HUMIDITY (PERCENT)
 HIGHEST    46           500 AM
 LOWEST     21           300 PM
 AVERAGE    34

..........................................................


THE GLASGOW MT CLIMATE NORMALS FOR TODAY
                         NORMAL    RECORD    YEAR
 MAXIMUM TEMPERATURE (F)   83       104      1971
                                             1937
 MINIMUM TEMPERATURE (F)   55        31      1896


SUNRISE AND SUNSET
AUGUST 22 2017........SUNRISE   611 AM MDT   SUNSET   807 PM MDT
AUGUST 23 2017........SUNRISE   612 AM MDT   SUNSET   805 PM MDT


-  INDICATES NEGATIVE NUMBERS.
R  INDICATES RECORD WAS SET OR TIED.
MM INDICATES DATA IS MISSING.
T  INDICATES TRACE AMOUNT.




$$
