000
CDUS45 KGGW 300741
CLIGGW


CLIMATE REPORT
NATIONAL WEATHER SERVICE GLASGOW MT
1240 AM MST FRI JAN 30 2015


...................................

...THE GLASGOW MT CLIMATE SUMMARY FOR JANUARY 29 2015...

CLIMATE NORMAL PERIOD 1981 TO 2010
CLIMATE RECORD PERIOD 1893 TO 2015


WEATHER ITEM   OBSERVED TIME   RECORD YEAR NORMAL DEPARTURE LAST
                VALUE   (LST)  VALUE       VALUE  FROM      YEAR
                                                  NORMAL
..................................................................
TEMPERATURE (F)
 YESTERDAY
  MAXIMUM         36    420 PM  58    1931  25     11       26
  MINIMUM         20    718 AM -41    1950   5     15        9
  AVERAGE         28                        15     13       18

PRECIPITATION (IN)
  YESTERDAY        0.00          0.25 1913   0.01  -0.01     0.07
                                      1904
  MONTH TO DATE    0.63                      0.35   0.28     0.13
  SINCE OCT 1      1.89                      1.90  -0.01     1.58
  SINCE JAN 1      0.63                      0.35   0.28     0.13

SNOWFALL (IN)
  YESTERDAY        0.0           5.5  2011   0.2   -0.2      0.6
  MONTH TO DATE   16.1                       7.6    8.5      1.0
  SINCE DEC 1     16.3                      15.6    0.7     16.1
  SINCE JUL 1     27.7                      22.2    5.5     19.8
  SNOW DEPTH       0  (12Z / 5 AM MST)

DEGREE DAYS
 HEATING
  YESTERDAY       37                        50    -13       47
  MONTH TO DATE 1321                      1490   -169     1316
  SINCE DEC 1   2636                      2999   -363     3095
  SINCE JUL 1   4721                      4992   -271     5006

 COOLING
  YESTERDAY        0                         0      0        0
  MONTH TO DATE    0                         0      0        0
  SINCE DEC 1      0                         0      0        0
  SINCE JAN 1      0                         0      0        0
..................................................................


WIND (MPH)
  HIGHEST WIND SPEED    14   HIGHEST WIND DIRECTION     E (110)
  HIGHEST GUST SPEED    16   HIGHEST GUST DIRECTION     E (110)
  AVERAGE WIND SPEED     8.8


SKY COVER
  POSSIBLE SUNSHINE  MM
  AVERAGE SKY COVER 0.4


WEATHER CONDITIONS
 THE FOLLOWING WEATHER WAS RECORDED YESTERDAY.
  FOG
  FOG W/VISIBILITY <= 1/4 MILE


RELATIVE HUMIDITY (PERCENT)
 HIGHEST    96           300 AM
 LOWEST     78           700 PM
 AVERAGE    87

..........................................................


THE GLASGOW MT CLIMATE NORMALS FOR TODAY
                         NORMAL    RECORD    YEAR
 MAXIMUM TEMPERATURE (F)   25        49      2012
 MINIMUM TEMPERATURE (F)    6       -43      1950
                                             1916


SUNRISE AND SUNSET
JANUARY 30 2015.......SUNRISE   737 AM MST   SUNSET   503 PM MST
JANUARY 31 2015.......SUNRISE   736 AM MST   SUNSET   504 PM MST


-  INDICATES NEGATIVE NUMBERS.
R  INDICATES RECORD WAS SET OR TIED.
MM INDICATES DATA IS MISSING.
T  INDICATES TRACE AMOUNT.




$$
