000
CDUS45 KGGW 200740
CLIGGW


CLIMATE REPORT
NATIONAL WEATHER SERVICE GLASGOW MT
1240 AM MST SAT DEC 20 2014


...................................

...THE GLASGOW MT CLIMATE SUMMARY FOR DECEMBER 19 2014...

CLIMATE NORMAL PERIOD 1981 TO 2010
CLIMATE RECORD PERIOD 1893 TO 2014


WEATHER ITEM   OBSERVED TIME   RECORD YEAR NORMAL DEPARTURE LAST
                VALUE   (LST)  VALUE       VALUE  FROM      YEAR
                                                  NORMAL
..................................................................
TEMPERATURE (F)
 YESTERDAY
  MAXIMUM         39    127 PM  57    1941  25     14        4
  MINIMUM         17    832 AM -47    1924   5     12      -16
  AVERAGE         28                        15     13       -6

PRECIPITATION (IN)
  YESTERDAY        0.00          0.14 1946   0.01  -0.01     0.10
                                      1928
  MONTH TO DATE    0.03                      0.22  -0.19     0.52
  SINCE OCT 1      1.18                      1.37  -0.19     1.11
  SINCE JAN 1     14.92                     11.48   3.44    15.53

SNOWFALL (IN)
  YESTERDAY        0.0           3.0  1985   0.3   -0.3      1.4
  MONTH TO DATE    0.1                       4.3   -4.2      9.9
  SINCE DEC 1      0.1                       4.3   -4.2      9.9
  SINCE JUL 1     11.5                      10.9    0.6     13.6
  SNOW DEPTH       0

DEGREE DAYS
 HEATING
  YESTERDAY       37                        50    -13       71
  MONTH TO DATE  789                       898   -109     1121
  SINCE DEC 1    789                       898   -109     1121
  SINCE JUL 1   2874                      2891    -17     3032

 COOLING
  YESTERDAY        0                         0      0        0
  MONTH TO DATE    0                         0      0        0
  SINCE DEC 1      0                         0      0        0
  SINCE JAN 1    495                       533    -38      563
..................................................................


WIND (MPH)
  HIGHEST WIND SPEED    13   HIGHEST WIND DIRECTION     E (110)
  HIGHEST GUST SPEED    15   HIGHEST GUST DIRECTION     E (110)
  AVERAGE WIND SPEED     5.3


SKY COVER
  POSSIBLE SUNSHINE  MM
  AVERAGE SKY COVER 0.3


WEATHER CONDITIONS
 THE FOLLOWING WEATHER WAS RECORDED YESTERDAY.
  FOG
  FOG W/VISIBILITY <= 1/4 MILE
  HAZE


RELATIVE HUMIDITY (PERCENT)
 HIGHEST    92           300 AM
 LOWEST     64           100 PM
 AVERAGE    78

..........................................................


THE GLASGOW MT CLIMATE NORMALS FOR TODAY
                         NORMAL    RECORD    YEAR
 MAXIMUM TEMPERATURE (F)   25        53      1954
                                             1941
 MINIMUM TEMPERATURE (F)    5       -38      1929


SUNRISE AND SUNSET
DECEMBER 20 2014......SUNRISE   754 AM MST   SUNSET   414 PM MST
DECEMBER 21 2014......SUNRISE   754 AM MST   SUNSET   415 PM MST


-  INDICATES NEGATIVE NUMBERS.
R  INDICATES RECORD WAS SET OR TIED.
MM INDICATES DATA IS MISSING.
T  INDICATES TRACE AMOUNT.

$$
