000
CDUS45 KGGW 290016
CLIGGW


CLIMATE REPORT
NATIONAL WEATHER SERVICE GLASGOW MT
615 PM MDT SAT MAY 28 2016


...................................

...THE GLASGOW MT CLIMATE SUMMARY FOR MAY 28 2016...
VALID TODAY AS OF 0500 PM LOCAL TIME.

CLIMATE NORMAL PERIOD 1981 TO 2010
CLIMATE RECORD PERIOD 1893 TO 2016


WEATHER ITEM   OBSERVED TIME   RECORD YEAR NORMAL DEPARTURE LAST
                VALUE   (LST)  VALUE       VALUE  FROM      YEAR
                                                  NORMAL
..................................................................
TEMPERATURE (F)
 TODAY
  MAXIMUM         67        MM  97    1934  71     -4       75
                                      1919
  MINIMUM         50    300 AM  20    1947  47      3       42
  AVERAGE         59                        59      0       59

PRECIPITATION (IN)
  TODAY            0.18          1.26 1982   0.08   0.10     0.31
  MONTH TO DATE    4.26                      1.67   2.59     1.24
  SINCE OCT 1     10.99                      5.12   5.87     5.50
  SINCE JAN 1      8.01                      3.57   4.44     4.24

SNOWFALL (IN)
  TODAY            0.0           T    1992   0.0    0.0      0.0
  MONTH TO DATE    0.0                       1.2   -1.2      0.0
  SINCE MAR 1      6.1                       7.8   -1.7      8.1
  SINCE JUL 1     27.6                      34.8   -7.2     43.2
  SNOW DEPTH       0  (12Z / 5 AM MST)

DEGREE DAYS
 HEATING
  TODAY            6                         7     -1        6
  MONTH TO DATE  246                       304    -58      317
  SINCE MAR 1   1569                      1941   -372     1658
  SINCE JUL 1   7034                      8311  -1277     7742

 COOLING
  TODAY            0                         1     -1        0
  MONTH TO DATE   11                         8      3        0
  SINCE MAR 1     11                         9      2        0
  SINCE JAN 1     11                         9      2        0
..................................................................


WIND (MPH)
  HIGHEST WIND SPEED    14   HIGHEST WIND DIRECTION     W (270)
  HIGHEST GUST SPEED    MM   HIGHEST GUST DIRECTION    MM
  AVERAGE WIND SPEED    10.0


SKY COVER
  POSSIBLE SUNSHINE  MM
  AVERAGE SKY COVER 0.7


WEATHER CONDITIONS
 THE FOLLOWING WEATHER WAS RECORDED TODAY.
  RAIN
  LIGHT RAIN
  FOG


RELATIVE HUMIDITY (PERCENT)
 HIGHEST   100           700 AM
 LOWEST     42           300 PM
 AVERAGE    71

..........................................................


THE GLASGOW MT CLIMATE NORMALS FOR TOMORROW
                         NORMAL    RECORD    YEAR
 MAXIMUM TEMPERATURE (F)   71       102      1988
 MINIMUM TEMPERATURE (F)   47        29      1947


SUNRISE AND SUNSET
MAY 28 2016...........SUNRISE   513 AM MDT   SUNSET   855 PM MDT
MAY 29 2016...........SUNRISE   512 AM MDT   SUNSET   856 PM MDT


-  INDICATES NEGATIVE NUMBERS.
R  INDICATES RECORD WAS SET OR TIED.
MM INDICATES DATA IS MISSING.
T  INDICATES TRACE AMOUNT.




$$

SNOW DEPTH FROM 12Z / 5 AM MST
