000
CDUS45 KGGW 030740
CLIGGW


CLIMATE REPORT
NATIONAL WEATHER SERVICE GLASGOW MT
140 AM MDT THU SEP 3 2015


...................................

...THE GLASGOW MT CLIMATE SUMMARY FOR SEPTEMBER 2 2015...

CLIMATE NORMAL PERIOD 1981 TO 2010
CLIMATE RECORD PERIOD 1893 TO 2015


WEATHER ITEM   OBSERVED TIME   RECORD YEAR NORMAL DEPARTURE LAST
                VALUE   (LST)  VALUE       VALUE  FROM      YEAR
                                                  NORMAL
..................................................................
TEMPERATURE (F)
 YESTERDAY
  MAXIMUM         95    427 PM 102    1945  78     17       75
  MINIMUM         58    439 AM  32    1934  51      7       50
  AVERAGE         77                        64     13       63

PRECIPITATION (IN)
  YESTERDAY        0.00          1.50 1898   0.03  -0.03     0.00
  MONTH TO DATE    0.00                      0.06  -0.06      T
  SINCE OCT 1     10.75                     10.78  -0.03    14.40
  SINCE JAN 1      9.49                      9.23   0.26    12.95

SNOWFALL (IN)
  YESTERDAY        0.0           0.0  2002   0.0    0.0      0.0
                                      2001
                                      2000
  MONTH TO DATE    0.0                       0.0    0.0      0.0
  SINCE SEP 1      0.0                       0.0    0.0      0.0
  SINCE JUL 1      0.0                       0.0    0.0      0.0
  SNOW DEPTH       0

DEGREE DAYS
 HEATING
  YESTERDAY        0                         4     -4        2
  MONTH TO DATE    0                         7     -7        7
  SINCE SEP 1      0                         7     -7        7
  SINCE JUL 1     50                        60    -10       60

 COOLING
  YESTERDAY       12                         3      9        0
  MONTH TO DATE   17                         6     11        0
  SINCE SEP 1     17                         6     11        0
  SINCE JAN 1    581                       501     80      472
..................................................................


WIND (MPH)
  HIGHEST WIND SPEED    24   HIGHEST WIND DIRECTION     N (10)
  HIGHEST GUST SPEED    30   HIGHEST GUST DIRECTION     N (360)
  AVERAGE WIND SPEED    10.8


SKY COVER
  POSSIBLE SUNSHINE  MM
  AVERAGE SKY COVER 0.0


WEATHER CONDITIONS
 THE FOLLOWING WEATHER WAS RECORDED YESTERDAY.
  NO SIGNIFICANT WEATHER WAS OBSERVED.


RELATIVE HUMIDITY (PERCENT)
 HIGHEST    53          1200 AM
 LOWEST     12           500 PM
 AVERAGE    33

..........................................................


THE GLASGOW MT CLIMATE NORMALS FOR TODAY
                         NORMAL    RECORD    YEAR
 MAXIMUM TEMPERATURE (F)   78       102      1940
 MINIMUM TEMPERATURE (F)   50        29      1902


SUNRISE AND SUNSET
SEPTEMBER  3 2015.....SUNRISE   627 AM MDT   SUNSET   744 PM MDT
SEPTEMBER  4 2015.....SUNRISE   628 AM MDT   SUNSET   742 PM MDT


-  INDICATES NEGATIVE NUMBERS.
R  INDICATES RECORD WAS SET OR TIED.
MM INDICATES DATA IS MISSING.
T  INDICATES TRACE AMOUNT.




$$
