000
CDUS45 KGJT 300736
CLIGJT


CLIMATE REPORT
NATIONAL WEATHER SERVICE GRAND JUNCTION CO
133 AM MDT FRI SEP 30 2016


...................................

...THE GRAND JUNCTION CO CLIMATE SUMMARY FOR SEPTEMBER 29 2016...

CLIMATE NORMAL PERIOD 1981 TO 2010
CLIMATE RECORD PERIOD 1893 TO 2016


WEATHER ITEM   OBSERVED TIME   RECORD YEAR NORMAL DEPARTURE LAST
                VALUE   (LST)  VALUE       VALUE  FROM      YEAR
                                                  NORMAL
..................................................................
TEMPERATURE (F)
 YESTERDAY
  MAXIMUM         71   1202 AM  89    2010  74     -3       87
                                      1989
  MINIMUM         58   1159 PM  32    1999  47     11       62
  AVERAGE         65                        60      5       75

PRECIPITATION (IN)
  YESTERDAY        0.14          1.02 1949   0.04   0.10     0.00
  MONTH TO DATE    0.66                      1.15  -0.49     0.79
  SINCE SEP 1      0.66                      1.15  -0.49     0.79
  SINCE JAN 1      6.91                      7.00  -0.09     9.03

SNOWFALL (IN)
  YESTERDAY        0.0           T    2002   0.0    0.0      0.0
  MONTH TO DATE    0.0                       0.0    0.0       T
  SINCE SEP 1      0.0                       0.0    0.0       T
  SINCE JUL 1      0.0                       0.0    0.0       T
  SNOW DEPTH       0

DEGREE DAYS
 HEATING
  YESTERDAY        0                         5     -5        0
  MONTH TO DATE   47                        65    -18        7
  SINCE SEP 1     47                        65    -18        7
  SINCE JUL 1     47                        68    -21        7

 COOLING
  YESTERDAY        0                         1     -1       10
  MONTH TO DATE  121                       102     19      121
  SINCE SEP 1    121                       102     19      121
  SINCE JAN 1   1235                      1121    114     1017
..................................................................


WIND (MPH)
  HIGHEST WIND SPEED    13   HIGHEST WIND DIRECTION     N (20)
  HIGHEST GUST SPEED    17   HIGHEST GUST DIRECTION     N (10)
  AVERAGE WIND SPEED     5.1


SKY COVER
  POSSIBLE SUNSHINE  MM
  AVERAGE SKY COVER 0.8


WEATHER CONDITIONS
 THE FOLLOWING WEATHER WAS RECORDED YESTERDAY.
  LIGHT RAIN


RELATIVE HUMIDITY (PERCENT)
 HIGHEST    93          1100 AM
 LOWEST     33          1200 AM
 AVERAGE    63

..........................................................


THE GRAND JUNCTION CO CLIMATE NORMALS FOR TODAY
                         NORMAL    RECORD    YEAR
 MAXIMUM TEMPERATURE (F)   74        88      1957
 MINIMUM TEMPERATURE (F)   46        32      1985


SUNRISE AND SUNSET
SEPTEMBER 30 2016.....SUNRISE   710 AM MDT   SUNSET   657 PM MDT
OCTOBER  1 2016.......SUNRISE   711 AM MDT   SUNSET   656 PM MDT


-  INDICATES NEGATIVE NUMBERS.
R  INDICATES RECORD WAS SET OR TIED.
MM INDICATES DATA IS MISSING.
T  INDICATES TRACE AMOUNT.




$$
