000
CDUS45 KGJT 230738
CLIGJT


CLIMATE REPORT
NATIONAL WEATHER SERVICE GRAND JUNCTION CO
134 AM MDT WED AUG 23 2017


...................................

...THE GRAND JUNCTION CO CLIMATE SUMMARY FOR AUGUST 22 2017...

CLIMATE NORMAL PERIOD 1981 TO 2010
CLIMATE RECORD PERIOD 1893 TO 2017


WEATHER ITEM   OBSERVED TIME   RECORD YEAR NORMAL DEPARTURE LAST
                VALUE   (LST)  VALUE       VALUE  FROM      YEAR
                                                  NORMAL
..................................................................
TEMPERATURE (F)
 YESTERDAY
  MAXIMUM         91    250 PM  98    2009  89      2       86
                                      2007
                                      1905
  MINIMUM         63   1138 PM  50    1964  60      3       63
  AVERAGE         77                        74      3       75

PRECIPITATION (IN)
  YESTERDAY        T             0.70 1922   0.03  -0.03      T
  MONTH TO DATE    0.37                      0.65  -0.28     0.30
  SINCE JUN 1      1.18                      1.72  -0.54     1.03
  SINCE JAN 1      4.01                      5.55  -1.54     6.00

SNOWFALL (IN)
  YESTERDAY        0.0           0.0  2016   0.0    0.0      0.0
  MONTH TO DATE    0.0                       0.0    0.0      0.0
  SINCE JUN 1      0.0                       0.0    0.0      0.0
  SINCE JUL 1      0.0                       0.0    0.0      0.0
  SNOW DEPTH       0

DEGREE DAYS
 HEATING
  YESTERDAY        0                         0      0        0
  MONTH TO DATE    0                         0      0        0
  SINCE JUN 1      4                        23    -19        1
  SINCE JUL 1      0                         1     -1        0

 COOLING
  YESTERDAY       12                        10      2       10
  MONTH TO DATE  259                       252      7      259
  SINCE JUN 1   1133                       893    240     1053
  SINCE JAN 1   1179                       944    235     1066
..................................................................


WIND (MPH)
  HIGHEST WIND SPEED    33   HIGHEST WIND DIRECTION    NE (40)
  HIGHEST GUST SPEED    41   HIGHEST GUST DIRECTION    NE (50)
  AVERAGE WIND SPEED    10.1


SKY COVER
  POSSIBLE SUNSHINE  MM
  AVERAGE SKY COVER 0.1


WEATHER CONDITIONS
 THE FOLLOWING WEATHER WAS RECORDED YESTERDAY.
  LIGHT RAIN


RELATIVE HUMIDITY (PERCENT)
 HIGHEST    52          1100 PM
 LOWEST     19           300 PM
 AVERAGE    36

..........................................................


THE GRAND JUNCTION CO CLIMATE NORMALS FOR TODAY
                         NORMAL    RECORD    YEAR
 MAXIMUM TEMPERATURE (F)   89        99      1919
 MINIMUM TEMPERATURE (F)   60        43      1968


SUNRISE AND SUNSET
AUGUST 23 2017........SUNRISE   635 AM MDT   SUNSET   758 PM MDT
AUGUST 24 2017........SUNRISE   636 AM MDT   SUNSET   756 PM MDT


-  INDICATES NEGATIVE NUMBERS.
R  INDICATES RECORD WAS SET OR TIED.
MM INDICATES DATA IS MISSING.
T  INDICATES TRACE AMOUNT.




$$
