000
CDUS45 KGJT 010735
CLIGJT


CLIMATE REPORT
NATIONAL WEATHER SERVICE GRAND JUNCTION CO
133 AM MDT SAT NOV 1 2014


...................................

...THE GRAND JUNCTION CO CLIMATE SUMMARY FOR OCTOBER 31 2014...

CLIMATE NORMAL PERIOD 1981 TO 2010
CLIMATE RECORD PERIOD 1893 TO 2014


WEATHER ITEM   OBSERVED TIME   RECORD YEAR NORMAL DEPARTURE LAST
                VALUE   (LST)  VALUE       VALUE  FROM      YEAR
                                                  NORMAL
..................................................................
TEMPERATURE (F)
 YESTERDAY
  MAXIMUM         70    243 PM  76    1950  59     11       47
  MINIMUM         35    239 AM  18    1993  34      1       35
                                      1989
  AVERAGE         53                        46      7       41

PRECIPITATION (IN)
  YESTERDAY        0.00          0.82 1992   0.03  -0.03     0.00
  MONTH TO DATE    0.58                      1.06  -0.48     1.36
  SINCE SEP 1      2.42                      2.25   0.17     4.45
  SINCE JAN 1     10.51                      8.10   2.41    10.42

SNOWFALL (IN)
  YESTERDAY        0.0           4.5  1919   0.0    0.0      0.0
  MONTH TO DATE    0.0                       0.4   -0.4      0.1
  SINCE SEP 1      0.0                       0.4   -0.4      0.1
  SINCE JUL 1      0.0                       0.4   -0.4      0.1
  SNOW DEPTH       0

DEGREE DAYS
 HEATING
  YESTERDAY       12                        18     -6       24
  MONTH TO DATE  320                       374    -54      488
  SINCE SEP 1    361                       445    -84      570
  SINCE JUL 1    366                       448    -82      570

 COOLING
  YESTERDAY        0                         0      0        0
  MONTH TO DATE    0                         3     -3        0
  SINCE SEP 1    120                       106     14      143
  SINCE JAN 1   1046                      1125    -79     1269
..................................................................


WIND (MPH)
  HIGHEST WIND SPEED    17   HIGHEST WIND DIRECTION     E (110)
  HIGHEST GUST SPEED    20   HIGHEST GUST DIRECTION     E (110)
  AVERAGE WIND SPEED     8.7


SKY COVER
  POSSIBLE SUNSHINE  MM
  AVERAGE SKY COVER 0.0


WEATHER CONDITIONS
 THE FOLLOWING WEATHER WAS RECORDED YESTERDAY.
  NO SIGNIFICANT WEATHER WAS OBSERVED.


RELATIVE HUMIDITY (PERCENT)
 HIGHEST    64           700 AM
 LOWEST     19           100 PM
 AVERAGE    42

..........................................................


THE GRAND JUNCTION CO CLIMATE NORMALS FOR TODAY
                         NORMAL    RECORD    YEAR
 MAXIMUM TEMPERATURE (F)   59        72      2008
 MINIMUM TEMPERATURE (F)   34        17      1979


SUNRISE AND SUNSET
NOVEMBER  1 2014......SUNRISE   742 AM MDT   SUNSET   613 PM MDT
NOVEMBER  2 2014......SUNRISE   643 AM MST   SUNSET   512 PM MST


-  INDICATES NEGATIVE NUMBERS.
R  INDICATES RECORD WAS SET OR TIED.
MM INDICATES DATA IS MISSING.
T  INDICATES TRACE AMOUNT.




$$
