000
CDUS45 KGJT 220732
CLIGJT


CLIMATE REPORT
NATIONAL WEATHER SERVICE GRAND JUNCTION CO
130 AM MDT SUN OCT 22 2017


...................................

...THE GRAND JUNCTION CO CLIMATE SUMMARY FOR OCTOBER 21 2017...

CLIMATE NORMAL PERIOD 1981 TO 2010
CLIMATE RECORD PERIOD 1893 TO 2017


WEATHER ITEM   OBSERVED TIME   RECORD YEAR NORMAL DEPARTURE LAST
                VALUE   (LST)  VALUE       VALUE  FROM      YEAR
                                                  NORMAL
..................................................................
TEMPERATURE (F)
 YESTERDAY
  MAXIMUM         56    211 PM  80    2003  64     -8       68
  MINIMUM         30    657 AM  22    1905  38     -8       33
  AVERAGE         43                        51     -8       51

PRECIPITATION (IN)
  YESTERDAY        0.00          0.50 2010   0.03  -0.03     0.00
  MONTH TO DATE    0.28                      0.75  -0.47     0.09
  SINCE SEP 1      1.02                      1.94  -0.92     0.77
  SINCE JAN 1      5.03                      7.79  -2.76     7.02

SNOWFALL (IN)
  YESTERDAY        0.0           1.0  1908   0.0    0.0      0.0
  MONTH TO DATE    0.0                       0.2   -0.2      0.0
  SINCE SEP 1      0.0                       0.2   -0.2      0.0
  SINCE JUL 1      0.0                       0.2   -0.2      0.0
  SNOW DEPTH       0

DEGREE DAYS
 HEATING
  YESTERDAY       22                        14      8       14
  MONTH TO DATE  285                       210     75      170
  SINCE SEP 1    384                       281    103      217
  SINCE JUL 1    384                       284    100      217

 COOLING
  YESTERDAY        0                         0      0        0
  MONTH TO DATE    0                         1     -1       10
  SINCE SEP 1    183                       104     79      131
  SINCE JAN 1   1479                      1123    356     1245
..................................................................


WIND (MPH)
  HIGHEST WIND SPEED    17   HIGHEST WIND DIRECTION    NW (310)
  HIGHEST GUST SPEED    22   HIGHEST GUST DIRECTION    NW (300)
  AVERAGE WIND SPEED     6.2


SKY COVER
  POSSIBLE SUNSHINE  MM
  AVERAGE SKY COVER 0.0


WEATHER CONDITIONS
 THE FOLLOWING WEATHER WAS RECORDED YESTERDAY.
  NO SIGNIFICANT WEATHER WAS OBSERVED.


RELATIVE HUMIDITY (PERCENT)
 HIGHEST    53           700 AM
 LOWEST     18           200 PM
 AVERAGE    36

..........................................................


THE GRAND JUNCTION CO CLIMATE NORMALS FOR TODAY
                         NORMAL    RECORD    YEAR
 MAXIMUM TEMPERATURE (F)   64        79      2003
 MINIMUM TEMPERATURE (F)   38        20      1996


SUNRISE AND SUNSET
OCTOBER 22 2017.......SUNRISE   731 AM MDT   SUNSET   625 PM MDT
OCTOBER 23 2017.......SUNRISE   732 AM MDT   SUNSET   624 PM MDT


-  INDICATES NEGATIVE NUMBERS.
R  INDICATES RECORD WAS SET OR TIED.
MM INDICATES DATA IS MISSING.
T  INDICATES TRACE AMOUNT.




$$
