000
CDUS45 KGJT 110756
CLIGJT


CLIMATE REPORT
NATIONAL WEATHER SERVICE GRAND JUNCTION CO
1254 AM MST THU FEB 11 2016


...................................

...THE GRAND JUNCTION CO CLIMATE SUMMARY FOR FEBRUARY 10 2016...

CLIMATE NORMAL PERIOD 1981 TO 2010
CLIMATE RECORD PERIOD 1893 TO 2016


WEATHER ITEM   OBSERVED TIME   RECORD YEAR NORMAL DEPARTURE LAST
                VALUE   (LST)  VALUE       VALUE  FROM      YEAR
                                                  NORMAL
..................................................................
TEMPERATURE (F)
 YESTERDAY
  MAXIMUM         38    334 PM  63    1962  43     -5       59
  MINIMUM         16    733 AM -19    1933  22     -6       28
  AVERAGE         27                        33     -6       44

PRECIPITATION (IN)
  YESTERDAY        0.00          0.50 1948   0.02  -0.02     0.00
                                      1895
  MONTH TO DATE    0.42                      0.18   0.24     0.00
  SINCE DEC 1      2.03                      1.35   0.68     1.79
  SINCE JAN 1      1.34                      0.76   0.58     0.73

SNOWFALL (IN)
  YESTERDAY        0.0           8.6  1948   0.1   -0.1      0.0
  MONTH TO DATE    4.7                       1.3    3.4      0.0
  SINCE DEC 1     24.0                      11.1   12.9      6.9
  SINCE JUL 1     27.4                      13.6   13.8      6.9
  SNOW DEPTH       3

DEGREE DAYS
 HEATING
  YESTERDAY       38                        32      6       21
  MONTH TO DATE  456                       338    118      214
  SINCE DEC 1   2944                      2636    308     2260
  SINCE JUL 1   3993                      3864    129     3484

 COOLING
  YESTERDAY        0                         0      0        0
  MONTH TO DATE    0                         0      0        0
  SINCE DEC 1      0                         0      0        0
  SINCE JAN 1      0                         0      0        0
..................................................................


WIND (MPH)
  HIGHEST WIND SPEED    10   HIGHEST WIND DIRECTION     E (100)
  HIGHEST GUST SPEED    12   HIGHEST GUST DIRECTION     E (100)
  AVERAGE WIND SPEED     4.5


SKY COVER
  POSSIBLE SUNSHINE  MM
  AVERAGE SKY COVER 0.0


WEATHER CONDITIONS
 THE FOLLOWING WEATHER WAS RECORDED YESTERDAY.
  NO SIGNIFICANT WEATHER WAS OBSERVED.


RELATIVE HUMIDITY (PERCENT)
 HIGHEST    92          1200 AM
 LOWEST     59          1200 PM
 AVERAGE    76

..........................................................


THE GRAND JUNCTION CO CLIMATE NORMALS FOR TODAY
                         NORMAL    RECORD    YEAR
 MAXIMUM TEMPERATURE (F)   44        67      1962
 MINIMUM TEMPERATURE (F)   23       -11      1929


SUNRISE AND SUNSET
FEBRUARY 11 2016......SUNRISE   711 AM MST   SUNSET   546 PM MST
FEBRUARY 12 2016......SUNRISE   710 AM MST   SUNSET   547 PM MST


-  INDICATES NEGATIVE NUMBERS.
R  INDICATES RECORD WAS SET OR TIED.
MM INDICATES DATA IS MISSING.
T  INDICATES TRACE AMOUNT.




$$
