000
CDUS45 KGJT 302334
CLIGJT


CLIMATE REPORT
NATIONAL WEATHER SERVICE GRAND JUNCTION CO
530 PM MDT SUN AUG 30 2015


...................................

...THE GRAND JUNCTION CO CLIMATE SUMMARY FOR AUGUST 30 2015...
VALID TODAY AS OF 0500 PM LOCAL TIME.

CLIMATE NORMAL PERIOD 1981 TO 2010
CLIMATE RECORD PERIOD 1893 TO 2015


WEATHER ITEM   OBSERVED TIME   RECORD YEAR NORMAL DEPARTURE LAST
                VALUE   (LST)  VALUE       VALUE  FROM      YEAR
                                                  NORMAL
..................................................................
TEMPERATURE (F)
 TODAY
  MAXIMUM         90    331 PM  97    1919  87      3       83
  MINIMUM         59    602 AM  50    1964  58      1       57
                                      1910
  AVERAGE         75                        72      3       70

PRECIPITATION (IN)
  TODAY            T             0.44 1901   0.03  -0.03     0.00
  MONTH TO DATE    0.46                      0.91  -0.45     3.16
  SINCE JUN 1      2.90                      1.98   0.92     4.31
  SINCE JAN 1      8.00                      5.81   2.19     8.09

SNOWFALL (IN)
  TODAY            0.0           0.0  2014   0.0    0.0      0.0
  MONTH TO DATE    T                         0.0    0.0      0.0
  SINCE JUN 1      T                         0.0    0.0      0.0
  SINCE JUL 1      T                         0.0    0.0      0.0
  SNOW DEPTH       0

DEGREE DAYS
 HEATING
  TODAY            0                         0      0        0
  MONTH TO DATE    0                         0      0        5
  SINCE JUN 1     12                        23    -11       24
  SINCE JUL 1      0                         1     -1        5

 COOLING
  TODAY           10                         8      2        5
  MONTH TO DATE  314                       320     -6      212
  SINCE JUN 1    881                       961    -80      860
  SINCE JAN 1    889                      1012   -123      919
..................................................................


WIND (MPH)
  HIGHEST WIND SPEED    21   HIGHEST WIND DIRECTION     S (160)
  HIGHEST GUST SPEED    24   HIGHEST GUST DIRECTION    SE (150)
  AVERAGE WIND SPEED     8.7


SKY COVER
  POSSIBLE SUNSHINE  MM
  AVERAGE SKY COVER 0.1


WEATHER CONDITIONS
 THE FOLLOWING WEATHER WAS RECORDED TODAY.
  THUNDERSTORM
  LIGHT RAIN


RELATIVE HUMIDITY (PERCENT)
 HIGHEST    51           600 AM
 LOWEST     21          1200 PM
 AVERAGE    36

..........................................................


THE GRAND JUNCTION CO CLIMATE NORMALS FOR TOMORROW
                         NORMAL    RECORD    YEAR
 MAXIMUM TEMPERATURE (F)   86        98      1995
 MINIMUM TEMPERATURE (F)   58        45      1943


SUNRISE AND SUNSET
AUGUST 30 2015........SUNRISE   641 AM MDT   SUNSET   748 PM MDT
AUGUST 31 2015........SUNRISE   642 AM MDT   SUNSET   746 PM MDT


-  INDICATES NEGATIVE NUMBERS.
R  INDICATES RECORD WAS SET OR TIED.
MM INDICATES DATA IS MISSING.
T  INDICATES TRACE AMOUNT.




$$
