000
CDUS45 KGJT 232333
CLIGJT


CLIMATE REPORT
NATIONAL WEATHER SERVICE GRAND JUNCTION CO
528 PM MDT SAT MAY 23 2015


...................................

...THE GRAND JUNCTION CO CLIMATE SUMMARY FOR MAY 23 2015...
VALID TODAY AS OF 0500 PM LOCAL TIME.

CLIMATE NORMAL PERIOD 1981 TO 2010
CLIMATE RECORD PERIOD 1893 TO 2015


WEATHER ITEM   OBSERVED TIME   RECORD YEAR NORMAL DEPARTURE LAST
                VALUE   (LST)  VALUE       VALUE  FROM      YEAR
                                                  NORMAL
..................................................................
TEMPERATURE (F)
 TODAY
  MAXIMUM         64   1117 AM  95    2005  79    -15       73
  MINIMUM         44    359 AM  35    1933  49     -5       51
  AVERAGE         54                        64    -10       62

PRECIPITATION (IN)
  TODAY            0.02          0.23 2009   0.03  -0.01     0.00
  MONTH TO DATE    1.44                      0.69   0.75     1.05
  SINCE MAR 1      3.83                      2.52   1.31     1.96
  SINCE JAN 1      4.69                      3.64   1.05     3.34

SNOWFALL (IN)
  TODAY            0.0           0.0  2014   0.0    0.0      0.0
  MONTH TO DATE    0.1                       0.1    0.0      0.0
  SINCE MAR 1      4.0                       3.6    0.4       T
  SINCE JUL 1     12.6                      19.1   -6.5     25.7
  SNOW DEPTH       0

DEGREE DAYS
 HEATING
  TODAY           11                         3      8        3
  MONTH TO DATE  184                       134     50      176
  SINCE MAR 1   1139                      1189    -50     1284
  SINCE JUL 1   5124                      5568   -444     6222

 COOLING
  TODAY            0                         2     -2        0
  MONTH TO DATE    2                        26    -24       22
  SINCE MAR 1      2                        29    -27       22
  SINCE JAN 1      2                        29    -27       22
..................................................................


WIND (MPH)
  HIGHEST WIND SPEED    30   HIGHEST WIND DIRECTION     S (170)
  HIGHEST GUST SPEED    39   HIGHEST GUST DIRECTION     S (170)
  AVERAGE WIND SPEED     8.0


SKY COVER
  POSSIBLE SUNSHINE  MM
  AVERAGE SKY COVER 0.5


WEATHER CONDITIONS
 THE FOLLOWING WEATHER WAS RECORDED TODAY.
  THUNDERSTORM
  LIGHT RAIN


RELATIVE HUMIDITY (PERCENT)
 HIGHEST    93          1200 AM
 LOWEST     25          1100 AM
 AVERAGE    59

..........................................................


THE GRAND JUNCTION CO CLIMATE NORMALS FOR TOMORROW
                         NORMAL    RECORD    YEAR
 MAXIMUM TEMPERATURE (F)   79        94      2005
 MINIMUM TEMPERATURE (F)   49        37      1971


SUNRISE AND SUNSET
MAY 23 2015...........SUNRISE   555 AM MDT   SUNSET   827 PM MDT
MAY 24 2015...........SUNRISE   555 AM MDT   SUNSET   828 PM MDT


-  INDICATES NEGATIVE NUMBERS.
R  INDICATES RECORD WAS SET OR TIED.
MM INDICATES DATA IS MISSING.
T  INDICATES TRACE AMOUNT.




$$
