000
CDUS45 KGJT 222327
CLIGJT


CLIMATE REPORT
NATIONAL WEATHER SERVICE GRAND JUNCTION CO
525 PM MDT THU JUN 22 2017


...................................

...THE GRAND JUNCTION CO CLIMATE SUMMARY FOR JUNE 22 2017...
VALID TODAY AS OF 0500 PM LOCAL TIME.

CLIMATE NORMAL PERIOD 1981 TO 2010
CLIMATE RECORD PERIOD 1893 TO 2017


WEATHER ITEM   OBSERVED TIME   RECORD YEAR NORMAL DEPARTURE LAST
                VALUE   (LST)  VALUE       VALUE  FROM      YEAR
                                                  NORMAL
..................................................................
TEMPERATURE (F)
 TODAY
  MAXIMUM        101R   159 PM 101    2012  90     11       97
                                      1971
                                      1954
  MINIMUM         69    544 AM  42    1964  59     10       69
  AVERAGE         85                        74     11       83

PRECIPITATION (IN)
  TODAY            0.00          0.19 1972   0.01  -0.01      T
  MONTH TO DATE    0.03                      0.35  -0.32     0.02
  SINCE JUN 1      0.03                      0.35  -0.32     0.02
  SINCE JAN 1      2.86                      4.18  -1.32     4.99

SNOWFALL (IN)
  TODAY            0.0           0.0  2002   0.0    0.0      0.0
  MONTH TO DATE    0.0                       0.0    0.0      0.0
  SINCE JUN 1      0.0                       0.0    0.0      0.0
  SINCE JUL 1     13.9                      19.1   -5.2     28.5
  SNOW DEPTH       0

DEGREE DAYS
 HEATING
  TODAY            0                         0      0        0
  MONTH TO DATE    4                        20    -16        1
  SINCE JUN 1      4                        20    -16        1
  SINCE JUL 1   4625                      5609   -984     5715

 COOLING
  TODAY           20                        10     10       18
  MONTH TO DATE  263                       145    118      237
  SINCE JUN 1    263                       145    118      237
  SINCE JAN 1    309                       196    113      250
..................................................................


WIND (MPH)
  HIGHEST WIND SPEED    38   HIGHEST WIND DIRECTION    NW (330)
  HIGHEST GUST SPEED    46   HIGHEST GUST DIRECTION    NW (330)
  AVERAGE WIND SPEED    10.4


SKY COVER
  POSSIBLE SUNSHINE  MM
  AVERAGE SKY COVER 0.0


WEATHER CONDITIONS
 THE FOLLOWING WEATHER WAS RECORDED TODAY.
  NO SIGNIFICANT WEATHER WAS OBSERVED.


RELATIVE HUMIDITY (PERCENT)
 HIGHEST    35           600 AM
 LOWEST      9           200 PM
 AVERAGE    22

..........................................................


THE GRAND JUNCTION CO CLIMATE NORMALS FOR TOMORROW
                         NORMAL    RECORD    YEAR
 MAXIMUM TEMPERATURE (F)   90       103      1981
                                             1971
 MINIMUM TEMPERATURE (F)   59        46      1948
                                             1907


SUNRISE AND SUNSET
JUNE 22 2017..........SUNRISE   549 AM MDT   SUNSET   844 PM MDT
JUNE 23 2017..........SUNRISE   549 AM MDT   SUNSET   844 PM MDT


-  INDICATES NEGATIVE NUMBERS.
R  INDICATES RECORD WAS SET OR TIED.
MM INDICATES DATA IS MISSING.
T  INDICATES TRACE AMOUNT.




$$
