000
CDUS45 KGJT 041159
CLIGJT


CLIMATE REPORT
NATIONAL WEATHER SERVICE GRAND JUNCTION CO
459 AM MST WED MAR 4 2015


...................................

...THE GRAND JUNCTION CO CLIMATE SUMMARY FOR MARCH 3 2015...

CLIMATE NORMAL PERIOD 1981 TO 2010
CLIMATE RECORD PERIOD 1893 TO 2015


WEATHER ITEM   OBSERVED TIME   RECORD YEAR NORMAL DEPARTURE LAST
                VALUE   (LST)  VALUE       VALUE  FROM      YEAR
                                                  NORMAL
..................................................................
TEMPERATURE (F)
 YESTERDAY
  MAXIMUM         44    157 PM  71    2009  52     -8       57
  MINIMUM         27   1149 PM   6    2002  29     -2       34
  AVERAGE         36                        40     -4       46

PRECIPITATION (IN)
  YESTERDAY        0.04          0.60 1961   0.02   0.02     0.00
  MONTH TO DATE    0.18                      0.07   0.11     0.03
  SINCE MAR 1      0.18                      0.07   0.11     0.03
  SINCE JAN 1      1.04                      1.19  -0.15     1.41

SNOWFALL (IN)
  YESTERDAY        0.3           6.1  1948   0.0    0.3      0.0
  MONTH TO DATE    0.3                       0.2    0.1      0.0
  SINCE MAR 1      0.3                       0.2    0.1      0.0
  SINCE JUL 1      8.9                      15.7   -6.8     25.7
  SNOW DEPTH       0

DEGREE DAYS
 HEATING
  YESTERDAY       29                        24      5       19
  MONTH TO DATE   77                        74      3       58
  SINCE MAR 1     77                        74      3       58
  SINCE JUL 1   4062                      4453   -391     4996

 COOLING
  YESTERDAY        0                         0      0        0
  MONTH TO DATE    0                         0      0        0
  SINCE MAR 1      0                         0      0        0
  SINCE JAN 1      0                         0      0        0
..................................................................


WIND (MPH)
  HIGHEST WIND SPEED    21   HIGHEST WIND DIRECTION     W (280)
  HIGHEST GUST SPEED    29   HIGHEST GUST DIRECTION     W (280)
  AVERAGE WIND SPEED     6.6


SKY COVER
  POSSIBLE SUNSHINE  MM
  AVERAGE SKY COVER 0.8


WEATHER CONDITIONS
 THE FOLLOWING WEATHER WAS RECORDED YESTERDAY.
  LIGHT SNOW
  FOG
  FOG W/VISIBILITY <= 1/4 MILE


RELATIVE HUMIDITY (PERCENT)
 HIGHEST   100          1000 PM
 LOWEST     53           200 PM
 AVERAGE    77

..........................................................


THE GRAND JUNCTION CO CLIMATE NORMALS FOR TODAY
                         NORMAL    RECORD    YEAR
 MAXIMUM TEMPERATURE (F)   53        70      2009
 MINIMUM TEMPERATURE (F)   29        10      2002


SUNRISE AND SUNSET
MARCH  4 2015.........SUNRISE   643 AM MST   SUNSET   610 PM MST
MARCH  5 2015.........SUNRISE   641 AM MST   SUNSET   611 PM MST


-  INDICATES NEGATIVE NUMBERS.
R  INDICATES RECORD WAS SET OR TIED.
MM INDICATES DATA IS MISSING.
T  INDICATES TRACE AMOUNT.




$$
