000
CDUS43 KGLD 240744
CLIGLD

CLIMATE REPORT
NATIONAL WEATHER SERVICE GOODLAND
139 AM MDT FRI MAR 24 2017

...................................

...THE GOODLAND KS CLIMATE SUMMARY FOR MARCH 23 2017...

CLIMATE NORMAL PERIOD 1981 TO 2010
CLIMATE RECORD PERIOD 1895 TO 2017

WEATHER ITEM   OBSERVED TIME   RECORD YEAR NORMAL DEPARTURE LAST
                VALUE   (LST)  VALUE       VALUE  FROM      YEAR
                                                  NORMAL
..................................................................
TEMPERATURE (F)
 YESTERDAY
  MAXIMUM         86R   337 PM  81    1967  57     29       49
                                      1916
  MINIMUM         43   1214 AM  -2    1897  28     15       25
  AVERAGE         65                        42     23       37

PRECIPITATION (IN)
  YESTERDAY        0.00          0.63 2013   0.04  -0.04     0.46
  MONTH TO DATE    0.02                      0.74  -0.72     0.55
  SINCE MAR 1      0.02                      0.74  -0.72     0.55
  SINCE JAN 1      0.95                      1.61  -0.66     1.41

SNOWFALL (IN)
  YESTERDAY        0.0                       0.2   -0.2      3.6
  MONTH TO DATE    T                         4.8   -4.8      4.4
  SINCE MAR 1      T                         4.8   -4.8      4.4
  SINCE JUL 1      9.4                      28.8  -19.4     27.8
  SNOW DEPTH       0

DEGREE DAYS
 HEATING
  YESTERDAY        0                        23    -23       28
  MONTH TO DATE  423                       588   -165      432
  SINCE MAR 1    423                       588   -165      432
  SINCE JUL 1   4308                      5005   -697     4278

 COOLING
  YESTERDAY        0                         0      0        0
  MONTH TO DATE    0                         0      0        0
  SINCE MAR 1      0                         0      0        0
  SINCE JAN 1      0                         0      0        0
..................................................................

WIND (MPH)
  HIGHEST WIND SPEED    39   HIGHEST WIND DIRECTION     S (190)
  HIGHEST GUST SPEED    48   HIGHEST GUST DIRECTION     S (180)
  AVERAGE WIND SPEED    21.2


SKY COVER
  AVERAGE SKY COVER 0.2


WEATHER CONDITIONS
 THE FOLLOWING WEATHER WAS RECORDED YESTERDAY.
  FOG
  HAZE


RELATIVE HUMIDITY (PERCENT)
 HIGHEST   100
 LOWEST      8
 AVERAGE    54

..........................................................


THE GOODLAND KS CLIMATE NORMALS FOR TODAY
                         NORMAL    RECORD    YEAR
 MAXIMUM TEMPERATURE (F)   57        85      1907
 MINIMUM TEMPERATURE (F)   28         1      1965


SUNRISE AND SUNSET
MARCH 24 2017.........SUNRISE   643 AM MDT   SUNSET   703 PM MDT
MARCH 25 2017.........SUNRISE   642 AM MDT   SUNSET   704 PM MDT


-  INDICATES NEGATIVE NUMBERS.
R  INDICATES RECORD WAS SET OR TIED.
MM INDICATES DATA IS MISSING.
T  INDICATES TRACE AMOUNT.

&&

THE AVERAGE SOIL TEMPERATURE AT THE FOUR INCH DEPTH... 51
THE CURRENT DEPTH OF FROST... 0 INCHES

$$
