000
CDUS43 KGLD 230755
CLIGLD

CLIMATE REPORT
NATIONAL WEATHER SERVICE GOODLAND
154 AM MDT MON OCT 23 2017

...................................

...THE GOODLAND KS CLIMATE SUMMARY FOR OCTOBER 22 2017...

CLIMATE NORMAL PERIOD 1981 TO 2010
CLIMATE RECORD PERIOD 1895 TO 2017

WEATHER ITEM   OBSERVED TIME   RECORD YEAR NORMAL DEPARTURE LAST
                VALUE   (LST)  VALUE       VALUE  FROM      YEAR
                                                  NORMAL
..................................................................
TEMPERATURE (F)
 YESTERDAY
  MAXIMUM         69    319 PM  90    2003  64      5       85
  MINIMUM         30    427 AM  19    1936  35     -5       36
  AVERAGE         50                        50      0       61

PRECIPITATION (IN)
  YESTERDAY        0.00          1.09 1978   0.04  -0.04     0.00
  MONTH TO DATE    0.44                      1.03  -0.59     0.04
  SINCE SEP 1      4.29                      2.25   2.04     2.53
  SINCE JAN 1     26.25                     18.15   8.10    16.57

SNOWFALL (IN)
  YESTERDAY        0.0                       0.1   -0.1      0.0
  MONTH TO DATE    T                         1.3   -1.3      0.0
  SINCE SEP 1      T                         1.7   -1.7       T
  SINCE JUL 1      T                         1.7   -1.7       T
  SNOW DEPTH       0

DEGREE DAYS
 HEATING
  YESTERDAY       15                        15      0        4
  MONTH TO DATE  218                       259    -41      175
  SINCE SEP 1    326                       371    -45      233
  SINCE JUL 1    326                       383    -57      240

 COOLING
  YESTERDAY        0                         0      0        0
  MONTH TO DATE    1                         5     -4       22
  SINCE SEP 1    140                       105     35      144
  SINCE JAN 1    959                       938     21     1093
..................................................................

WIND (MPH)
  HIGHEST WIND SPEED    24   HIGHEST WIND DIRECTION     S (200)
  HIGHEST GUST SPEED    34   HIGHEST GUST DIRECTION    SW (220)
  AVERAGE WIND SPEED    11.6


SKY COVER
  AVERAGE SKY COVER 0.0


WEATHER CONDITIONS
 THE FOLLOWING WEATHER WAS RECORDED YESTERDAY.
  NO SIGNIFICANT WEATHER WAS OBSERVED.


RELATIVE HUMIDITY (PERCENT)
 HIGHEST    69
 LOWEST     16
 AVERAGE    43

..........................................................


THE GOODLAND KS CLIMATE NORMALS FOR TODAY
                         NORMAL    RECORD    YEAR
 MAXIMUM TEMPERATURE (F)   64        88      2003
 MINIMUM TEMPERATURE (F)   35         8      1917


SUNRISE AND SUNSET
OCTOBER 23 2017.......SUNRISE   705 AM MDT   SUNSET   556 PM MDT
OCTOBER 24 2017.......SUNRISE   706 AM MDT   SUNSET   555 PM MDT


-  INDICATES NEGATIVE NUMBERS.
R  INDICATES RECORD WAS SET OR TIED.
MM INDICATES DATA IS MISSING.
T  INDICATES TRACE AMOUNT.

&&

THE AVERAGE SOIL TEMPERATURE AT THE FOUR INCH DEPTH... 54

$$
