000
CDUS44 KJAN 020637
CLIGLH


CLIMATE REPORT
NATIONAL WEATHER SERVICE JACKSON MS
134 AM CDT MON MAY 2 2016


...................................

...THE GREENVILLE CLIMATE SUMMARY FOR MAY 1 2016...

CLIMATE NORMAL PERIOD 1981 TO 2010
CLIMATE RECORD PERIOD 1920 TO 2016


WEATHER ITEM   OBSERVED TIME   RECORD YEAR NORMAL DEPARTURE LAST
                VALUE   (LST)  VALUE       VALUE  FROM      YEAR
                                                  NORMAL
..................................................................
TEMPERATURE (F)
 YESTERDAY
  MAXIMUM         84    356 PM  95    1987  79      5       75
  MINIMUM         66    337 AM  41    2014  58      8       52
  AVERAGE         75                        68      7       64

PRECIPITATION (IN)
  YESTERDAY        T             1.75 1957   0.17  -0.17     0.00
  MONTH TO DATE    T                         0.17  -0.17     0.00
  SINCE MAR 1     20.29                      9.53  10.76     8.89
  SINCE JAN 1     26.80                     19.52   7.28    15.34

SNOWFALL (IN)
  YESTERDAY        0.0

DEGREE DAYS
 HEATING
  YESTERDAY        0                         1     -1        1
  MONTH TO DATE    0                         1     -1        1
  SINCE MAR 1    238                       453   -215      375
  SINCE JUL 1   1918                      2762   -844     2862

 COOLING
  YESTERDAY       10                         4      6        0
  MONTH TO DATE   10                         4      6        0
  SINCE MAR 1    132                        85     47       98
  SINCE JAN 1    136                        90     46       98
..................................................................


WIND (MPH)
  HIGHEST WIND SPEED    15   HIGHEST WIND DIRECTION    SE (130)
  HIGHEST GUST SPEED    17   HIGHEST GUST DIRECTION    SE (120)
  AVERAGE WIND SPEED     4.4


SKY COVER
  POSSIBLE SUNSHINE  MM
  AVERAGE SKY COVER 0.5


WEATHER CONDITIONS
 THE FOLLOWING WEATHER WAS RECORDED YESTERDAY.
  LIGHT RAIN
  FOG


RELATIVE HUMIDITY (PERCENT)
 HIGHEST    93           200 AM
 LOWEST     65           300 PM
 AVERAGE    79

..........................................................


THE GREENVILLE CLIMATE NORMALS FOR TODAY
                         NORMAL    RECORD    YEAR
 MAXIMUM TEMPERATURE (F)   79        92      1943
 MINIMUM TEMPERATURE (F)   58        39      1925


SUNRISE AND SUNSET
MAY  2 2016...........SUNRISE   614 AM CDT   SUNSET   748 PM CDT
MAY  3 2016...........SUNRISE   613 AM CDT   SUNSET   749 PM CDT


-  INDICATES NEGATIVE NUMBERS.
R  INDICATES RECORD WAS SET OR TIED.
MM INDICATES DATA IS MISSING.
T  INDICATES TRACE AMOUNT.




$$
