000
CDUS44 KJAN 250826
CLIGLH


CLIMATE REPORT
NATIONAL WEATHER SERVICE JACKSON MS
316 AM CDT MON MAY 25 2015


...................................

...THE GREENVILLE CLIMATE SUMMARY FOR MAY 24 2015...

CLIMATE NORMAL PERIOD 1981 TO 2010
CLIMATE RECORD PERIOD 1920 TO 2015


WEATHER ITEM   OBSERVED TIME   RECORD YEAR NORMAL DEPARTURE LAST
                VALUE   (LST)  VALUE       VALUE  FROM      YEAR
                                                  NORMAL
..................................................................
TEMPERATURE (F)
 YESTERDAY
  MAXIMUM         86   1256 PM  94    2005  84      2       88
                                      1996
                                      1972
  MINIMUM         70    437 PM  46    1931  64      6       68
  AVERAGE         78                        74      4       78

PRECIPITATION (IN)
  YESTERDAY        0.35          2.63 1955   0.14   0.21     0.00
  MONTH TO DATE    3.13                      4.05  -0.92     1.69
  SINCE MAR 1     12.02                     13.41  -1.39    16.27
  SINCE JAN 1     18.47                     23.40  -4.93    20.57

SNOWFALL (IN)
  YESTERDAY        0.0

DEGREE DAYS
 HEATING
  YESTERDAY        0                         0      0        0
  MONTH TO DATE    8                        10     -2       32
  SINCE MAR 1    382                       462    -80      600
  SINCE JUL 1   2869                      2771     98     3207

 COOLING
  YESTERDAY       13                         9      4       13
  MONTH TO DATE  212                       165     47      160
  SINCE MAR 1    310                       246     64      234
  SINCE JAN 1    310                       251     59      234
..................................................................


WIND (MPH)
  HIGHEST WIND SPEED    39   HIGHEST WIND DIRECTION     S (180)
  HIGHEST GUST SPEED    50   HIGHEST GUST DIRECTION     S (180)
  AVERAGE WIND SPEED    13.1


SKY COVER
  POSSIBLE SUNSHINE  MM
  AVERAGE SKY COVER 0.4


WEATHER CONDITIONS
 THE FOLLOWING WEATHER WAS RECORDED YESTERDAY.
  THUNDERSTORM
  HEAVY RAIN
  RAIN
  LIGHT RAIN
  FOG


RELATIVE HUMIDITY (PERCENT)
 HIGHEST    93           700 PM
 LOWEST     61          1200 PM
 AVERAGE    77

..........................................................


THE GREENVILLE CLIMATE NORMALS FOR TODAY
                         NORMAL    RECORD    YEAR
 MAXIMUM TEMPERATURE (F)   84        94      1921
 MINIMUM TEMPERATURE (F)   65        49      1925


SUNRISE AND SUNSET
MAY 25 2015...........SUNRISE   558 AM CDT   SUNSET   804 PM CDT
MAY 26 2015...........SUNRISE   557 AM CDT   SUNSET   805 PM CDT


-  INDICATES NEGATIVE NUMBERS.
R  INDICATES RECORD WAS SET OR TIED.
MM INDICATES DATA IS MISSING.
T  INDICATES TRACE AMOUNT.




$$
