947
CDUS44 KJAN 250626
CLIGLH


CLIMATE REPORT
NATIONAL WEATHER SERVICE JACKSON MS
124 AM CDT SAT MAR 25 2017


...................................

...THE GREENVILLE CLIMATE SUMMARY FOR MARCH 24 2017...

CLIMATE NORMAL PERIOD 1981 TO 2010
CLIMATE RECORD PERIOD 1920 TO 2017


WEATHER ITEM   OBSERVED TIME   RECORD YEAR NORMAL DEPARTURE LAST
                VALUE   (LST)  VALUE       VALUE  FROM      YEAR
                                                  NORMAL
..................................................................
TEMPERATURE (F)
 YESTERDAY
  MAXIMUM         79    433 PM  91    1929  68     11       67
  MINIMUM         64    444 AM  28    1968  46     18       48
  AVERAGE         72                        57     15       58

PRECIPITATION (IN)
  YESTERDAY        0.00          3.03 1958   0.17  -0.17     0.51
  MONTH TO DATE    0.92                      3.28  -2.36    14.89
  SINCE MAR 1      0.92                      3.28  -2.36    14.89
  SINCE JAN 1      8.95                     13.27  -4.32    21.40

SNOWFALL (IN)
  YESTERDAY        0.0

DEGREE DAYS
 HEATING
  YESTERDAY        0                         9     -9        7
  MONTH TO DATE  229                       279    -50      152
  SINCE MAR 1    229                       279    -50      152
  SINCE JUL 1   1762                      2588   -826     1832

 COOLING
  YESTERDAY        7                         1      6        0
  MONTH TO DATE   24                        10     14       22
  SINCE MAR 1     24                        10     14       22
  SINCE JAN 1     53                        15     38       26
..................................................................


WIND (MPH)
  HIGHEST WIND SPEED    28   HIGHEST WIND DIRECTION     S (200)
  HIGHEST GUST SPEED    35   HIGHEST GUST DIRECTION     S (180)
  AVERAGE WIND SPEED    18.1


SKY COVER
  POSSIBLE SUNSHINE  MM
  AVERAGE SKY COVER 0.4


WEATHER CONDITIONS
 THE FOLLOWING WEATHER WAS RECORDED YESTERDAY.
  HAZE


RELATIVE HUMIDITY (PERCENT)
 HIGHEST    81           700 AM
 LOWEST     42           600 PM
 AVERAGE    62

..........................................................


THE GREENVILLE CLIMATE NORMALS FOR TODAY
                         NORMAL    RECORD    YEAR
 MAXIMUM TEMPERATURE (F)   68        87      1935
 MINIMUM TEMPERATURE (F)   46        27      1940


SUNRISE AND SUNSET
MARCH 25 2017.........SUNRISE   701 AM CDT   SUNSET   720 PM CDT
MARCH 26 2017.........SUNRISE   659 AM CDT   SUNSET   720 PM CDT


-  INDICATES NEGATIVE NUMBERS.
R  INDICATES RECORD WAS SET OR TIED.
MM INDICATES DATA IS MISSING.
T  INDICATES TRACE AMOUNT.




$$
