000
CDUS44 KJAN 102138
CLIGLH


CLIMATE REPORT
NATIONAL WEATHER SERVICE JACKSON MS
436 PM CDT THU JUL 10 2014


...................................

...THE GREENVILLE CLIMATE SUMMARY FOR JULY 10 2014...
VALID TODAY AS OF 0400 PM LOCAL TIME.

CLIMATE NORMAL PERIOD 1981 TO 2010
CLIMATE RECORD PERIOD 1920 TO 2014


WEATHER ITEM   OBSERVED TIME   RECORD YEAR NORMAL DEPARTURE LAST
                VALUE   (LST)  VALUE       VALUE  FROM      YEAR
                                                  NORMAL
..................................................................
TEMPERATURE (F)
 TODAY
  MAXIMUM         90    246 PM 102    1930  92     -2       96
  MINIMUM         73    505 AM  61    1961  72      1       76
  AVERAGE         82                        82      0       86

PRECIPITATION (IN)
  TODAY            0.00          0.61 1988   0.14  -0.14     0.00
  MONTH TO DATE    0.00                      1.49  -1.49     0.00
  SINCE JUN 1      6.37                      5.53   0.84     1.25
  SINCE JAN 1     30.50                     29.79   0.71    26.21

SNOWFALL (IN)
  TODAY            0.0

DEGREE DAYS
 HEATING
  TODAY            0                         0      0        0
  MONTH TO DATE    0                         0      0        0
  SINCE JUN 1      0                         0      0        0
  SINCE JUL 1      0                         0      0        0

 COOLING
  TODAY           17                        17      0       21
  MONTH TO DATE  139                       168    -29      147
  SINCE JUN 1    601                       588     13      606
  SINCE JAN 1    916                       910      6      889
..................................................................


WIND (MPH)
  HIGHEST WIND SPEED     8   HIGHEST WIND DIRECTION     W (250)
  HIGHEST GUST SPEED    10   HIGHEST GUST DIRECTION     W (250)
  AVERAGE WIND SPEED     2.8


SKY COVER
  POSSIBLE SUNSHINE  MM
  AVERAGE SKY COVER 0.4


WEATHER CONDITIONS
 THE FOLLOWING WEATHER WAS RECORDED TODAY.
  NO SIGNIFICANT WEATHER WAS OBSERVED.


RELATIVE HUMIDITY (PERCENT)
 HIGHEST    93           200 AM
 LOWEST     55           200 PM
 AVERAGE    74

..........................................................


THE GREENVILLE CLIMATE NORMALS FOR TOMORROW
                         NORMAL    RECORD    YEAR
 MAXIMUM TEMPERATURE (F)   92       106      1930
 MINIMUM TEMPERATURE (F)   72        60      1963
                                             1947


SUNRISE AND SUNSET
JULY 10 2014..........SUNRISE   602 AM CDT   SUNSET   816 PM CDT
JULY 11 2014..........SUNRISE   603 AM CDT   SUNSET   816 PM CDT


-  INDICATES NEGATIVE NUMBERS.
R  INDICATES RECORD WAS SET OR TIED.
MM INDICATES DATA IS MISSING.
T  INDICATES TRACE AMOUNT.




$$
