000
CDUS44 KJAN 250628
CLIGLH


CLIMATE REPORT
NATIONAL WEATHER SERVICE JACKSON MS
126 AM CDT THU MAY 25 2017


...................................

...THE GREENVILLE CLIMATE SUMMARY FOR MAY 24 2017...

CLIMATE NORMAL PERIOD 1981 TO 2010
CLIMATE RECORD PERIOD 1903 TO 2017


WEATHER ITEM   OBSERVED TIME   RECORD YEAR NORMAL DEPARTURE LAST
                VALUE   (LST)  VALUE       VALUE  FROM      YEAR
                                                  NORMAL
..................................................................
TEMPERATURE (F)
 YESTERDAY
  MAXIMUM         71    409 PM  94    2005  84    -13       90
                                      1996
                                      1972
  MINIMUM         54   1038 PM  46    1931  64    -10       63
  AVERAGE         63                        74    -11       77

PRECIPITATION (IN)
  YESTERDAY        0.23          2.63 1955   0.14   0.09      T
  MONTH TO DATE    1.12                      4.05  -2.93     0.26
  SINCE MAR 1      7.78                     13.41  -5.63    20.55
  SINCE JAN 1     15.81                     23.40  -7.59    27.06

SNOWFALL (IN)
  YESTERDAY        0.0

DEGREE DAYS
 HEATING
  YESTERDAY        2                         0      2        0
  MONTH TO DATE   19                        10      9        7
  SINCE MAR 1    296                       462   -166      245
  SINCE JUL 1   1829                      2771   -942     1925

 COOLING
  YESTERDAY        0                         9     -9       12
  MONTH TO DATE  139                       165    -26      121
  SINCE MAR 1    305                       246     59      243
  SINCE JAN 1    334                       251     83      247
..................................................................


WIND (MPH)
  HIGHEST WIND SPEED    24   HIGHEST WIND DIRECTION    NW (330)
  HIGHEST GUST SPEED    31   HIGHEST GUST DIRECTION    NW (330)
  AVERAGE WIND SPEED    11.0


SKY COVER
  POSSIBLE SUNSHINE  MM
  AVERAGE SKY COVER 0.4


WEATHER CONDITIONS
 THE FOLLOWING WEATHER WAS RECORDED YESTERDAY.
  THUNDERSTORM
  HEAVY RAIN
  RAIN
  LIGHT RAIN
  FOG


RELATIVE HUMIDITY (PERCENT)
 HIGHEST    84           700 AM
 LOWEST     45           600 PM
 AVERAGE    65

..........................................................


THE GREENVILLE CLIMATE NORMALS FOR TODAY
                         NORMAL    RECORD    YEAR
 MAXIMUM TEMPERATURE (F)   84        95      1911
 MINIMUM TEMPERATURE (F)   65        49      1925


SUNRISE AND SUNSET
MAY 25 2017...........SUNRISE   558 AM CDT   SUNSET   805 PM CDT
MAY 26 2017...........SUNRISE   557 AM CDT   SUNSET   805 PM CDT


-  INDICATES NEGATIVE NUMBERS.
R  INDICATES RECORD WAS SET OR TIED.
MM INDICATES DATA IS MISSING.
T  INDICATES TRACE AMOUNT.




$$
