000
CDUS44 KJAN 230753
CLIGLH


CLIMATE REPORT
NATIONAL WEATHER SERVICE JACKSON MS
252 AM CDT WED JUL 23 2014


...................................

...THE GREENVILLE CLIMATE SUMMARY FOR JULY 22 2014...

CLIMATE NORMAL PERIOD 1981 TO 2010
CLIMATE RECORD PERIOD 1920 TO 2014


WEATHER ITEM   OBSERVED TIME   RECORD YEAR NORMAL DEPARTURE LAST
                VALUE   (LST)  VALUE       VALUE  FROM      YEAR
                                                  NORMAL
..................................................................
TEMPERATURE (F)
 YESTERDAY
  MAXIMUM         91    356 PM 103    1924  92     -1       93
  MINIMUM         68    553 AM  57    1947  72     -4       77
  AVERAGE         80                        82     -2       85

PRECIPITATION (IN)
  YESTERDAY        0.00          1.30 1958   0.10  -0.10      T
  MONTH TO DATE    5.15                      2.95   2.20     1.43
  SINCE JUN 1     11.52                      6.99   4.53     2.68
  SINCE JAN 1     35.65                     31.25   4.40    27.64

SNOWFALL (IN)
  YESTERDAY        0.0

DEGREE DAYS
 HEATING
  YESTERDAY        0                         0      0        0
  MONTH TO DATE    0                         0      0        0
  SINCE JUN 1      0                         0      0        0
  SINCE JUL 1      0                         0      0        0

 COOLING
  YESTERDAY       15                        17     -2       20
  MONTH TO DATE  282                       372    -90      342
  SINCE JUN 1    744                       792    -48      801
  SINCE JAN 1   1059                      1114    -55     1084
..................................................................


WIND (MPH)
  HIGHEST WIND SPEED    10   HIGHEST WIND DIRECTION    NW (330)
  HIGHEST GUST SPEED    13   HIGHEST GUST DIRECTION    NW (330)
  AVERAGE WIND SPEED     3.5


SKY COVER
  POSSIBLE SUNSHINE  MM
  AVERAGE SKY COVER 0.1


WEATHER CONDITIONS
 THE FOLLOWING WEATHER WAS RECORDED YESTERDAY.
  FOG


RELATIVE HUMIDITY (PERCENT)
 HIGHEST   100           100 AM
 LOWEST     52           100 PM
 AVERAGE    76

..........................................................


THE GREENVILLE CLIMATE NORMALS FOR TODAY
                         NORMAL    RECORD    YEAR
 MAXIMUM TEMPERATURE (F)   92       105      1924
 MINIMUM TEMPERATURE (F)   72        53      1947


SUNRISE AND SUNSET
JULY 23 2014..........SUNRISE   610 AM CDT   SUNSET   810 PM CDT
JULY 24 2014..........SUNRISE   611 AM CDT   SUNSET   810 PM CDT


-  INDICATES NEGATIVE NUMBERS.
R  INDICATES RECORD WAS SET OR TIED.
MM INDICATES DATA IS MISSING.
T  INDICATES TRACE AMOUNT.




$$
