000
CDUS44 KJAN 300939
CLIGLH


CLIMATE REPORT
NATIONAL WEATHER SERVICE JACKSON MS
334 AM CST FRI JAN 30 2015


...................................

...THE GREENVILLE CLIMATE SUMMARY FOR JANUARY 29 2015...

CLIMATE NORMAL PERIOD 1981 TO 2010
CLIMATE RECORD PERIOD 1920 TO 2015


WEATHER ITEM   OBSERVED TIME   RECORD YEAR NORMAL DEPARTURE LAST
                VALUE   (LST)  VALUE       VALUE  FROM      YEAR
                                                  NORMAL
..................................................................
TEMPERATURE (F)
 YESTERDAY
  MAXIMUM         71    311 PM  82    1950  53     18       36
  MINIMUM         43   1159 PM   8    2014  33     10        8
  AVERAGE         57                        43     14       22

PRECIPITATION (IN)
  YESTERDAY        0.00          3.75 1999   0.18  -0.18     0.00
  MONTH TO DATE    2.59                      4.61  -2.02     0.84
  SINCE DEC 1      6.70                     10.23  -3.53     5.37
  SINCE JAN 1      2.59                      4.61  -2.02     0.84

SNOWFALL (IN)
  YESTERDAY        0.0

DEGREE DAYS
 HEATING
  YESTERDAY        8                        22    -14       43
  MONTH TO DATE  660                       662     -2      770
  SINCE DEC 1   1187                      1284    -97     1412
  SINCE JUL 1   1727                      1746    -19     1946

 COOLING
  YESTERDAY        0                         0      0        0
  MONTH TO DATE    0                         0      0        0
  SINCE DEC 1      0                         3     -3        9
  SINCE JAN 1      0                         0      0        0
..................................................................


WIND (MPH)
  HIGHEST WIND SPEED    29   HIGHEST WIND DIRECTION     N (10)
  HIGHEST GUST SPEED    36   HIGHEST GUST DIRECTION     N (10)
  AVERAGE WIND SPEED    16.1


SKY COVER
  POSSIBLE SUNSHINE  MM
  AVERAGE SKY COVER 0.1


WEATHER CONDITIONS
 THE FOLLOWING WEATHER WAS RECORDED YESTERDAY.
  NO SIGNIFICANT WEATHER WAS OBSERVED.


RELATIVE HUMIDITY (PERCENT)
 HIGHEST    83           800 AM
 LOWEST     44           500 PM
 AVERAGE    64

..........................................................


THE GREENVILLE CLIMATE NORMALS FOR TODAY
                         NORMAL    RECORD    YEAR
 MAXIMUM TEMPERATURE (F)   53        79      1950
 MINIMUM TEMPERATURE (F)   33         6      1966


SUNRISE AND SUNSET
JANUARY 30 2015.......SUNRISE   701 AM CST   SUNSET   533 PM CST
JANUARY 31 2015.......SUNRISE   701 AM CST   SUNSET   534 PM CST


-  INDICATES NEGATIVE NUMBERS.
R  INDICATES RECORD WAS SET OR TIED.
MM INDICATES DATA IS MISSING.
T  INDICATES TRACE AMOUNT.




$$
