241
CDUS44 KJAN 102210
CLIGLH


CLIMATE REPORT
NATIONAL WEATHER SERVICE JACKSON MS
409 PM CST WED FEB 10 2016


...................................

...THE GREENVILLE CLIMATE SUMMARY FOR FEBRUARY 10 2016...
VALID TODAY AS OF 0400 PM LOCAL TIME.

CLIMATE NORMAL PERIOD 1981 TO 2010
CLIMATE RECORD PERIOD 1920 TO 2016


WEATHER ITEM   OBSERVED TIME   RECORD YEAR NORMAL DEPARTURE LAST
                VALUE   (LST)  VALUE       VALUE  FROM      YEAR
                                                  NORMAL
..................................................................
TEMPERATURE (F)
 TODAY
  MAXIMUM         50    359 PM  83    1954  56     -6       53
                                      1932
  MINIMUM         24    326 AM  13    2011  35    -11       31
  AVERAGE         37                        45     -8       42

PRECIPITATION (IN)
  TODAY            0.00          6.48 1966   0.19  -0.19     0.00
  MONTH TO DATE    1.43                      2.06  -0.63     0.17
  SINCE DEC 1      8.31                     12.65  -4.34     7.65
  SINCE JAN 1      4.50                      7.03  -2.53     3.54

SNOWFALL (IN)
  TODAY            0.0

DEGREE DAYS
 HEATING
  TODAY           28                        20      8       23
  MONTH TO DATE  184                       210    -26      209
  SINCE DEC 1   1191                      1537   -346     1438
  SINCE JUL 1   1441                      1999   -558     1978

 COOLING
  TODAY            0                         0      0        0
  MONTH TO DATE    2                         0      2        0
  SINCE DEC 1     37                         4     33        0
  SINCE JAN 1      2                         1      1        0
..................................................................


WIND (MPH)
  HIGHEST WIND SPEED    14   HIGHEST WIND DIRECTION    SW (230)
  HIGHEST GUST SPEED    18   HIGHEST GUST DIRECTION    SW (240)
  AVERAGE WIND SPEED     6.0


SKY COVER
  POSSIBLE SUNSHINE  MM
  AVERAGE SKY COVER 0.0


WEATHER CONDITIONS
 THE FOLLOWING WEATHER WAS RECORDED TODAY.
  NO SIGNIFICANT WEATHER WAS OBSERVED.


RELATIVE HUMIDITY (PERCENT)
 HIGHEST    68          1200 AM
 LOWEST     27           100 PM
 AVERAGE    48

..........................................................


THE GREENVILLE CLIMATE NORMALS FOR TOMORROW
                         NORMAL    RECORD    YEAR
 MAXIMUM TEMPERATURE (F)   56        80      1922
 MINIMUM TEMPERATURE (F)   35        10      2011


SUNRISE AND SUNSET
FEBRUARY 10 2016......SUNRISE   653 AM CST   SUNSET   544 PM CST
FEBRUARY 11 2016......SUNRISE   652 AM CST   SUNSET   544 PM CST


-  INDICATES NEGATIVE NUMBERS.
R  INDICATES RECORD WAS SET OR TIED.
MM INDICATES DATA IS MISSING.
T  INDICATES TRACE AMOUNT.




$$
