000
CDUS44 KJAN 202207
CLIGLH


CLIMATE REPORT
NATIONAL WEATHER SERVICE JACKSON MS
506 PM CDT THU JUL 20 2017


...................................

...THE GREENVILLE CLIMATE SUMMARY FOR JULY 20 2017...
VALID AS OF 0500 PM LOCAL TIME.

CLIMATE NORMAL PERIOD 1981 TO 2010
CLIMATE RECORD PERIOD 1903 TO 2017


WEATHER ITEM   OBSERVED TIME   RECORD YEAR NORMAL DEPARTURE LAST
                VALUE   (LST)  VALUE       VALUE  FROM      YEAR
                                                  NORMAL
..................................................................
TEMPERATURE (F)
 TODAY
  MAXIMUM         96    249 PM 104    1986  92      4
  MINIMUM         73    452 AM  59    1918  72      1
  AVERAGE         85                        82      3       87

PRECIPITATION (IN)
  TODAY            0.00          1.37 1938   0.12  -0.12     0.00
  MONTH TO DATE    1.66                      2.74  -1.08     1.92
  SINCE JUN 1      6.14                      6.78  -0.64     3.17
  SINCE JAN 1     22.52                     31.04  -8.52    31.70

DEGREE DAYS
 HEATING
  TODAY            0                         0      0        0
  MONTH TO DATE    0                         0      0        0
  SINCE JUN 1      0                         0      0        0
  SINCE JUL 1      0                         0      0        0

 COOLING
  TODAY           20                        17      3       22
  MONTH TO DATE  331                       338     -7      386
  SINCE JUN 1    697                       758    -61      886
  SINCE JAN 1   1094                      1080     14     1228
..................................................................


WIND (MPH)
  HIGHEST WIND SPEED     9   HIGHEST WIND DIRECTION     W (280)
  HIGHEST GUST SPEED    16   HIGHEST GUST DIRECTION    NW (320)
  AVERAGE WIND SPEED     2.3


SKY COVER
  POSSIBLE SUNSHINE  MM
  AVERAGE SKY COVER 0.1


WEATHER CONDITIONS
 THE FOLLOWING WEATHER WAS RECORDED TODAY.
  FOG


RELATIVE HUMIDITY (PERCENT)
 HIGHEST    94          1200 AM
 LOWEST     46           200 PM
 AVERAGE    70

..........................................................


THE GREENVILLE CLIMATE NORMALS FOR TOMORROW
                         NORMAL    RECORD    YEAR
 MAXIMUM TEMPERATURE (F)   92       101      2008
                                             1924
 MINIMUM TEMPERATURE (F)   72        63      1970


SUNRISE AND SUNSET
JULY 20 2017..........SUNRISE   608 AM CDT   SUNSET   812 PM CDT
JULY 21 2017..........SUNRISE   609 AM CDT   SUNSET   811 PM CDT


-  INDICATES NEGATIVE NUMBERS.
R  INDICATES RECORD WAS SET OR TIED.
MM INDICATES DATA IS MISSING.
T  INDICATES TRACE AMOUNT.




$$
