000
CDUS44 KJAN 260643
CLIGLH


CLIMATE REPORT
NATIONAL WEATHER SERVICE JACKSON MS
141 AM CDT TUE SEP 26 2017


...................................

...THE GREENVILLE CLIMATE SUMMARY FOR SEPTEMBER 25 2017...

CLIMATE NORMAL PERIOD 1981 TO 2010
CLIMATE RECORD PERIOD 1903 TO 2017


WEATHER ITEM   OBSERVED TIME   RECORD YEAR NORMAL DEPARTURE LAST
                VALUE   (LST)  VALUE       VALUE  FROM      YEAR
                                                  NORMAL
..................................................................
TEMPERATURE (F)
 YESTERDAY
  MAXIMUM         90    151 PM  98    1931  84      6       96
  MINIMUM         64    601 AM  43    2001  59      5       75
                                      1965
  AVERAGE         77                        72      5       86

PRECIPITATION (IN)
  YESTERDAY        0.00          3.12 2005   0.10  -0.10     0.48
  MONTH TO DATE    1.72                      2.51  -0.79     0.68
  SINCE SEP 1      1.72                      2.51  -0.79     0.68
  SINCE JAN 1     30.91                     37.07  -6.16    42.57

SNOWFALL (IN)
  YESTERDAY        0.0

DEGREE DAYS
 HEATING
  YESTERDAY        0                         0      0        0
  MONTH TO DATE    3                         0      3        0
  SINCE SEP 1      3                         0      3        0
  SINCE JUL 1      3                         0      3        0

 COOLING
  YESTERDAY       12                         7      5       21
  MONTH TO DATE  253                       271    -18      431
  SINCE SEP 1    253                       271    -18      431
  SINCE JAN 1   1996                      2050    -54     2443
..................................................................


WIND (MPH)
  HIGHEST WIND SPEED    13   HIGHEST WIND DIRECTION     E (70)
  HIGHEST GUST SPEED    17   HIGHEST GUST DIRECTION     E (100)
  AVERAGE WIND SPEED     3.0


SKY COVER
  POSSIBLE SUNSHINE  MM
  AVERAGE SKY COVER 0.1


WEATHER CONDITIONS
 THE FOLLOWING WEATHER WAS RECORDED YESTERDAY.
  NO SIGNIFICANT WEATHER WAS OBSERVED.


RELATIVE HUMIDITY (PERCENT)
 HIGHEST    93           300 AM
 LOWEST     41           200 PM
 AVERAGE    67

..........................................................


THE GREENVILLE CLIMATE NORMALS FOR TODAY
                         NORMAL    RECORD    YEAR
 MAXIMUM TEMPERATURE (F)   83        96      1986
 MINIMUM TEMPERATURE (F)   59        41      2001


SUNRISE AND SUNSET
SEPTEMBER 26 2017.....SUNRISE   655 AM CDT   SUNSET   655 PM CDT
SEPTEMBER 27 2017.....SUNRISE   656 AM CDT   SUNSET   653 PM CDT


-  INDICATES NEGATIVE NUMBERS.
R  INDICATES RECORD WAS SET OR TIED.
MM INDICATES DATA IS MISSING.
T  INDICATES TRACE AMOUNT.




$$
