000
CDUS44 KJAN 152113
CLIGLH


CLIMATE REPORT
NATIONAL WEATHER SERVICE JACKSON MS
412 PM CDT MON SEP 15 2014


...................................

...THE GREENVILLE CLIMATE SUMMARY FOR SEPTEMBER 15 2014...
VALID TODAY AS OF 0400 PM LOCAL TIME.

CLIMATE NORMAL PERIOD 1981 TO 2010
CLIMATE RECORD PERIOD 1920 TO 2014


WEATHER ITEM   OBSERVED TIME   RECORD YEAR NORMAL DEPARTURE LAST
                VALUE   (LST)  VALUE       VALUE  FROM      YEAR
                                                  NORMAL
..................................................................
TEMPERATURE (F)
 TODAY
  MAXIMUM         86    259 PM 100    1980  87     -1       92
  MINIMUM         63    515 AM  51    2013  63      0       51
  AVERAGE         75                        75      0       72

PRECIPITATION (IN)
  TODAY            0.00          1.68 2009   0.12  -0.12     0.00
  MONTH TO DATE    0.77                      1.58  -0.81     2.56
  SINCE SEP 1      0.77                      1.58  -0.81     2.56
  SINCE JAN 1     40.49                     36.14   4.35    31.54

SNOWFALL (IN)
  TODAY            0.0

DEGREE DAYS
 HEATING
  TODAY            0                         0      0        0
  MONTH TO DATE    0                         0      0        0
  SINCE SEP 1      0                         0      0        0
  SINCE JUL 1      0                         0      0        0

 COOLING
  TODAY           10                        10      0        7
  MONTH TO DATE  211                       186     25      234
  SINCE SEP 1    211                       186     25      234
  SINCE JAN 1   1878                      1965    -87     1961
..................................................................


WIND (MPH)
  HIGHEST WIND SPEED    12   HIGHEST WIND DIRECTION     N (340)
  HIGHEST GUST SPEED    14   HIGHEST GUST DIRECTION    NE (30)
  AVERAGE WIND SPEED     3.8


SKY COVER
  POSSIBLE SUNSHINE  MM
  AVERAGE SKY COVER 0.1


WEATHER CONDITIONS
 THE FOLLOWING WEATHER WAS RECORDED TODAY.
  NO SIGNIFICANT WEATHER WAS OBSERVED.


RELATIVE HUMIDITY (PERCENT)
 HIGHEST    93           500 AM
 LOWEST     45           300 PM
 AVERAGE    69

..........................................................


THE GREENVILLE CLIMATE NORMALS FOR TOMORROW
                         NORMAL    RECORD    YEAR
 MAXIMUM TEMPERATURE (F)   87       101      1980
 MINIMUM TEMPERATURE (F)   63        47      1961


SUNRISE AND SUNSET
SEPTEMBER 15 2014.....SUNRISE   647 AM CDT   SUNSET   710 PM CDT
SEPTEMBER 16 2014.....SUNRISE   648 AM CDT   SUNSET   709 PM CDT


-  INDICATES NEGATIVE NUMBERS.
R  INDICATES RECORD WAS SET OR TIED.
MM INDICATES DATA IS MISSING.
T  INDICATES TRACE AMOUNT.




$$
