000
CDUS44 KJAN 310720
CLIGLH


CLIMATE REPORT
NATIONAL WEATHER SERVICE JACKSON MS
218 AM CDT FRI OCT 31 2014


...................................

...THE GREENVILLE CLIMATE SUMMARY FOR OCTOBER 30 2014...

CLIMATE NORMAL PERIOD 1981 TO 2010
CLIMATE RECORD PERIOD 1920 TO 2014


WEATHER ITEM   OBSERVED TIME   RECORD YEAR NORMAL DEPARTURE LAST
                VALUE   (LST)  VALUE       VALUE  FROM      YEAR
                                                  NORMAL
..................................................................
TEMPERATURE (F)
 YESTERDAY
  MAXIMUM         74    303 PM  90    1937  72      2       77
  MINIMUM         44    602 AM  31    2011  48     -4       64
  AVERAGE         59                        60     -1       71

PRECIPITATION (IN)
  YESTERDAY        0.00          2.12 2009   0.11  -0.11     0.04
  MONTH TO DATE    6.04                      4.23   1.81     5.76
  SINCE SEP 1      6.81                      7.31  -0.50    13.49
  SINCE JAN 1     46.53                     41.87   4.66    42.47

SNOWFALL (IN)
  YESTERDAY        0.0

DEGREE DAYS
 HEATING
  YESTERDAY        6                         7     -1        0
  MONTH TO DATE   57                       101    -44       91
  SINCE SEP 1     57                       107    -50       91
  SINCE JUL 1     57                       107    -50       91

 COOLING
  YESTERDAY        0                         2     -2        6
  MONTH TO DATE  126                        93     33      116
  SINCE SEP 1    507                       394    113      508
  SINCE JAN 1   2174                      2173      1     2235
..................................................................


WIND (MPH)
  HIGHEST WIND SPEED     8   HIGHEST WIND DIRECTION    SW (240)
  HIGHEST GUST SPEED    11   HIGHEST GUST DIRECTION     W (280)
  AVERAGE WIND SPEED     2.6


SKY COVER
  POSSIBLE SUNSHINE  MM
  AVERAGE SKY COVER 0.1


WEATHER CONDITIONS
 THE FOLLOWING WEATHER WAS RECORDED YESTERDAY.
  FOG
  HAZE


RELATIVE HUMIDITY (PERCENT)
 HIGHEST   100           500 AM
 LOWEST     34           300 PM
 AVERAGE    67

..........................................................


THE GREENVILLE CLIMATE NORMALS FOR TODAY
                         NORMAL    RECORD    YEAR
 MAXIMUM TEMPERATURE (F)   71        91      1937
 MINIMUM TEMPERATURE (F)   48        27      1993


SUNRISE AND SUNSET
OCTOBER 31 2014.......SUNRISE   722 AM CDT   SUNSET   613 PM CDT
NOVEMBER  1 2014......SUNRISE   723 AM CDT   SUNSET   612 PM CDT


-  INDICATES NEGATIVE NUMBERS.
R  INDICATES RECORD WAS SET OR TIED.
MM INDICATES DATA IS MISSING.
T  INDICATES TRACE AMOUNT.




$$
