000
CDUS44 KHGX 232122
CLIGLS


CLIMATE REPORT
NATIONAL WEATHER SERVICE HOUSTON/GALVESTON TX
421 PM CDT WED JUL 23 2014


...................................

...THE GALVESTON CLIMATE SUMMARY FOR JULY 23 2014...
VALID TODAY AS OF 400 PM LOCAL TIME.

CLIMATE NORMAL PERIOD 1981 TO 2010
CLIMATE RECORD PERIOD 1875 TO 2014


WEATHER ITEM   OBSERVED TIME   RECORD YEAR NORMAL DEPARTURE LAST
                VALUE   (LST)  VALUE       VALUE  FROM      YEAR
                                                  NORMAL
..................................................................
TEMPERATURE (F)
 TODAY
  MAXIMUM         91   1157 AM  95    1984  90      1       91
                                      1875
  MINIMUM         79    737 AM  69    1904  80     -1       83
                                      1880
  AVERAGE         85                        85      0       87

PRECIPITATION (IN)
  TODAY            T             3.94 1933   0.10  -0.10     0.00
  MONTH TO DATE    0.99                      3.10  -2.11     2.40
  SINCE JUN 1      2.52                      8.79  -6.27     5.66
  SINCE JAN 1     11.21                     26.09 -14.88    20.38

SNOWFALL (IN)
  TODAY            0.0          MM      MM  MM     MM        0.0
  MONTH TO DATE    0.0                      MM     MM        0.0
  SINCE JUN 1      0.0                      MM     MM        0.0
  SINCE JUL 1      0.0                      MM     MM        0.0
  SNOW DEPTH       0

DEGREE DAYS
 HEATING
  TODAY            0                         0      0        0
  MONTH TO DATE    0                         0      0        0
  SINCE JUN 1      0                         0      0        0
  SINCE JUL 1      0                         0      0        0

 COOLING
  TODAY           20                        20      0       22
  MONTH TO DATE  450                       444      6      458
  SINCE JUN 1   1008                       979     29     1052
  SINCE JAN 1   1516                      1614    -98     1603
..................................................................


WIND (MPH)
  RESULTANT WIND SPEED   2   RESULTANT WIND DIRECTION  SW (220)
  HIGHEST WIND SPEED    15   HIGHEST WIND DIRECTION     S (160)
  HIGHEST GUST SPEED    17   HIGHEST GUST DIRECTION     S (160)
  AVERAGE WIND SPEED     6.7


SKY COVER
  AVERAGE SKY COVER 0.5


WEATHER CONDITIONS
 THE FOLLOWING WEATHER WAS RECORDED TODAY.
  THUNDERSTORM
  LIGHT RAIN


RELATIVE HUMIDITY (PERCENT)
 HIGHEST    88          1200 AM
 LOWEST     64          1200 PM
 AVERAGE    76

..........................................................


THE GALVESTON CLIMATE NORMALS FOR TOMORROW
                         NORMAL    RECORD    YEAR
 MAXIMUM TEMPERATURE (F)   90        95      1943
                                             1876
 MINIMUM TEMPERATURE (F)   80        68      1929
                                             1904


SUNRISE AND SUNSET
JULY 23 2014..........SUNRISE   635 AM CDT   SUNSET   817 PM CDT
JULY 24 2014..........SUNRISE   635 AM CDT   SUNSET   816 PM CDT


-  INDICATES NEGATIVE NUMBERS.
R  INDICATES RECORD WAS SET OR TIED.
MM INDICATES DATA IS MISSING.
T  INDICATES TRACE AMOUNT.




$$
