000
CDUS44 KHGX 170738
CLIGLS


CLIMATE REPORT
NATIONAL WEATHER SERVICE HOUSTON/GALVESTON TX
238 AM CDT WED SEP 17 2014


...................................

...THE GALVESTON CLIMATE SUMMARY FOR SEPTEMBER 16 2014...

CLIMATE NORMAL PERIOD 1981 TO 2010
CLIMATE RECORD PERIOD 1875 TO 2014


WEATHER ITEM   OBSERVED TIME   RECORD YEAR NORMAL DEPARTURE LAST
                VALUE   (LST)  VALUE       VALUE  FROM      YEAR
                                                  NORMAL
..................................................................
TEMPERATURE (F)
 YESTERDAY
  MAXIMUM         87   1141 AM  96    2004  88     -1       90
  MINIMUM         77    716 PM  62    1979  76      1       82
  AVERAGE         82                        82      0       86

PRECIPITATION (IN)
  YESTERDAY        0.67          6.48 1875   0.18   0.49     0.00
  MONTH TO DATE    2.01                      3.72  -1.71     0.75
  SINCE SEP 1      2.01                      3.72  -1.71     0.75
  SINCE JAN 1     18.26                     34.90 -16.64    24.98

SNOWFALL (IN)
  YESTERDAY        0.0          MM      MM  MM     MM        0.0
  MONTH TO DATE    0.0                      MM     MM        0.0
  SINCE SEP 1      0.0                      MM     MM        0.0
  SINCE JUL 1      0.0                      MM     MM        0.0
  SNOW DEPTH       0

DEGREE DAYS
 HEATING
  YESTERDAY        0                         0      0        0
  MONTH TO DATE    0                         0      0        0
  SINCE SEP 1      0                         0      0        0
  SINCE JUL 1      0                         0      0        0

 COOLING
  YESTERDAY       17                        17      0       21
  MONTH TO DATE  298                       289      9      309
  SINCE SEP 1    298                       289      9      309
  SINCE JAN 1   2625                      2683    -58     2703
..................................................................


WIND (MPH)
  RESULTANT WIND SPEED   5   RESULTANT WIND DIRECTION  SE (130)
  HIGHEST WIND SPEED    15   HIGHEST WIND DIRECTION    NE (30)
  HIGHEST GUST SPEED    18   HIGHEST GUST DIRECTION     S (180)
  AVERAGE WIND SPEED     6.3


SKY COVER
  AVERAGE SKY COVER 0.6


WEATHER CONDITIONS
 THE FOLLOWING WEATHER WAS RECORDED YESTERDAY.
  THUNDERSTORM
  HEAVY RAIN
  RAIN
  LIGHT RAIN
  FOG


RELATIVE HUMIDITY (PERCENT)
 HIGHEST    97
 LOWEST     74
 AVERAGE    86

..........................................................


THE GALVESTON CLIMATE NORMALS FOR TODAY
                         NORMAL    RECORD    YEAR
 MAXIMUM TEMPERATURE (F)   87        95      2004
 MINIMUM TEMPERATURE (F)   76        60      1903


SUNRISE AND SUNSET
SEPTEMBER 17 2014.....SUNRISE   705 AM CDT   SUNSET   722 PM CDT
SEPTEMBER 18 2014.....SUNRISE   706 AM CDT   SUNSET   721 PM CDT


-  INDICATES NEGATIVE NUMBERS.
R  INDICATES RECORD WAS SET OR TIED.
MM INDICATES DATA IS MISSING.
T  INDICATES TRACE AMOUNT.




$$
