000
CDUS44 KHGX 040717
CLIGLS


CLIMATE REPORT
NATIONAL WEATHER SERVICE HOUSTON/GALVESTON TX
216 AM CDT TUE AUG 4 2015


...................................

...THE GALVESTON CLIMATE SUMMARY FOR AUGUST 3 2015...

CLIMATE NORMAL PERIOD 1981 TO 2010
CLIMATE RECORD PERIOD 1875 TO 2015


WEATHER ITEM   OBSERVED TIME   RECORD YEAR NORMAL DEPARTURE LAST
                VALUE   (LST)  VALUE       VALUE  FROM      YEAR
                                                  NORMAL
..................................................................
TEMPERATURE (F)
 YESTERDAY
  MAXIMUM         93    311 PM  95    2004  90      3       89
                                      1877
  MINIMUM         82    606 AM  69    1949  80      2       76
  AVERAGE         88                        85      3       83

PRECIPITATION (IN)
  YESTERDAY        0.00          2.93 1900   0.10  -0.10      T
  MONTH TO DATE    0.00                      0.31  -0.31     0.09
  SINCE JUN 1      2.98                      9.80  -6.82     2.70
  SINCE JAN 1     25.16                     27.10  -1.94    11.39

SNOWFALL (IN)
  YESTERDAY        0.0          MM      MM  MM     MM        0.0
  MONTH TO DATE    0.0                      MM     MM        0.0
  SINCE JUN 1      0.0                      MM     MM        0.0
  SINCE JUL 1      0.0                      MM     MM        0.0
  SNOW DEPTH       0

DEGREE DAYS
 HEATING
  YESTERDAY        0                         0      0        0
  MONTH TO DATE    0                         0      0        0
  SINCE JUN 1      0                         0      0        0
  SINCE JUL 1      0                         0      0        0

 COOLING
  YESTERDAY       23                        20      3       18
  MONTH TO DATE   69                        60      9       51
  SINCE JUN 1   1297                      1199     98     1229
  SINCE JAN 1   1999                      1834    165     1737
..................................................................


WIND (MPH)
  RESULTANT WIND SPEED   4   RESULTANT WIND DIRECTION   S (190)
  HIGHEST WIND SPEED    17   HIGHEST WIND DIRECTION     S (160)
  HIGHEST GUST SPEED    22   HIGHEST GUST DIRECTION     S (170)
  AVERAGE WIND SPEED     8.1


SKY COVER
  AVERAGE SKY COVER 0.1


WEATHER CONDITIONS
 THE FOLLOWING WEATHER WAS RECORDED YESTERDAY.
  NO SIGNIFICANT WEATHER WAS OBSERVED.


RELATIVE HUMIDITY (PERCENT)
 HIGHEST    79
 LOWEST     49
 AVERAGE    64

..........................................................


THE GALVESTON CLIMATE NORMALS FOR TODAY
                         NORMAL    RECORD    YEAR
 MAXIMUM TEMPERATURE (F)   90        97      1897
 MINIMUM TEMPERATURE (F)   80        70      1890
                                             1882
                                             1880


SUNRISE AND SUNSET
AUGUST  4 2015........SUNRISE   641 AM CDT   SUNSET   809 PM CDT
AUGUST  5 2015........SUNRISE   642 AM CDT   SUNSET   809 PM CDT


-  INDICATES NEGATIVE NUMBERS.
R  INDICATES RECORD WAS SET OR TIED.
MM INDICATES DATA IS MISSING.
T  INDICATES TRACE AMOUNT.




$$
