000
CDUS44 KHGX 260820
CLIGLS


CLIMATE REPORT
NATIONAL WEATHER SERVICE HOUSTON/GALVESTON TX
219 AM CST WED NOV 26 2014


...................................

...THE GALVESTON CLIMATE SUMMARY FOR NOVEMBER 25 2014...

CLIMATE NORMAL PERIOD 1981 TO 2010
CLIMATE RECORD PERIOD 1875 TO 2014


WEATHER ITEM   OBSERVED TIME   RECORD YEAR NORMAL DEPARTURE LAST
                VALUE   (LST)  VALUE       VALUE  FROM      YEAR
                                                  NORMAL
..................................................................
TEMPERATURE (F)
 YESTERDAY
  MAXIMUM         63    344 PM  78    2010  69     -6       47
                                      1998
  MINIMUM         52    829 PM  37    1996  56     -4       42
  AVERAGE         58                        62     -4       45

PRECIPITATION (IN)
  YESTERDAY        0.00          8.00 1940   0.14  -0.14     1.17
  MONTH TO DATE    3.91                      3.75   0.16     1.78
  SINCE SEP 1     11.77                     15.30  -3.53    13.69
  SINCE JAN 1     28.02                     46.48 -18.46    37.92

SNOWFALL (IN)
  YESTERDAY        0.0           0.0  2002  MM     MM       MM
                                      2001
  MONTH TO DATE    0.0                      MM     MM        0.0
  SINCE SEP 1      0.0                      MM     MM        0.0
  SINCE JUL 1      0.0                      MM     MM        0.0
  SNOW DEPTH       0

DEGREE DAYS
 HEATING
  YESTERDAY        7                         5      2       20
  MONTH TO DATE  138                        66     72       99
  SINCE SEP 1    138                        75     63       99
  SINCE JUL 1    138                        75     63       99

 COOLING
  YESTERDAY        0                         2     -2        0
  MONTH TO DATE   45                        90    -45       66
  SINCE SEP 1    903                       888     15      917
  SINCE JAN 1   3230                      3282    -52     3311
..................................................................


WIND (MPH)
  RESULTANT WIND SPEED   7   RESULTANT WIND DIRECTION   N (20)
  HIGHEST WIND SPEED    18   HIGHEST WIND DIRECTION     N (10)
  HIGHEST GUST SPEED    22   HIGHEST GUST DIRECTION     N (20)
  AVERAGE WIND SPEED     9.6


SKY COVER
  AVERAGE SKY COVER 0.1


WEATHER CONDITIONS
 THE FOLLOWING WEATHER WAS RECORDED YESTERDAY.
  NO SIGNIFICANT WEATHER WAS OBSERVED.


RELATIVE HUMIDITY (PERCENT)
 HIGHEST    71
 LOWEST     27
 AVERAGE    49

..........................................................


THE GALVESTON CLIMATE NORMALS FOR TODAY
                         NORMAL    RECORD    YEAR
 MAXIMUM TEMPERATURE (F)   68        81      1988
 MINIMUM TEMPERATURE (F)   55        37      1895


SUNRISE AND SUNSET
NOVEMBER 26 2014......SUNRISE   652 AM CST   SUNSET   521 PM CST
NOVEMBER 27 2014......SUNRISE   653 AM CST   SUNSET   521 PM CST


-  INDICATES NEGATIVE NUMBERS.
R  INDICATES RECORD WAS SET OR TIED.
MM INDICATES DATA IS MISSING.
T  INDICATES TRACE AMOUNT.




$$
