000
CDUS44 KHGX 100725
CLIGLS


CLIMATE REPORT
NATIONAL WEATHER SERVICE HOUSTON/GALVESTON TX
125 AM CST SAT DEC 10 2016


...................................

...THE GALVESTON CLIMATE SUMMARY FOR DECEMBER 9 2016...

CLIMATE NORMAL PERIOD 1981 TO 2010
CLIMATE RECORD PERIOD 1875 TO 2016


WEATHER ITEM   OBSERVED TIME   RECORD YEAR NORMAL DEPARTURE LAST
                VALUE   (LST)  VALUE       VALUE  FROM      YEAR
                                                  NORMAL
..................................................................
TEMPERATURE (F)
 YESTERDAY
  MAXIMUM         53    313 PM  78    2007  65    -12       76
                                      2004
  MINIMUM         42    808 AM  31    1917  52    -10       54
  AVERAGE         48                        58    -10       65

PRECIPITATION (IN)
  YESTERDAY        0.01          1.54 1980   0.12  -0.11     0.00
  MONTH TO DATE    9.84                      1.21   8.63     0.29
  SINCE DEC 1      9.84                      1.21   8.63     0.29
  SINCE JAN 1     55.26                     48.45   6.81    58.33

SNOWFALL (IN)
  YESTERDAY        0.0           T    1898  MM     MM        0.0
  MONTH TO DATE    0.0                      MM     MM        0.0
  SINCE DEC 1      0.0                      MM     MM        0.0
  SINCE JUL 1      0.0                      MM     MM        0.0
  SNOW DEPTH       0

DEGREE DAYS
 HEATING
  YESTERDAY       17                         8      9        0
  MONTH TO DATE   55                        63     -8       63
  SINCE DEC 1     55                        63     -8       63
  SINCE JUL 1     67                       166    -99      116

 COOLING
  YESTERDAY        0                         1     -1        0
  MONTH TO DATE    2                         9     -7        0
  SINCE DEC 1      2                         9     -7        0
  SINCE JAN 1   3680                      3298    382     3565
..................................................................


WIND (MPH)
  RESULTANT WIND SPEED  16   RESULTANT WIND DIRECTION   N (20)
  HIGHEST WIND SPEED    28   HIGHEST WIND DIRECTION     N (20)
  HIGHEST GUST SPEED    36   HIGHEST GUST DIRECTION     N (10)
  AVERAGE WIND SPEED    16.8


SKY COVER
  AVERAGE SKY COVER 0.5


WEATHER CONDITIONS
 THE FOLLOWING WEATHER WAS RECORDED YESTERDAY.
  LIGHT RAIN


RELATIVE HUMIDITY (PERCENT)
 HIGHEST    70
 LOWEST     38
 AVERAGE    54

..........................................................


THE GALVESTON CLIMATE NORMALS FOR TODAY
                         NORMAL    RECORD    YEAR
 MAXIMUM TEMPERATURE (F)   65        80      1918
 MINIMUM TEMPERATURE (F)   52        28      1898


SUNRISE AND SUNSET
DECEMBER 10 2016......SUNRISE   703 AM CST   SUNSET   522 PM CST
DECEMBER 11 2016......SUNRISE   704 AM CST   SUNSET   522 PM CST


-  INDICATES NEGATIVE NUMBERS.
R  INDICATES RECORD WAS SET OR TIED.
MM INDICATES DATA IS MISSING.
T  INDICATES TRACE AMOUNT.




$$
