878
CDUS44 KHGX 130833
CLIGLS


CLIMATE REPORT
NATIONAL WEATHER SERVICE HOUSTON/GALVESTON TX
222 AM CST SAT FEB 13 2016


...................................

...THE GALVESTON CLIMATE SUMMARY FOR FEBRUARY 12 2016...

CLIMATE NORMAL PERIOD 1981 TO 2010
CLIMATE RECORD PERIOD 1875 TO 2016


WEATHER ITEM   OBSERVED TIME   RECORD YEAR NORMAL DEPARTURE LAST
                VALUE   (LST)  VALUE       VALUE  FROM      YEAR
                                                  NORMAL
..................................................................
TEMPERATURE (F)
 YESTERDAY
  MAXIMUM         73   1134 AM  75    1957  64      9       65
                                      1922
  MINIMUM         56    741 AM   8    1899  50      6       53
  AVERAGE         65                        57      8       59

PRECIPITATION (IN)
  YESTERDAY        0.00          1.86 1945   0.09  -0.09     0.00
  MONTH TO DATE    0.03                      1.07  -1.04     0.44
  SINCE DEC 1      6.59                      8.79  -2.20     9.75
  SINCE JAN 1      3.10                      5.27  -2.17     5.88

SNOWFALL (IN)
  YESTERDAY        0.0           1.8  1960  MM     MM        0.0
  MONTH TO DATE    0.0                      MM     MM        0.0
  SINCE DEC 1      0.0                      MM     MM        0.0
  SINCE JUL 1      0.0                      MM     MM        0.0
  SNOW DEPTH       0

DEGREE DAYS
 HEATING
  YESTERDAY        0                         8     -8        6
  MONTH TO DATE  102                       106     -4      103
  SINCE DEC 1    592                       672    -80      721
  SINCE JUL 1    645                       775   -130      872

 COOLING
  YESTERDAY        0                         0      0        0
  MONTH TO DATE    1                         0      1        4
  SINCE DEC 1     52                        24     28       25
  SINCE JAN 1      2                         5     -3        4
..................................................................


WIND (MPH)
  RESULTANT WIND SPEED   9   RESULTANT WIND DIRECTION  SW (210)
  HIGHEST WIND SPEED    20   HIGHEST WIND DIRECTION    SW (220)
  HIGHEST GUST SPEED    25   HIGHEST GUST DIRECTION    SW (220)
  AVERAGE WIND SPEED     9.1


SKY COVER
  AVERAGE SKY COVER 0.0


WEATHER CONDITIONS
 THE FOLLOWING WEATHER WAS RECORDED YESTERDAY.
  FOG
  HAZE


RELATIVE HUMIDITY (PERCENT)
 HIGHEST   100
 LOWEST     68
 AVERAGE    84

..........................................................


THE GALVESTON CLIMATE NORMALS FOR TODAY
                         NORMAL    RECORD    YEAR
 MAXIMUM TEMPERATURE (F)   64        76      1923
 MINIMUM TEMPERATURE (F)   51        10      1899


SUNRISE AND SUNSET
FEBRUARY 13 2016......SUNRISE   700 AM CST   SUNSET   607 PM CST
FEBRUARY 14 2016......SUNRISE   700 AM CST   SUNSET   608 PM CST


-  INDICATES NEGATIVE NUMBERS.
R  INDICATES RECORD WAS SET OR TIED.
MM INDICATES DATA IS MISSING.
T  INDICATES TRACE AMOUNT.




$$
