000
CDUS42 KJAX 230631
CLIGNV


CLIMATE REPORT
NATIONAL WEATHER SERVICE JACKSONVILLE FL
131 AM EST THU NOV 23 2017


...................................

...THE GAINESVILLE CLIMATE SUMMARY FOR NOVEMBER 22 2017...

CLIMATE NORMAL PERIOD 1981 TO 2010
CLIMATE RECORD PERIOD 1890 TO 2017


WEATHER ITEM   OBSERVED TIME   RECORD YEAR NORMAL DEPARTURE LAST
                VALUE   (LST)  VALUE       VALUE  FROM      YEAR
                                                  NORMAL
..................................................................
TEMPERATURE (F)
 YESTERDAY
  MAXIMUM         78    237 PM  86    1906  73      5       74
  MINIMUM         52    559 AM  25    2008  49      3       32
                                      2000
  AVERAGE         65                        61      4       53

PRECIPITATION (IN)
  YESTERDAY        T             3.00 1893   0.06  -0.06     0.00
  MONTH TO DATE    0.20                      1.51  -1.31     0.02
  SINCE SEP 1     17.05                      8.81   8.24     9.64
  SINCE JAN 1     66.10                     44.38  21.72    39.36

SNOWFALL (IN)
  YESTERDAY        0.0           0.0    MM   0.0    0.0      0.0
  MONTH TO DATE    0.0                       0.0    0.0      0.0
  SINCE SEP 1      0.0                       0.0    0.0      0.0
  SINCE JUL 1      0.0                       0.0    0.0      0.0
  SNOW DEPTH       0

DEGREE DAYS
 HEATING
  YESTERDAY        0                         5     -5       12
  MONTH TO DATE   58                        83    -25       78
  SINCE SEP 1    110                       110      0       94
  SINCE JUL 1    110                       110      0       94

 COOLING
  YESTERDAY        0                         2     -2        0
  MONTH TO DATE   41                        57    -16       52
  SINCE SEP 1    724                       663     61      770
  SINCE JAN 1   2884                      2607    277     3013
..................................................................


WIND (MPH)
  HIGHEST WIND SPEED    12   HIGHEST WIND DIRECTION    NE (60)
  HIGHEST GUST SPEED    16   HIGHEST GUST DIRECTION     N (20)
  AVERAGE WIND SPEED     4.2


SKY COVER
  POSSIBLE SUNSHINE  MM
  AVERAGE SKY COVER 0.3


WEATHER CONDITIONS
 THE FOLLOWING WEATHER WAS RECORDED YESTERDAY.
  LIGHT RAIN
  FOG


RELATIVE HUMIDITY (PERCENT)
 HIGHEST   100           300 AM
 LOWEST     50           200 PM
 AVERAGE    75

..........................................................


THE GAINESVILLE CLIMATE NORMALS FOR TODAY
                         NORMAL    RECORD    YEAR
 MAXIMUM TEMPERATURE (F)   73        88      1906
 MINIMUM TEMPERATURE (F)   49        27      2000


SUNRISE AND SUNSET
NOVEMBER 23 2017......SUNRISE   700 AM EST   SUNSET   531 PM EST
NOVEMBER 24 2017......SUNRISE   701 AM EST   SUNSET   530 PM EST


-  INDICATES NEGATIVE NUMBERS.
R  INDICATES RECORD WAS SET OR TIED.
MM INDICATES DATA IS MISSING.
T  INDICATES TRACE AMOUNT.




$$
