000
CDUS42 KJAX 262239
CLIGNV


CLIMATE REPORT
NATIONAL WEATHER SERVICE JACKSONVILLE FL
539 PM EST MON JAN 26 2015


...................................

...THE GAINESVILLE CLIMATE SUMMARY FOR JANUARY 26 2015...
VALID TODAY AS OF 0500 PM LOCAL TIME.

CLIMATE NORMAL PERIOD 1981 TO 2010
CLIMATE RECORD PERIOD 1890 TO 2015


WEATHER ITEM   OBSERVED TIME   RECORD YEAR NORMAL DEPARTURE LAST
                VALUE   (LST)  VALUE       VALUE  FROM      YEAR
                                                  NORMAL
..................................................................
TEMPERATURE (F)
 TODAY
  MAXIMUM         61    257 PM  85    1950  67     -6       65
                                      1949
  MINIMUM         50    736 AM  18    1905  43      7       39
  AVERAGE         56                        55      1       52

PRECIPITATION (IN)
  TODAY            0.15          1.62 1980   0.13   0.02     0.00
  MONTH TO DATE    3.24                      2.73   0.51     4.59
  SINCE DEC 1      6.62                      5.21   1.41     8.38
  SINCE JAN 1      3.24                      2.73   0.51     4.59

SNOWFALL (IN)
  TODAY            0.0           0.0    MM   0.0    0.0      0.0
  MONTH TO DATE    0.0                       0.0    0.0      0.0
  SINCE DEC 1      0.0                       0.0    0.0      0.0
  SINCE JUL 1      0.0                       0.0    0.0      0.0
  SNOW DEPTH       0

DEGREE DAYS
 HEATING
  TODAY            9                        11     -2       13
  MONTH TO DATE  259                       294    -35      374
  SINCE DEC 1    473                       590   -117      546
  SINCE JUL 1    738                       751    -13      639

 COOLING
  TODAY            0                         0      0        0
  MONTH TO DATE   14                         0     14       10
  SINCE DEC 1     50                        22     28       65
  SINCE JAN 1     14                         0     14       10
..................................................................


WIND (MPH)
  HIGHEST WIND SPEED    25   HIGHEST WIND DIRECTION     W (260)
  HIGHEST GUST SPEED    32   HIGHEST GUST DIRECTION     W (260)
  AVERAGE WIND SPEED    11.8


SKY COVER
  POSSIBLE SUNSHINE  MM
  AVERAGE SKY COVER 0.4


WEATHER CONDITIONS
 THE FOLLOWING WEATHER WAS RECORDED TODAY.
  HEAVY RAIN
  RAIN
  LIGHT RAIN
  FOG


RELATIVE HUMIDITY (PERCENT)
 HIGHEST    96           700 AM
 LOWEST     42           200 PM
 AVERAGE    69

..........................................................


THE GAINESVILLE CLIMATE NORMALS FOR TOMORROW
                         NORMAL    RECORD    YEAR
 MAXIMUM TEMPERATURE (F)   67        89      1943
 MINIMUM TEMPERATURE (F)   43        18      1940


SUNRISE AND SUNSET
JANUARY 26 2015.......SUNRISE   722 AM EST   SUNSET   602 PM EST
JANUARY 27 2015.......SUNRISE   721 AM EST   SUNSET   602 PM EST


-  INDICATES NEGATIVE NUMBERS.
R  INDICATES RECORD WAS SET OR TIED.
MM INDICATES DATA IS MISSING.
T  INDICATES TRACE AMOUNT.




$$
