000
CDUS42 KJAX 260536
CLIGNV


CLIMATE REPORT
NATIONAL WEATHER SERVICE JACKSONVILLE FL
135 AM EDT TUE SEP 26 2017


...................................

...THE GAINESVILLE CLIMATE SUMMARY FOR SEPTEMBER 25 2017...

CLIMATE NORMAL PERIOD 1981 TO 2010
CLIMATE RECORD PERIOD 1890 TO 2017


WEATHER ITEM   OBSERVED TIME   RECORD YEAR NORMAL DEPARTURE LAST
                VALUE   (LST)  VALUE       VALUE  FROM      YEAR
                                                  NORMAL
..................................................................
TEMPERATURE (F)
 YESTERDAY
  MAXIMUM         90    132 PM  96    1931  86      4       92
  MINIMUM         69    330 AM  55    2008  67      2       71
  AVERAGE         80                        77      3       82

PRECIPITATION (IN)
  YESTERDAY        0.00          2.16 1914   0.13  -0.13     0.00
  MONTH TO DATE   15.06                      3.77  11.29     7.89
  SINCE SEP 1     15.06                      3.77  11.29     7.89
  SINCE JAN 1     64.11                     39.34  24.77    37.61

SNOWFALL (IN)
  YESTERDAY        0.0           0.0    MM   0.0    0.0      0.0
  MONTH TO DATE    0.0                       0.0    0.0      0.0
  SINCE SEP 1      0.0                       0.0    0.0      0.0
  SINCE JUL 1      0.0                       0.0    0.0      0.0
  SNOW DEPTH       0

DEGREE DAYS
 HEATING
  YESTERDAY        0                         0      0        0
  MONTH TO DATE    0                         0      0        0
  SINCE SEP 1      0                         0      0        0
  SINCE JUL 1      0                         0      0        0

 COOLING
  YESTERDAY       15                        12      3       17
  MONTH TO DATE  335                       342     -7      384
  SINCE SEP 1    335                       342     -7      384
  SINCE JAN 1   2495                      2286    209     2627
..................................................................


WIND (MPH)
  HIGHEST WIND SPEED     9   HIGHEST WIND DIRECTION     N (340)
  HIGHEST GUST SPEED    15   HIGHEST GUST DIRECTION     N (340)
  AVERAGE WIND SPEED     3.9


SKY COVER
  POSSIBLE SUNSHINE  MM
  AVERAGE SKY COVER 0.2


WEATHER CONDITIONS
 THE FOLLOWING WEATHER WAS RECORDED YESTERDAY.
  NO SIGNIFICANT WEATHER WAS OBSERVED.


RELATIVE HUMIDITY (PERCENT)
 HIGHEST    97           500 AM
 LOWEST     50           300 PM
 AVERAGE    74

..........................................................


THE GAINESVILLE CLIMATE NORMALS FOR TODAY
                         NORMAL    RECORD    YEAR
 MAXIMUM TEMPERATURE (F)   86        94      1980
                                             1955
                                             1930
 MINIMUM TEMPERATURE (F)   67        57      1975
                                             1914


SUNRISE AND SUNSET
SEPTEMBER 26 2017.....SUNRISE   720 AM EDT   SUNSET   720 PM EDT
SEPTEMBER 27 2017.....SUNRISE   720 AM EDT   SUNSET   719 PM EDT


-  INDICATES NEGATIVE NUMBERS.
R  INDICATES RECORD WAS SET OR TIED.
MM INDICATES DATA IS MISSING.
T  INDICATES TRACE AMOUNT.




$$
