000
CDUS42 KJAX 100546
CLIGNV


CLIMATE REPORT
NATIONAL WEATHER SERVICE JACKSONVILLE FL
1246 AM EST SAT DEC 10 2016


...................................

...THE GAINESVILLE CLIMATE SUMMARY FOR DECEMBER 9 2016...

CLIMATE NORMAL PERIOD 1981 TO 2010
CLIMATE RECORD PERIOD 1890 TO 2016


WEATHER ITEM   OBSERVED TIME   RECORD YEAR NORMAL DEPARTURE LAST
                VALUE   (LST)  VALUE       VALUE  FROM      YEAR
                                                  NORMAL
..................................................................
TEMPERATURE (F)
 YESTERDAY
  MAXIMUM         60    332 PM  87    1951  69     -9       77
  MINIMUM         40   1129 PM  25    1917  46     -6       47
  AVERAGE         50                        57     -7       62

PRECIPITATION (IN)
  YESTERDAY        0.00          1.54 1969   0.08  -0.08     0.00
  MONTH TO DATE    1.64                      0.67   0.97     0.06
  SINCE DEC 1      1.64                      0.67   0.97     0.06
  SINCE JAN 1     41.00                     45.60  -4.60    45.27

SNOWFALL (IN)
  YESTERDAY        0.0           0.0    MM   0.0    0.0      0.0
  MONTH TO DATE    0.0                       0.0    0.0      0.0
  SINCE DEC 1      0.0                       0.0    0.0      0.0
  SINCE JUL 1      0.0                       0.0    0.0      0.0
  SNOW DEPTH       0

DEGREE DAYS
 HEATING
  YESTERDAY       15                         9      6        3
  MONTH TO DATE   41                        70    -29       29
  SINCE DEC 1     41                        70    -29       29
  SINCE JUL 1    147                       231    -84       68

 COOLING
  YESTERDAY        0                         1     -1        0
  MONTH TO DATE   15                         9      6       13
  SINCE DEC 1     15                         9      6       13
  SINCE JAN 1   3049                      2625    424     3139
..................................................................


WIND (MPH)
  HIGHEST WIND SPEED    16   HIGHEST WIND DIRECTION    NE (30)
  HIGHEST GUST SPEED    22   HIGHEST GUST DIRECTION    NE (30)
  AVERAGE WIND SPEED     8.9


SKY COVER
  POSSIBLE SUNSHINE  MM
  AVERAGE SKY COVER 0.0


WEATHER CONDITIONS
 THE FOLLOWING WEATHER WAS RECORDED YESTERDAY.
  NO SIGNIFICANT WEATHER WAS OBSERVED.


RELATIVE HUMIDITY (PERCENT)
 HIGHEST    65          1000 PM
 LOWEST     23           300 PM
 AVERAGE    44

..........................................................


THE GAINESVILLE CLIMATE NORMALS FOR TODAY
                         NORMAL    RECORD    YEAR
 MAXIMUM TEMPERATURE (F)   69        84      1972
                                             1961
 MINIMUM TEMPERATURE (F)   45        23      1917


SUNRISE AND SUNSET
DECEMBER 10 2016......SUNRISE   714 AM EST   SUNSET   531 PM EST
DECEMBER 11 2016......SUNRISE   714 AM EST   SUNSET   531 PM EST


-  INDICATES NEGATIVE NUMBERS.
R  INDICATES RECORD WAS SET OR TIED.
MM INDICATES DATA IS MISSING.
T  INDICATES TRACE AMOUNT.




$$
