000
CDUS45 KMSO 282330
CLIGPI


CLIMATE REPORT
NATIONAL WEATHER SERVICE MISSOULA, MT
430 PM MST SAT FEB 28 2015


...................................

...THE KALISPELL MT CLIMATE SUMMARY FOR FEBRUARY 28 2015...
VALID TODAY AS OF 0400 PM LOCAL TIME.

CLIMATE NORMAL PERIOD 1981 TO 2010
CLIMATE RECORD PERIOD 1894 TO 2015


WEATHER ITEM   OBSERVED TIME   RECORD YEAR NORMAL DEPARTURE LAST
                VALUE   (LST)  VALUE       VALUE  FROM      YEAR
                                                  NORMAL
..................................................................
TEMPERATURE (F)
 TODAY
  MAXIMUM         35    259 PM  57    1988  40     -5       29
  MINIMUM         14    756 AM -22    1960  20     -6        4
  AVERAGE         25                        30     -5       17

PRECIPITATION (IN)
  TODAY            0.00          0.35 2006   0.04  -0.04     0.01
  MONTH TO DATE    1.12                      0.97   0.15     1.09
  SINCE OCT 1      9.61                      6.30   3.31     6.89
  SINCE JAN 1      3.53                      2.30   1.23     2.44

SNOWFALL (IN)
  TODAY            0.0
  MONTH TO DATE    8.5
  SINCE JAN 1     38.9
  SINCE JUL 1     65.4
  SNOW DEPTH       0

DEGREE DAYS
 HEATING
  TODAY           40                        35      5       48
  MONTH TO DATE  921                      1059   -138     1297
  SINCE DEC 1   3452                      3648   -196     3857
  SINCE JUL 1   5450                      5852   -402     5934

 COOLING
  TODAY            0                         0      0        0
  MONTH TO DATE    0                         0      0        0
  SINCE DEC 1      0                         0      0        0
  SINCE JAN 1      0                         0      0        0
..................................................................


WIND (MPH)
  HIGHEST WIND SPEED    22   HIGHEST WIND DIRECTION    NE (30)
  HIGHEST GUST SPEED    27   HIGHEST GUST DIRECTION    NE (30)
  AVERAGE WIND SPEED    11.0


SKY COVER
  POSSIBLE SUNSHINE  MM
  AVERAGE SKY COVER 0.0


WEATHER CONDITIONS
 THE FOLLOWING WEATHER WAS RECORDED TODAY.
  NO SIGNIFICANT WEATHER WAS OBSERVED.


RELATIVE HUMIDITY (PERCENT)
 HIGHEST    73           800 AM
 LOWEST     22           300 PM
 AVERAGE    48

..........................................................


THE KALISPELL MT CLIMATE NORMALS FOR TOMORROW
                         NORMAL    RECORD    YEAR
 MAXIMUM TEMPERATURE (F)   40        58      1905
 MINIMUM TEMPERATURE (F)   20        -7      1960


SUNRISE AND SUNSET
FEBRUARY 28 2015......SUNRISE   721 AM MST   SUNSET   619 PM MST
MARCH  1 2015.........SUNRISE   719 AM MST   SUNSET   621 PM MST


-  INDICATES NEGATIVE NUMBERS.
R  INDICATES RECORD WAS SET OR TIED.
MM INDICATES DATA IS MISSING.
T  INDICATES TRACE AMOUNT.




$$
