316
CDUS45 KMSO 210839
CLIGPI


CLIMATE REPORT
NATIONAL WEATHER SERVICE MISSOULA, MT
138 AM MST TUE FEB 21 2017


...................................

...THE KALISPELL MT CLIMATE SUMMARY FOR FEBRUARY 20 2017...

CLIMATE NORMAL PERIOD 1981 TO 2010
CLIMATE RECORD PERIOD 1894 TO 2017


WEATHER ITEM   OBSERVED TIME   RECORD YEAR NORMAL DEPARTURE LAST
                VALUE   (LST)  VALUE       VALUE  FROM      YEAR
                                                  NORMAL
..................................................................
TEMPERATURE (F)
 YESTERDAY
  MAXIMUM         41    300 PM  57    1995  37      4       41
  MINIMUM         28    728 AM -13    1936  18     10       28
  AVERAGE         35                        28      7       35

PRECIPITATION (IN)
  YESTERDAY        0.11          0.70 1921   0.03   0.08      T
  MONTH TO DATE    2.15                      0.68   1.47     0.82
  SINCE OCT 1     10.35                      6.01   4.34     6.35
  SINCE JAN 1      3.12                      2.01   1.11     2.30

SNOWFALL (IN)
  YESTERDAY        T
  MONTH TO DATE   24.8
  SINCE JAN 1     38.6
  SINCE JUL 1     73.9
  SNOW DEPTH      14

DEGREE DAYS
 HEATING
  YESTERDAY       30                        37     -7       30
  MONTH TO DATE  850                       770     80      634
  SINCE DEC 1   3920                      3357    563     3013
  SINCE JUL 1   5879                      5561    318     5032

 COOLING
  YESTERDAY        0                         0      0        0
  MONTH TO DATE    0                         0      0        0
  SINCE DEC 1      0                         0      0        0
  SINCE JAN 1      0                         0      0        0
..................................................................


WIND (MPH)
  HIGHEST WIND SPEED    16   HIGHEST WIND DIRECTION     S (180)
  HIGHEST GUST SPEED    21   HIGHEST GUST DIRECTION     S (170)
  AVERAGE WIND SPEED     3.8


SKY COVER
  POSSIBLE SUNSHINE  MM
  AVERAGE SKY COVER 0.9


WEATHER CONDITIONS
 THE FOLLOWING WEATHER WAS RECORDED YESTERDAY.
  LIGHT RAIN
  SNOW
  LIGHT SNOW
  FOG


RELATIVE HUMIDITY (PERCENT)
 HIGHEST   100           600 AM
 LOWEST     76          1100 PM
 AVERAGE    88

..........................................................


THE KALISPELL MT CLIMATE NORMALS FOR TODAY
                         NORMAL    RECORD    YEAR
 MAXIMUM TEMPERATURE (F)   37        56      1995
 MINIMUM TEMPERATURE (F)   19       -13      1910


SUNRISE AND SUNSET
FEBRUARY 21 2017......SUNRISE   733 AM MST   SUNSET   609 PM MST
FEBRUARY 22 2017......SUNRISE   731 AM MST   SUNSET   611 PM MST


-  INDICATES NEGATIVE NUMBERS.
R  INDICATES RECORD WAS SET OR TIED.
MM INDICATES DATA IS MISSING.
T  INDICATES TRACE AMOUNT.




$$
