000
CDUS45 KMSO 302347
CLIGPI


CLIMATE REPORT
NATIONAL WEATHER SERVICE MISSOULA, MT
546 PM MDT THU MAR 30 2017


...................................

...THE KALISPELL MT CLIMATE SUMMARY FOR MARCH 30 2017...
VALID TODAY AS OF 0500 PM LOCAL TIME.

CLIMATE NORMAL PERIOD 1981 TO 2010
CLIMATE RECORD PERIOD 1894 TO 2017


WEATHER ITEM   OBSERVED TIME   RECORD YEAR NORMAL DEPARTURE LAST
                VALUE   (LST)  VALUE       VALUE  FROM      YEAR
                                                  NORMAL
..................................................................
TEMPERATURE (F)
 TODAY
  MAXIMUM         54    204 PM  73    2004  51      3       50
  MINIMUM         37    359 AM   5    1936  29      8       25
  AVERAGE         46                        40      6       38

PRECIPITATION (IN)
  TODAY            0.07          0.47 1963   0.03   0.04     0.01
  MONTH TO DATE    2.71                      1.05   1.66     1.29
  SINCE OCT 1     13.69                      7.35   6.34     7.64
  SINCE JAN 1      6.46                      3.35   3.11     3.59

SNOWFALL (IN)
  TODAY            0.0
  MONTH TO DATE   10.0
  SINCE JAN 1     53.0
  SINCE JUL 1     88.3
  SNOW DEPTH       0

DEGREE DAYS
 HEATING
  TODAY           19                        25     -6       27
  MONTH TO DATE  860                       894    -34      810
  SINCE MAR 1    860                       894    -34      810
  SINCE JUL 1   7060                      6746    314     6112

 COOLING
  TODAY            0                         0      0        0
  MONTH TO DATE    0                         0      0        0
  SINCE MAR 1      0                         0      0        0
  SINCE JAN 1      0                         0      0        0
..................................................................


WIND (MPH)
  HIGHEST WIND SPEED    17   HIGHEST WIND DIRECTION     N (350)
  HIGHEST GUST SPEED    20   HIGHEST GUST DIRECTION     N (360)
  AVERAGE WIND SPEED     5.0


SKY COVER
  POSSIBLE SUNSHINE  MM
  AVERAGE SKY COVER 0.8


WEATHER CONDITIONS
 THE FOLLOWING WEATHER WAS RECORDED TODAY.
  LIGHT RAIN
  FOG


RELATIVE HUMIDITY (PERCENT)
 HIGHEST    96           100 AM
 LOWEST     41           300 PM
 AVERAGE    69

..........................................................


THE KALISPELL MT CLIMATE NORMALS FOR TOMORROW
                         NORMAL    RECORD    YEAR
 MAXIMUM TEMPERATURE (F)   51        67      1994
 MINIMUM TEMPERATURE (F)   29         5      1936


SUNRISE AND SUNSET
MARCH 30 2017.........SUNRISE   719 AM MDT   SUNSET   805 PM MDT
MARCH 31 2017.........SUNRISE   717 AM MDT   SUNSET   807 PM MDT


-  INDICATES NEGATIVE NUMBERS.
R  INDICATES RECORD WAS SET OR TIED.
MM INDICATES DATA IS MISSING.
T  INDICATES TRACE AMOUNT.




$$
