000
CDUS45 KMSO 280738
CLIGPI


CLIMATE REPORT
NATIONAL WEATHER SERVICE MISSOULA, MT
138 AM MDT FRI AUG 28 2015


...................................

...THE KALISPELL MT CLIMATE SUMMARY FOR AUGUST 27 2015...

CLIMATE NORMAL PERIOD 1981 TO 2010
CLIMATE RECORD PERIOD 1894 TO 2015


WEATHER ITEM   OBSERVED TIME   RECORD YEAR NORMAL DEPARTURE LAST
                VALUE   (LST)  VALUE       VALUE  FROM      YEAR
                                                  NORMAL
..................................................................
TEMPERATURE (F)
 YESTERDAY
  MAXIMUM         87    533 PM  95    1971  78      9       84
  MINIMUM         48    655 AM  33    1995  44      4       43
  AVERAGE         68                        61      7       64

PRECIPITATION (IN)
  YESTERDAY        0.00          0.49 1946   0.04  -0.04     0.00
  MONTH TO DATE    0.07                      0.84  -0.77     1.36
  SINCE OCT 1     12.87                     15.46  -2.59    18.69
  SINCE JAN 1      6.79                     11.46  -4.67    14.24

SNOWFALL (IN)
  YESTERDAY        0.0
  MONTH TO DATE    0.0
  SINCE JAN 1     32.9
  SINCE JUL 1      0.0
  SNOW DEPTH       0

DEGREE DAYS
 HEATING
  YESTERDAY        0                         5     -5        1
  MONTH TO DATE   60                        75    -15       49
  SINCE JUN 1    201                       368   -167      316
  SINCE JUL 1    120                       152    -32       63

 COOLING
  YESTERDAY        3                         1      2        0
  MONTH TO DATE   81                        58     23       85
  SINCE JUN 1    246                       138    108      215
  SINCE JAN 1    246                       141    105      215
..................................................................


WIND (MPH)
  HIGHEST WIND SPEED    13   HIGHEST WIND DIRECTION     W (280)
  HIGHEST GUST SPEED    16   HIGHEST GUST DIRECTION     W (280)
  AVERAGE WIND SPEED     3.9


SKY COVER
  POSSIBLE SUNSHINE  MM
  AVERAGE SKY COVER 0.9


WEATHER CONDITIONS
 THE FOLLOWING WEATHER WAS RECORDED YESTERDAY.
  HAZE


RELATIVE HUMIDITY (PERCENT)
 HIGHEST    77           600 AM
 LOWEST     17           500 PM
 AVERAGE    47

..........................................................


THE KALISPELL MT CLIMATE NORMALS FOR TODAY
                         NORMAL    RECORD    YEAR
 MAXIMUM TEMPERATURE (F)   78        93      1986
 MINIMUM TEMPERATURE (F)   44        30      2000


SUNRISE AND SUNSET
AUGUST 28 2015........SUNRISE   649 AM MDT   SUNSET   827 PM MDT
AUGUST 29 2015........SUNRISE   650 AM MDT   SUNSET   825 PM MDT


-  INDICATES NEGATIVE NUMBERS.
R  INDICATES RECORD WAS SET OR TIED.
MM INDICATES DATA IS MISSING.
T  INDICATES TRACE AMOUNT.




$$
