000
CDUS45 KMSO 270738
CLIGPI


CLIMATE REPORT
NATIONAL WEATHER SERVICE MISSOULA, MT
1237 AM MST TUE JAN 27 2015


...................................

...THE KALISPELL MT CLIMATE SUMMARY FOR JANUARY 26 2015...

CLIMATE NORMAL PERIOD 1981 TO 2010
CLIMATE RECORD PERIOD 1894 TO 2015


WEATHER ITEM   OBSERVED TIME   RECORD YEAR NORMAL DEPARTURE LAST
                VALUE   (LST)  VALUE       VALUE  FROM      YEAR
                                                  NORMAL
..................................................................
TEMPERATURE (F)
 YESTERDAY
  MAXIMUM         45    355 PM  47    2003  33     12       34
  MINIMUM         19   1154 PM -28    1957  17      2       26
  AVERAGE         32                        25      7       30

PRECIPITATION (IN)
  YESTERDAY        0.00          0.58 1915   0.04  -0.04      T
  MONTH TO DATE    2.41                      1.16   1.25     0.85
  SINCE OCT 1      8.49                      5.16   3.33     5.30
  SINCE JAN 1      2.41                      1.16   1.25     0.85

SNOWFALL (IN)
  YESTERDAY        0.0
  MONTH TO DATE   30.4
  SINCE JAN 1     30.4
  SINCE JUL 1     56.9
  SNOW DEPTH       6

DEGREE DAYS
 HEATING
  YESTERDAY       33                        40     -7       35
  MONTH TO DATE 1096                      1079     17      973
  SINCE DEC 1   2325                      2389    -64     2335
  SINCE JUL 1   4323                      4593   -270     4412

 COOLING
  YESTERDAY        0                         0      0        0
  MONTH TO DATE    0                         0      0        0
  SINCE DEC 1      0                         0      0        0
  SINCE JAN 1      0                         0      0        0
..................................................................


WIND (MPH)
  HIGHEST WIND SPEED     7   HIGHEST WIND DIRECTION    NE (40)
  HIGHEST GUST SPEED     8   HIGHEST GUST DIRECTION    NE (40)
  AVERAGE WIND SPEED     0.2


SKY COVER
  POSSIBLE SUNSHINE  MM
  AVERAGE SKY COVER 0.5


WEATHER CONDITIONS
 THE FOLLOWING WEATHER WAS RECORDED YESTERDAY.
  FOG
  FOG W/VISIBILITY <= 1/4 MILE


RELATIVE HUMIDITY (PERCENT)
 HIGHEST   100           100 AM
 LOWEST     65           400 PM
 AVERAGE    83

..........................................................


THE KALISPELL MT CLIMATE NORMALS FOR TODAY
                         NORMAL    RECORD    YEAR
 MAXIMUM TEMPERATURE (F)   33        56      1934
 MINIMUM TEMPERATURE (F)   18       -26      1980


SUNRISE AND SUNSET
JANUARY 27 2015.......SUNRISE   812 AM MST   SUNSET   528 PM MST
JANUARY 28 2015.......SUNRISE   811 AM MST   SUNSET   530 PM MST


-  INDICATES NEGATIVE NUMBERS.
R  INDICATES RECORD WAS SET OR TIED.
MM INDICATES DATA IS MISSING.
T  INDICATES TRACE AMOUNT.




$$
