000
CDUS45 KMSO 102231
CLIGPI


CLIMATE REPORT
NATIONAL WEATHER SERVICE MISSOULA, MT
430 PM MDT THU JUL 10 2014


...................................

...THE KALISPELL MT CLIMATE SUMMARY FOR JULY 10 2014...
VALID TODAY AS OF 0400 PM LOCAL TIME.

CLIMATE NORMAL PERIOD 1981 TO 2010
CLIMATE RECORD PERIOD 1894 TO 2014


WEATHER ITEM   OBSERVED TIME   RECORD YEAR NORMAL DEPARTURE LAST
                VALUE   (LST)  VALUE       VALUE  FROM      YEAR
                                                  NORMAL
..................................................................
TEMPERATURE (F)
 TODAY
  MAXIMUM         89    259 PM 102    1973  80      9       88
  MINIMUM         49    540 AM  37    1967  48      1       46
  AVERAGE         69                        64      5       67

PRECIPITATION (IN)
  TODAY            0.00          0.41 1971   0.06  -0.06     0.00
  MONTH TO DATE    0.10                      0.62  -0.52     0.30
  SINCE OCT 1     17.04                     13.79   3.25    14.69
  SINCE JAN 1     12.59                      9.79   2.80     9.31

SNOWFALL (IN)
  TODAY            0.0
  MONTH TO DATE    0.0
  SINCE JAN 1     38.2
  SINCE JUL 1      0.0
  SNOW DEPTH       0

DEGREE DAYS
 HEATING
  TODAY            0                         3     -3        0
  MONTH TO DATE    0                        37    -37        7
  SINCE JUN 1    253                       253      0      193
  SINCE JUL 1      0                        37    -37        7

 COOLING
  TODAY            4                         2      2        2
  MONTH TO DATE   38                        12     26       42
  SINCE JUN 1     38                        25     13       61
  SINCE JAN 1     38                        28     10       61
..................................................................


WIND (MPH)
  HIGHEST WIND SPEED    17   HIGHEST WIND DIRECTION     W (260)
  HIGHEST GUST SPEED    24   HIGHEST GUST DIRECTION     W (270)
  AVERAGE WIND SPEED     3.8


SKY COVER
  POSSIBLE SUNSHINE  MM
  AVERAGE SKY COVER 0.0


WEATHER CONDITIONS
 THE FOLLOWING WEATHER WAS RECORDED TODAY.
  FOG
  FOG W/VISIBILITY <= 1/4 MILE


RELATIVE HUMIDITY (PERCENT)
 HIGHEST   100           300 AM
 LOWEST     16           300 PM
 AVERAGE    58

..........................................................


THE KALISPELL MT CLIMATE NORMALS FOR TOMORROW
                         NORMAL    RECORD    YEAR
 MAXIMUM TEMPERATURE (F)   80        95      1898
 MINIMUM TEMPERATURE (F)   48        38      1994


SUNRISE AND SUNSET
JULY 10 2014..........SUNRISE   547 AM MDT   SUNSET   937 PM MDT
JULY 11 2014..........SUNRISE   548 AM MDT   SUNSET   937 PM MDT


-  INDICATES NEGATIVE NUMBERS.
R  INDICATES RECORD WAS SET OR TIED.
MM INDICATES DATA IS MISSING.
T  INDICATES TRACE AMOUNT.




$$
