000
CDUS45 KMSO 242230
CLIGPI


CLIMATE REPORT
NATIONAL WEATHER SERVICE MISSOULA, MT
430 PM MDT WED AUG 24 2016


...................................

...THE KALISPELL MT CLIMATE SUMMARY FOR AUGUST 24 2016...
VALID TODAY AS OF 0400 PM LOCAL TIME.

CLIMATE NORMAL PERIOD 1981 TO 2010
CLIMATE RECORD PERIOD 1894 TO 2016


WEATHER ITEM   OBSERVED TIME   RECORD YEAR NORMAL DEPARTURE LAST
                VALUE   (LST)  VALUE       VALUE  FROM      YEAR
                                                  NORMAL
..................................................................
TEMPERATURE (F)
 TODAY
  MAXIMUM         75    255 PM 103    1969  79     -4       82
  MINIMUM         55    238 AM  33    1992  45     10       38
  AVERAGE         65                        62      3       60

PRECIPITATION (IN)
  TODAY            0.00          1.27 1989   0.04  -0.04     0.00
  MONTH TO DATE    1.08                      0.73   0.35     0.07
  SINCE OCT 1     16.27                     15.35   0.92    12.87
  SINCE JAN 1     12.22                     11.35   0.87     6.79

SNOWFALL (IN)
  TODAY            0.0
  MONTH TO DATE    0.0
  SINCE JAN 1     14.6
  SINCE JUL 1      0.0
  SNOW DEPTH       0

DEGREE DAYS
 HEATING
  TODAY            0                         4     -4        5
  MONTH TO DATE   55                        62     -7       60
  SINCE JUN 1    313                       355    -42      201
  SINCE JUL 1    134                       139     -5      120

 COOLING
  TODAY            0                         1     -1        0
  MONTH TO DATE   44                        55    -11       71
  SINCE JUN 1    145                       135     10      236
  SINCE JAN 1    145                       138      7      236
..................................................................


WIND (MPH)
  HIGHEST WIND SPEED    23   HIGHEST WIND DIRECTION    NE (30)
  HIGHEST GUST SPEED    27   HIGHEST GUST DIRECTION    NE (30)
  AVERAGE WIND SPEED    15.0


SKY COVER
  POSSIBLE SUNSHINE  MM
  AVERAGE SKY COVER 0.5


WEATHER CONDITIONS
 THE FOLLOWING WEATHER WAS RECORDED TODAY.
  NO SIGNIFICANT WEATHER WAS OBSERVED.


RELATIVE HUMIDITY (PERCENT)
 HIGHEST    57           200 AM
 LOWEST     23           300 PM
 AVERAGE    40

..........................................................


THE KALISPELL MT CLIMATE NORMALS FOR TOMORROW
                         NORMAL    RECORD    YEAR
 MAXIMUM TEMPERATURE (F)   79        99      1981
 MINIMUM TEMPERATURE (F)   45        30      1910


SUNRISE AND SUNSET
AUGUST 24 2016........SUNRISE   644 AM MDT   SUNSET   833 PM MDT
AUGUST 25 2016........SUNRISE   646 AM MDT   SUNSET   831 PM MDT


-  INDICATES NEGATIVE NUMBERS.
R  INDICATES RECORD WAS SET OR TIED.
MM INDICATES DATA IS MISSING.
T  INDICATES TRACE AMOUNT.




$$
