290
CDUS43 KGRB 272131
CLIGRB


CLIMATE REPORT
NATIONAL WEATHER SERVICE GREEN BAY
430 PM CDT SAT MAY 27 2017


...................................

...THE GREEN BAY WI CLIMATE SUMMARY FOR MAY 27 2017...
VALID TODAY AS OF 0400 PM LOCAL TIME.

CLIMATE NORMAL PERIOD 1981 TO 2010
CLIMATE RECORD PERIOD 1886 TO 2017


WEATHER ITEM   OBSERVED TIME   RECORD YEAR NORMAL DEPARTURE LAST
                VALUE   (LST)  VALUE       VALUE  FROM      YEAR
                                                  NORMAL
..................................................................
TEMPERATURE (F)
 TODAY
  MAXIMUM         75    256 PM  89    1978  69      6       75
  MINIMUM         50    350 AM  31    1961  48      2       58
  AVERAGE         63                        59      4       67

PRECIPITATION (IN)
  TODAY            0.00          2.22 1973   0.11  -0.11     1.42
  MONTH TO DATE    2.55                      2.47   0.08     3.12
  SINCE MAR 1      9.33                      6.95   2.38     8.46
  SINCE JAN 1     12.58                      9.19   3.39    10.94

SNOWFALL (IN)
  TODAY            0.0           T    1907   0.0    0.0      0.0
                                      1906
  MONTH TO DATE    0.0                       0.2   -0.2       T
  SINCE MAR 1      9.0                      11.2   -2.2     16.2
  SINCE JUL 1     53.2                      51.4    1.8     50.0
  SNOW DEPTH       0

DEGREE DAYS
 HEATING
  TODAY            2                         7     -5        0
  MONTH TO DATE  288                       299    -11      247
  SINCE MAR 1   1799                      1996   -197     1784
  SINCE JUL 1   6372                      7836  -1464     6595

 COOLING
  TODAY            0                         1     -1        2
  MONTH TO DATE    8                        10     -2       16
  SINCE MAR 1      8                        12     -4       16
  SINCE JAN 1      8                        12     -4       16
..................................................................


WIND (MPH)
  HIGHEST WIND SPEED    18   HIGHEST WIND DIRECTION     S (180)
  HIGHEST GUST SPEED    24   HIGHEST GUST DIRECTION     S (170)
  AVERAGE WIND SPEED     6.3


SKY COVER
  POSSIBLE SUNSHINE  MM
  AVERAGE SKY COVER 0.0


WEATHER CONDITIONS
 THE FOLLOWING WEATHER WAS RECORDED TODAY.
  FOG


RELATIVE HUMIDITY (PERCENT)
 HIGHEST   100           100 AM
 LOWEST     57          1100 AM
 AVERAGE    79

..........................................................


THE GREEN BAY WI CLIMATE NORMALS FOR TOMORROW
                         NORMAL    RECORD    YEAR
 MAXIMUM TEMPERATURE (F)   70        89      1991
 MINIMUM TEMPERATURE (F)   48        31      1949
                                             1889


SUNRISE AND SUNSET
MAY 27 2017...........SUNRISE   514 AM CDT   SUNSET   826 PM CDT
MAY 28 2017...........SUNRISE   513 AM CDT   SUNSET   827 PM CDT


-  INDICATES NEGATIVE NUMBERS.
R  INDICATES RECORD WAS SET OR TIED.
MM INDICATES DATA IS MISSING.
T  INDICATES TRACE AMOUNT.




$$
