000
CDUS43 KGID 062325
CLIGRI


CLIMATE REPORT
NATIONAL WEATHER SERVICE HASTINGS NE
524 PM CST FRI MAR 6 2015


...................................

...THE GRAND ISLAND NE CLIMATE SUMMARY FOR MARCH 6 2015...
VALID TODAY AS OF 0500 PM LOCAL TIME.

CLIMATE NORMAL PERIOD 1981 TO 2010
CLIMATE RECORD PERIOD 1895 TO 2015


WEATHER ITEM   OBSERVED TIME   RECORD YEAR NORMAL DEPARTURE LAST
                VALUE   (LST)  VALUE       VALUE  FROM      YEAR
                                                  NORMAL
..................................................................
TEMPERATURE (F)
 TODAY
  MAXIMUM         63    310 PM  84    1972  47     16       50
  MINIMUM         20    534 AM -10    1989  25     -5       21
  AVERAGE         42                        36      6       36

PRECIPITATION (IN)
  TODAY            0.00          1.43 1990   0.04  -0.04     0.00
  MONTH TO DATE    0.06                      0.24  -0.18     0.01
  SINCE MAR 1      0.06                      0.24  -0.18     0.01
  SINCE JAN 1      1.23                      1.45  -0.22     0.66

SNOWFALL (IN)
  TODAY            0.0           5.5  1931   0.2   -0.2      0.0
  MONTH TO DATE    0.6                       1.1   -0.5      0.1
  SINCE MAR 1      0.6                       1.1   -0.5      0.1
  SINCE JUL 1     23.5                      23.2    0.3     13.6
  SNOW DEPTH       0

DEGREE DAYS
 HEATING
  TODAY           23                        29     -6       29
  MONTH TO DATE  224                       182     42      274
  SINCE MAR 1    224                       182     42      274
  SINCE JUL 1   4961                      4943     18     5109

 COOLING
  TODAY            0                         0      0        0
  MONTH TO DATE    0                         0      0        0
  SINCE MAR 1      0                         0      0        0
  SINCE JAN 1      0                         0      0        0
..................................................................


WIND (MPH)
  HIGHEST WIND SPEED    22   HIGHEST WIND DIRECTION     W (280)
  HIGHEST GUST SPEED    27   HIGHEST GUST DIRECTION     W (270)
  AVERAGE WIND SPEED    12.0


SKY COVER
  POSSIBLE SUNSHINE  MM
  AVERAGE SKY COVER 0.0


WEATHER CONDITIONS
 THE FOLLOWING WEATHER WAS RECORDED TODAY.
  NO SIGNIFICANT WEATHER WAS OBSERVED.


RELATIVE HUMIDITY (PERCENT)
 HIGHEST    71           700 AM
 LOWEST     16           300 PM
 AVERAGE    44

..........................................................


THE GRAND ISLAND NE CLIMATE NORMALS FOR TOMORROW
                         NORMAL    RECORD    YEAR
 MAXIMUM TEMPERATURE (F)   47        73      2000
                                             1987
 MINIMUM TEMPERATURE (F)   25       -14      1943


SUNRISE AND SUNSET
MARCH  6 2015.........SUNRISE   700 AM CST   SUNSET   630 PM CST
MARCH  7 2015.........SUNRISE   658 AM CST   SUNSET   631 PM CST


-  INDICATES NEGATIVE NUMBERS.
R  INDICATES RECORD WAS SET OR TIED.
MM INDICATES DATA IS MISSING.
T  INDICATES TRACE AMOUNT.




$$
