000
CDUS43 KGID 270735
CLIGRI


CLIMATE REPORT
NATIONAL WEATHER SERVICE HASTINGS NE
133 AM CST TUE JAN 27 2015


...................................

...THE GRAND ISLAND NE CLIMATE SUMMARY FOR JANUARY 26 2015...

CLIMATE NORMAL PERIOD 1981 TO 2010
CLIMATE RECORD PERIOD 1895 TO 2015


WEATHER ITEM   OBSERVED TIME   RECORD YEAR NORMAL DEPARTURE LAST
                VALUE   (LST)  VALUE       VALUE  FROM      YEAR
                                                  NORMAL
..................................................................
TEMPERATURE (F)
 YESTERDAY
  MAXIMUM         63    346 PM  72    2002  36     27       57
  MINIMUM         30   1156 PM -26    1950  15     15        9
  AVERAGE         47                        25     22       33

PRECIPITATION (IN)
  YESTERDAY        0.00          0.80 1932   0.02  -0.02      T
  MONTH TO DATE    0.03                      0.43  -0.40     0.14
  SINCE DEC 1      0.79                      1.06  -0.27     0.25
  SINCE JAN 1      0.03                      0.43  -0.40     0.14

SNOWFALL (IN)
  YESTERDAY        0.0           8.0  1932   0.2   -0.2       T
  MONTH TO DATE    0.9                       5.3   -4.4      2.4
  SINCE DEC 1      6.8                      10.4   -3.6      4.6
  SINCE JUL 1      9.0                      14.6   -5.6      4.8
  SNOW DEPTH       0

DEGREE DAYS
 HEATING
  YESTERDAY       18                        40    -22       32
  MONTH TO DATE 1019                      1040    -21      990
  SINCE DEC 1   2124                      2229   -105     2226
  SINCE JUL 1   3457                      3559   -102     3454

 COOLING
  YESTERDAY        0                         0      0        0
  MONTH TO DATE    0                         0      0        0
  SINCE DEC 1      0                         0      0        0
  SINCE JAN 1      0                         0      0        0
..................................................................


WIND (MPH)
  HIGHEST WIND SPEED    24   HIGHEST WIND DIRECTION    NW (320)
  HIGHEST GUST SPEED    28   HIGHEST GUST DIRECTION    NW (320)
  AVERAGE WIND SPEED    10.6


SKY COVER
  AVERAGE SKY COVER 0.1


WEATHER CONDITIONS
 THE FOLLOWING WEATHER WAS RECORDED YESTERDAY.
  NO SIGNIFICANT WEATHER WAS OBSERVED.


RELATIVE HUMIDITY (PERCENT)
 HIGHEST    85           100 AM
 LOWEST     32           100 PM
 AVERAGE    59

..........................................................


THE GRAND ISLAND NE CLIMATE NORMALS FOR TODAY
                         NORMAL    RECORD    YEAR
 MAXIMUM TEMPERATURE (F)   36        68      1934
 MINIMUM TEMPERATURE (F)   15       -28      1963


SUNRISE AND SUNSET
JANUARY 27 2015.......SUNRISE   748 AM CST   SUNSET   544 PM CST
JANUARY 28 2015.......SUNRISE   748 AM CST   SUNSET   545 PM CST


-  INDICATES NEGATIVE NUMBERS.
R  INDICATES RECORD WAS SET OR TIED.
MM INDICATES DATA IS MISSING.
T  INDICATES TRACE AMOUNT.




$$

BRYANT
