000
CDUS43 KGID 030713
CLIGRI


CLIMATE REPORT
NATIONAL WEATHER SERVICE HASTINGS NE
206 AM CDT WED SEP 3 2014


...................................

...THE GRAND ISLAND NE CLIMATE SUMMARY FOR SEPTEMBER 2 2014...

CLIMATE NORMAL PERIOD 1981 TO 2010
CLIMATE RECORD PERIOD 1895 TO 2014


WEATHER ITEM   OBSERVED TIME   RECORD YEAR NORMAL DEPARTURE LAST
                VALUE   (LST)  VALUE       VALUE  FROM      YEAR
                                                  NORMAL
..................................................................
TEMPERATURE (F)
 YESTERDAY
  MAXIMUM         82    305 PM 101    2012  83     -1       84
                                      1929
  MINIMUM         53    626 AM  40    1974  58     -5       55
  AVERAGE         68                        71     -3       70

PRECIPITATION (IN)
  YESTERDAY        0.00          2.23 1942   0.08  -0.08     0.00
  MONTH TO DATE    T                         0.17  -0.17     0.00
  SINCE SEP 1      T                         0.17  -0.17     0.00
  SINCE JAN 1     22.20                     20.94   1.26    19.41

SNOWFALL (IN)
  YESTERDAY        0.0                       0.0    0.0      0.0
  MONTH TO DATE    0.0                       0.0    0.0      0.0
  SINCE SEP 1      0.0                       0.0    0.0      0.0
  SINCE JUL 1      0.0                       0.0    0.0      0.0
  SNOW DEPTH       0

DEGREE DAYS
 HEATING
  YESTERDAY        0                         1     -1        0
  MONTH TO DATE    0                         2     -2        0
  SINCE SEP 1      0                         2     -2        0
  SINCE JUL 1      4                        12     -8        3

 COOLING
  YESTERDAY        3                         6     -3        5
  MONTH TO DATE    6                        13     -7       14
  SINCE SEP 1      6                        13     -7       14
  SINCE JAN 1    936                       927      9     1077
..................................................................


WIND (MPH)
  HIGHEST WIND SPEED    13   HIGHEST WIND DIRECTION     S (160)
  HIGHEST GUST SPEED    16   HIGHEST GUST DIRECTION     S (160)
  AVERAGE WIND SPEED     7.4


SKY COVER
  AVERAGE SKY COVER 0.0


WEATHER CONDITIONS
 THE FOLLOWING WEATHER WAS RECORDED YESTERDAY.
  NO SIGNIFICANT WEATHER WAS OBSERVED.


RELATIVE HUMIDITY (PERCENT)
 HIGHEST    93           200 AM
 LOWEST     40           200 PM
 AVERAGE    67

..........................................................


THE GRAND ISLAND NE CLIMATE NORMALS FOR TODAY
                         NORMAL    RECORD    YEAR
 MAXIMUM TEMPERATURE (F)   83       101      1947
 MINIMUM TEMPERATURE (F)   58        34      1974


SUNRISE AND SUNSET
SEPTEMBER  3 2014.....SUNRISE   702 AM CDT   SUNSET   802 PM CDT
SEPTEMBER  4 2014.....SUNRISE   703 AM CDT   SUNSET   801 PM CDT


-  INDICATES NEGATIVE NUMBERS.
R  INDICATES RECORD WAS SET OR TIED.
MM INDICATES DATA IS MISSING.
T  INDICATES TRACE AMOUNT.




$$
