000
CDUS43 KGID 230624
CLIGRI


CLIMATE REPORT
NATIONAL WEATHER SERVICE HASTINGS NE
123 AM CDT SAT MAY 23 2015


...................................

...THE GRAND ISLAND NE CLIMATE SUMMARY FOR MAY 22 2015...

CLIMATE NORMAL PERIOD 1981 TO 2010
CLIMATE RECORD PERIOD 1895 TO 2015


WEATHER ITEM   OBSERVED TIME   RECORD YEAR NORMAL DEPARTURE LAST
                VALUE   (LST)  VALUE       VALUE  FROM      YEAR
                                                  NORMAL
..................................................................
TEMPERATURE (F)
 YESTERDAY
  MAXIMUM         58    357 PM  97    1964  75    -17       76
  MINIMUM         42    540 AM  29    1963  52    -10       56
  AVERAGE         50                        63    -13       66

PRECIPITATION (IN)
  YESTERDAY        0.06          1.57 1922   0.15  -0.09     0.15
  MONTH TO DATE    3.40                      3.04   0.36     0.63
  SINCE MAR 1      5.70                      7.37  -1.67     3.73
  SINCE JAN 1      6.87                      8.58  -1.71     4.38

SNOWFALL (IN)
  YESTERDAY        0.0           T    1949   0.0    0.0      0.0
  MONTH TO DATE    0.0                       0.1   -0.1      0.0
  SINCE MAR 1      1.4                       7.0   -5.6      2.9
  SINCE JUL 1     24.3                      29.1   -4.8     16.4
  SNOW DEPTH       0

DEGREE DAYS
 HEATING
  YESTERDAY       15                         4     11        0
  MONTH TO DATE  171                       145     26      171
  SINCE MAR 1   1197                      1386   -189     1421
  SINCE JUL 1   5934                      6147   -213     6256

 COOLING
  YESTERDAY        0                         2     -2        1
  MONTH TO DATE   16                        29    -13       29
  SINCE MAR 1     20                        40    -20       33
  SINCE JAN 1     20                        40    -20       33
..................................................................


WIND (MPH)
  HIGHEST WIND SPEED    15   HIGHEST WIND DIRECTION    SE (130)
  HIGHEST GUST SPEED    20   HIGHEST GUST DIRECTION    SE (120)
  AVERAGE WIND SPEED     6.2


SKY COVER
  AVERAGE SKY COVER 0.6


WEATHER CONDITIONS
 THE FOLLOWING WEATHER WAS RECORDED YESTERDAY.
  LIGHT RAIN


RELATIVE HUMIDITY (PERCENT)
 HIGHEST    92           600 AM
 LOWEST     57           400 PM
 AVERAGE    75

..........................................................


THE GRAND ISLAND NE CLIMATE NORMALS FOR TODAY
                         NORMAL    RECORD    YEAR
 MAXIMUM TEMPERATURE (F)   75        97      1926
 MINIMUM TEMPERATURE (F)   52        38      1947


SUNRISE AND SUNSET
MAY 23 2015...........SUNRISE   609 AM CDT   SUNSET   852 PM CDT
MAY 24 2015...........SUNRISE   608 AM CDT   SUNSET   852 PM CDT


-  INDICATES NEGATIVE NUMBERS.
R  INDICATES RECORD WAS SET OR TIED.
MM INDICATES DATA IS MISSING.
T  INDICATES TRACE AMOUNT.




$$
