000
CDUS43 KGID 250643
CLIGRI


CLIMATE REPORT
NATIONAL WEATHER SERVICE HASTINGS NE
139 AM CDT SUN SEP 25 2016


...................................

...THE GRAND ISLAND NE CLIMATE SUMMARY FOR SEPTEMBER 24 2016...

CLIMATE NORMAL PERIOD 1981 TO 2010
CLIMATE RECORD PERIOD 1895 TO 2016


WEATHER ITEM   OBSERVED TIME   RECORD YEAR NORMAL DEPARTURE LAST
                VALUE   (LST)  VALUE       VALUE  FROM      YEAR
                                                  NORMAL
..................................................................
TEMPERATURE (F)
 YESTERDAY
  MAXIMUM         75    540 PM  95    1921  75      0       75
  MINIMUM         59   1159 PM  27    1942  48     11       64
  AVERAGE         67                        62      5       70

PRECIPITATION (IN)
  YESTERDAY        0.21          0.84 1960   0.07   0.14     0.08
  MONTH TO DATE    2.53                      1.82   0.71     2.90
  SINCE SEP 1      2.53                      1.82   0.71     2.90
  SINCE JAN 1     21.93                     22.59  -0.66    19.55

SNOWFALL (IN)
  YESTERDAY        0.0                       0.0    0.0      0.0
  MONTH TO DATE    0.0                       0.0    0.0      0.0
  SINCE SEP 1      0.0                       0.0    0.0      0.0
  SINCE JUL 1      0.0                       0.0    0.0      0.0
  SNOW DEPTH       0

DEGREE DAYS
 HEATING
  YESTERDAY        0                         5     -5        0
  MONTH TO DATE   23                        66    -43       16
  SINCE SEP 1     23                        66    -43       16
  SINCE JUL 1     30                        76    -46       29

 COOLING
  YESTERDAY        2                         2      0        5
  MONTH TO DATE  127                       100     27      185
  SINCE SEP 1    127                       100     27      185
  SINCE JAN 1   1141                      1014    127     1007
..................................................................


WIND (MPH)
  HIGHEST WIND SPEED    22   HIGHEST WIND DIRECTION     S (160)
  HIGHEST GUST SPEED    28   HIGHEST GUST DIRECTION     S (160)
  AVERAGE WIND SPEED    10.1


SKY COVER
  AVERAGE SKY COVER 0.5


WEATHER CONDITIONS
 THE FOLLOWING WEATHER WAS RECORDED YESTERDAY.
  THUNDERSTORM
  RAIN
  LIGHT RAIN


RELATIVE HUMIDITY (PERCENT)
 HIGHEST    97           900 AM
 LOWEST     68          1200 AM
 AVERAGE    83

..........................................................


THE GRAND ISLAND NE CLIMATE NORMALS FOR TODAY
                         NORMAL    RECORD    YEAR
 MAXIMUM TEMPERATURE (F)   74       100      1998
 MINIMUM TEMPERATURE (F)   48        26      1926


SUNRISE AND SUNSET
SEPTEMBER 25 2016.....SUNRISE   724 AM CDT   SUNSET   724 PM CDT
SEPTEMBER 26 2016.....SUNRISE   725 AM CDT   SUNSET   723 PM CDT


-  INDICATES NEGATIVE NUMBERS.
R  INDICATES RECORD WAS SET OR TIED.
MM INDICATES DATA IS MISSING.
T  INDICATES TRACE AMOUNT.

$$

KELLEY
