000
CDUS43 KGID 050639
CLIGRI


CLIMATE REPORT
NATIONAL WEATHER SERVICE HASTINGS NE
137 AM CDT WED AUG 5 2015


...................................

...THE GRAND ISLAND NE CLIMATE SUMMARY FOR AUGUST 4 2015...

CLIMATE NORMAL PERIOD 1981 TO 2010
CLIMATE RECORD PERIOD 1895 TO 2015


WEATHER ITEM   OBSERVED TIME   RECORD YEAR NORMAL DEPARTURE LAST
                VALUE   (LST)  VALUE       VALUE  FROM      YEAR
                                                  NORMAL
..................................................................
TEMPERATURE (F)
 YESTERDAY
  MAXIMUM         82    312 PM 108    1934  87     -5       89
  MINIMUM         65   1117 PM  46    1974  65      0       65
  AVERAGE         74                        76     -2       77

PRECIPITATION (IN)
  YESTERDAY        0.01          3.10 1899   0.11  -0.10     0.00
  MONTH TO DATE    0.42                      0.43  -0.01     0.00
  SINCE JUN 1      8.67                      8.13   0.54    11.84
  SINCE JAN 1     15.83                     18.08  -2.25    16.33

SNOWFALL (IN)
  YESTERDAY        0.0                       0.0    0.0      0.0
  MONTH TO DATE    0.0                       0.0    0.0      0.0
  SINCE JUN 1      0.0                       0.0    0.0      0.0
  SINCE JUL 1      0.0                       0.0    0.0      0.0
  6 AM SNOW DEPTH  0

DEGREE DAYS
 HEATING
  YESTERDAY        0                         0      0        0
  MONTH TO DATE    0                         0      0        0
  SINCE JUN 1     10                        26    -16       14
  SINCE JUL 1      5                         2      3        4

 COOLING
  YESTERDAY        9                        11     -2       12
  MONTH TO DATE   45                        44      1       39
  SINCE JUN 1    598                       606     -8      561
  SINCE JAN 1    625                       671    -46      680
..................................................................


WIND (MPH)
  HIGHEST WIND SPEED    36   HIGHEST WIND DIRECTION    SW (220)
  HIGHEST GUST SPEED    47   HIGHEST GUST DIRECTION    SW (220)
  AVERAGE WIND SPEED     9.7


SKY COVER
  AVERAGE SKY COVER 0.4


WEATHER CONDITIONS
 THE FOLLOWING WEATHER WAS RECORDED YESTERDAY.
  THUNDERSTORM
  LIGHT RAIN


RELATIVE HUMIDITY (PERCENT)
 HIGHEST   100          1000 PM
 LOWEST     62           100 PM
 AVERAGE    81

..........................................................


THE GRAND ISLAND NE CLIMATE NORMALS FOR TODAY
                         NORMAL    RECORD    YEAR
 MAXIMUM TEMPERATURE (F)   86       111      1934
 MINIMUM TEMPERATURE (F)   65        51      1994


SUNRISE AND SUNSET
AUGUST  5 2015........SUNRISE   633 AM CDT   SUNSET   845 PM CDT
AUGUST  6 2015........SUNRISE   634 AM CDT   SUNSET   844 PM CDT


-  INDICATES NEGATIVE NUMBERS.
R  INDICATES RECORD WAS SET OR TIED.
MM INDICATES DATA IS MISSING.
T  INDICATES TRACE AMOUNT.




$$
