000
CDUS43 KGID 222335
CLIGRI


CLIMATE REPORT
NATIONAL WEATHER SERVICE HASTINGS NE
535 PM CST MON DEC 22 2014


...................................

...THE GRAND ISLAND NE CLIMATE SUMMARY FOR DECEMBER 22 2014...
VALID TODAY AS OF 0500 PM LOCAL TIME.

CLIMATE NORMAL PERIOD 1981 TO 2010
CLIMATE RECORD PERIOD 1895 TO 2014


WEATHER ITEM   OBSERVED TIME   RECORD YEAR NORMAL DEPARTURE LAST
                VALUE   (LST)  VALUE       VALUE  FROM      YEAR
                                                  NORMAL
..................................................................
TEMPERATURE (F)
 TODAY
  MAXIMUM         46    341 PM  71    1933  36     10       26
  MINIMUM         37    727 AM -26    1989  15     22       10
  AVERAGE         42                        25     17       18

PRECIPITATION (IN)
  TODAY            T             0.55 1941   0.01  -0.01      T
  MONTH TO DATE    0.45                      0.47  -0.02     0.10
  SINCE DEC 1      0.45                      0.47  -0.02     0.10
  SINCE JAN 1     27.25                     26.50   0.75    26.91

SNOWFALL (IN)
  TODAY            0.0           3.0  1968   0.1   -0.1       T
  MONTH TO DATE    0.4                       3.5   -3.1      2.1
  SINCE DEC 1      0.4                       3.5   -3.1      2.1
  SINCE JUL 1      2.6                       7.7   -5.1      2.3
  SNOW DEPTH       0

DEGREE DAYS
 HEATING
  TODAY           23                        40    -17       47
  MONTH TO DATE  691                       829   -138      908
  SINCE DEC 1    691                       829   -138      908
  SINCE JUL 1   2024                      2159   -135     2136

 COOLING
  TODAY            0                         0      0        0
  MONTH TO DATE    0                         0      0        0
  SINCE DEC 1      0                         0      0        0
  SINCE JAN 1   1031                      1034     -3     1265
..................................................................


WIND (MPH)
  HIGHEST WIND SPEED    31   HIGHEST WIND DIRECTION    NW (330)
  HIGHEST GUST SPEED    38   HIGHEST GUST DIRECTION    NW (330)
  AVERAGE WIND SPEED    16.3


SKY COVER
  POSSIBLE SUNSHINE  MM
  AVERAGE SKY COVER 1.0


WEATHER CONDITIONS
 THE FOLLOWING WEATHER WAS RECORDED TODAY.
  LIGHT RAIN
  FOG


RELATIVE HUMIDITY (PERCENT)
 HIGHEST    93           100 AM
 LOWEST     58           300 PM
 AVERAGE    76

..........................................................


THE GRAND ISLAND NE CLIMATE NORMALS FOR TOMORROW
                         NORMAL    RECORD    YEAR
 MAXIMUM TEMPERATURE (F)   35        76      1964
 MINIMUM TEMPERATURE (F)   15       -17      1989


SUNRISE AND SUNSET
DECEMBER 22 2014......SUNRISE   755 AM CST   SUNSET   509 PM CST
DECEMBER 23 2014......SUNRISE   756 AM CST   SUNSET   509 PM CST


-  INDICATES NEGATIVE NUMBERS.
R  INDICATES RECORD WAS SET OR TIED.
MM INDICATES DATA IS MISSING.
T  INDICATES TRACE AMOUNT.




$$
