000
CDUS43 KGID 022228
CLIGRI


CLIMATE REPORT
NATIONAL WEATHER SERVICE HASTINGS NE
528 PM CDT MON MAY 2 2016


...................................

...THE GRAND ISLAND NE CLIMATE SUMMARY FOR MAY 2 2016...
VALID TODAY AS OF 0500 PM LOCAL TIME.

CLIMATE NORMAL PERIOD 1981 TO 2010
CLIMATE RECORD PERIOD 1895 TO 2016


WEATHER ITEM   OBSERVED TIME   RECORD YEAR NORMAL DEPARTURE LAST
                VALUE   (LST)  VALUE       VALUE  FROM      YEAR
                                                  NORMAL
..................................................................
TEMPERATURE (F)
 TODAY
  MAXIMUM         61    114 PM  95    1902  69     -8       86
  MINIMUM         35    552 AM  23    1967  45    -10       54
  AVERAGE         48                        56     -8       70

PRECIPITATION (IN)
  TODAY            0.00          1.05 1903   0.12  -0.12     0.75
  MONTH TO DATE    0.08                      0.23  -0.15     0.84
  SINCE MAR 1      5.74                      4.56   1.18     3.14
  SINCE JAN 1      7.92                      5.77   2.15     4.31

SNOWFALL (IN)
  TODAY            0.0           0.9  1954   0.0    0.0      0.0
  MONTH TO DATE    0.0                       0.0    0.0      0.0
  SINCE MAR 1      2.6                       6.9   -4.3      1.4
  SINCE JUL 1     33.8                      29.0    4.8     24.3
  SNOW DEPTH       0

DEGREE DAYS
 HEATING
  TODAY           17                         9      8        0
  MONTH TO DATE   36                        19     17        0
  SINCE MAR 1    993                      1260   -267     1026
  SINCE JUL 1   4991                      6021  -1030     5763

 COOLING
  TODAY            0                         1     -1        5
  MONTH TO DATE    0                         2     -2        6
  SINCE MAR 1      0                        13    -13       10
  SINCE JAN 1      0                        13    -13       10
..................................................................


WIND (MPH)
  HIGHEST WIND SPEED    12   HIGHEST WIND DIRECTION    NW (320)
  HIGHEST GUST SPEED    15   HIGHEST GUST DIRECTION    NW (300)
  AVERAGE WIND SPEED     6.1


SKY COVER
  POSSIBLE SUNSHINE  MM
  AVERAGE SKY COVER 0.4


WEATHER CONDITIONS
 THE FOLLOWING WEATHER WAS RECORDED TODAY.
  NO SIGNIFICANT WEATHER WAS OBSERVED.


RELATIVE HUMIDITY (PERCENT)
 HIGHEST    92           500 AM
 LOWEST     40           100 PM
 AVERAGE    66

..........................................................


THE GRAND ISLAND NE CLIMATE NORMALS FOR TOMORROW
                         NORMAL    RECORD    YEAR
 MAXIMUM TEMPERATURE (F)   69        92      1959
 MINIMUM TEMPERATURE (F)   45        25      2005
                                             1907


SUNRISE AND SUNSET
MAY  2 2016...........SUNRISE   629 AM CDT   SUNSET   832 PM CDT
MAY  3 2016...........SUNRISE   628 AM CDT   SUNSET   833 PM CDT


-  INDICATES NEGATIVE NUMBERS.
R  INDICATES RECORD WAS SET OR TIED.
MM INDICATES DATA IS MISSING.
T  INDICATES TRACE AMOUNT.




$$
