000
CDUS43 KGID 300623
CLIGRI


CLIMATE REPORT
NATIONAL WEATHER SERVICE HASTINGS NE
123 AM CDT MON MAY 30 2016


...................................

...THE GRAND ISLAND NE CLIMATE SUMMARY FOR MAY 29 2016...

CLIMATE NORMAL PERIOD 1981 TO 2010
CLIMATE RECORD PERIOD 1895 TO 2016


WEATHER ITEM   OBSERVED TIME   RECORD YEAR NORMAL DEPARTURE LAST
                VALUE   (LST)  VALUE       VALUE  FROM      YEAR
                                                  NORMAL
..................................................................
TEMPERATURE (F)
 YESTERDAY
  MAXIMUM         83    408 PM 104    1934  77      6       78
  MINIMUM         54    520 AM  26    1947  54      0       49
  AVERAGE         69                        66      3       64

PRECIPITATION (IN)
  YESTERDAY        0.02          3.29 2007   0.16  -0.14     0.02
  MONTH TO DATE    6.63                      4.11   2.52     3.68
  SINCE MAR 1     12.29                      8.44   3.85     5.98
  SINCE JAN 1     14.47                      9.65   4.82     7.15

SNOWFALL (IN)
  YESTERDAY        0.0                       0.0    0.0      0.0
  MONTH TO DATE    0.0                       0.1   -0.1      0.0
  SINCE MAR 1      2.6                       7.0   -4.4      1.4
  SINCE JUL 1     33.8                      29.1    4.7     24.3
  SNOW DEPTH       0

DEGREE DAYS
 HEATING
  YESTERDAY        0                         3     -3        1
  MONTH TO DATE  176                       168      8      185
  SINCE MAR 1   1133                      1409   -276     1211
  SINCE JUL 1   5131                      6170  -1039     5948

 COOLING
  YESTERDAY        4                         3      1        0
  MONTH TO DATE   25                        48    -23       23
  SINCE MAR 1     25                        59    -34       27
  SINCE JAN 1     25                        59    -34       27
..................................................................


WIND (MPH)
  HIGHEST WIND SPEED    23   HIGHEST WIND DIRECTION    SE (150)
  HIGHEST GUST SPEED    30   HIGHEST GUST DIRECTION     S (180)
  AVERAGE WIND SPEED     8.1


SKY COVER
  AVERAGE SKY COVER 0.2


WEATHER CONDITIONS
 THE FOLLOWING WEATHER WAS RECORDED YESTERDAY.
  LIGHT RAIN
  FOG
  HAZE


RELATIVE HUMIDITY (PERCENT)
 HIGHEST    93           300 AM
 LOWEST     39          1200 PM
 AVERAGE    66

..........................................................


THE GRAND ISLAND NE CLIMATE NORMALS FOR TODAY
                         NORMAL    RECORD    YEAR
 MAXIMUM TEMPERATURE (F)   77       103      1934
 MINIMUM TEMPERATURE (F)   54        36      1947


SUNRISE AND SUNSET
MAY 30 2016...........SUNRISE   604 AM CDT   SUNSET   858 PM CDT
MAY 31 2016...........SUNRISE   604 AM CDT   SUNSET   859 PM CDT


-  INDICATES NEGATIVE NUMBERS.
R  INDICATES RECORD WAS SET OR TIED.
MM INDICATES DATA IS MISSING.
T  INDICATES TRACE AMOUNT.




$$
