000
CDUS43 KGID 070633
CLIGRI


CLIMATE REPORT
NATIONAL WEATHER SERVICE HASTINGS NE
131 AM CDT TUE JUL 7 2015


...................................

...THE GRAND ISLAND NE CLIMATE SUMMARY FOR JULY 6 2015...

CLIMATE NORMAL PERIOD 1981 TO 2010
CLIMATE RECORD PERIOD 1895 TO 2015


WEATHER ITEM   OBSERVED TIME   RECORD YEAR NORMAL DEPARTURE LAST
                VALUE   (LST)  VALUE       VALUE  FROM      YEAR
                                                  NORMAL
..................................................................
TEMPERATURE (F)
 YESTERDAY
  MAXIMUM         84   1200 AM 105    2001  88     -4       97
                                      1980
                                      1937
  MINIMUM         59   1159 PM  49    1931  64     -5       67
  AVERAGE         72                        76     -4       82

PRECIPITATION (IN)
  YESTERDAY        0.59          2.04 1908   0.12   0.47     0.00
  MONTH TO DATE    1.06                      0.71   0.35     0.00
  SINCE JUN 1      6.73                      5.01   1.72     9.65
  SINCE JAN 1     13.89                     14.96  -1.07    14.14

SNOWFALL (IN)
  YESTERDAY        0.0                       0.0    0.0      0.0
  MONTH TO DATE    0.0                       0.0    0.0      0.0
  SINCE JUN 1      0.0                       0.0    0.0      0.0
  SINCE JUL 1      0.0                       0.0    0.0      0.0
  SNOW DEPTH       0

DEGREE DAYS
 HEATING
  YESTERDAY        0                         0      0        0
  MONTH TO DATE    0                         0      0        1
  SINCE JUN 1      5                        24    -19       11
  SINCE JUL 1      0                         0      0        1

 COOLING
  YESTERDAY        7                        11     -4       17
  MONTH TO DATE   62                        66     -4       50
  SINCE JUN 1    271                       279     -8      300
  SINCE JAN 1    298                       344    -46      419
..................................................................


WIND (MPH)
  HIGHEST WIND SPEED    26   HIGHEST WIND DIRECTION     N (360)
  HIGHEST GUST SPEED    33   HIGHEST GUST DIRECTION     N (360)
  AVERAGE WIND SPEED    13.9


SKY COVER
  AVERAGE SKY COVER 0.6


WEATHER CONDITIONS
 THE FOLLOWING WEATHER WAS RECORDED YESTERDAY.
  THUNDERSTORM
  HEAVY RAIN
  RAIN
  LIGHT RAIN
  FOG
  HAZE


RELATIVE HUMIDITY (PERCENT)
 HIGHEST    97           400 AM
 LOWEST     48          1200 AM
 AVERAGE    73

..........................................................


THE GRAND ISLAND NE CLIMATE NORMALS FOR TODAY
                         NORMAL    RECORD    YEAR
 MAXIMUM TEMPERATURE (F)   88       107      1937
 MINIMUM TEMPERATURE (F)   64        49      1922


SUNRISE AND SUNSET
JULY  7 2015..........SUNRISE   608 AM CDT   SUNSET   908 PM CDT
JULY  8 2015..........SUNRISE   609 AM CDT   SUNSET   907 PM CDT


-  INDICATES NEGATIVE NUMBERS.
R  INDICATES RECORD WAS SET OR TIED.
MM INDICATES DATA IS MISSING.
T  INDICATES TRACE AMOUNT.




$$

BRYANT
