000
CDUS43 KGRR 030514
CLIGRR


CLIMATE REPORT
NATIONAL WEATHER SERVICE GRAND RAPIDS, MI
113 AM EDT THU SEP 3 2015


...................................

...THE GRAND RAPIDS MI CLIMATE SUMMARY FOR SEPTEMBER 2 2015...

CLIMATE NORMAL PERIOD 1981 TO 2010
CLIMATE RECORD PERIOD 1892 TO 2015


WEATHER ITEM   OBSERVED TIME   RECORD YEAR NORMAL DEPARTURE LAST
                VALUE   (LST)  VALUE       VALUE  FROM      YEAR
                                                  NORMAL
..................................................................
TEMPERATURE (F)
 YESTERDAY
  MAXIMUM         89    326 PM  98    1913  78     11       80
  MINIMUM         72    505 AM  37    1946  58     14       62
  AVERAGE         81                        68     13       71

PRECIPITATION (IN)
  YESTERDAY        0.00          2.17 1923   0.14  -0.14      T
  MONTH TO DATE    0.00                      0.27  -0.27     0.26
  SINCE SEP 1      0.00                      0.27  -0.27     0.26
  SINCE JAN 1     21.64                     24.99  -3.35    26.78

SNOWFALL (IN)
  YESTERDAY        0.0           0.0    MM   0.0    0.0      0.0
  MONTH TO DATE    0.0                       0.0    0.0      0.0
  SINCE SEP 1      0.0                       0.0    0.0      0.0
  SINCE JUL 1      0.0                       0.0    0.0      0.0
  SNOW DEPTH       0

DEGREE DAYS
 HEATING
  YESTERDAY        0                         1     -1        0
  MONTH TO DATE    0                         2     -2        0
  SINCE SEP 1      0                         2     -2        0
  SINCE JUL 1     29                        22      7       19

 COOLING
  YESTERDAY       16                         4     12        6
  MONTH TO DATE   27                         8     19       15
  SINCE SEP 1     27                         8     19       15
  SINCE JAN 1    534                       633    -99      575
..................................................................


WIND (MPH)
  RESULTANT WIND SPEED   6   RESULTANT WIND DIRECTION  SW (240)
  HIGHEST WIND SPEED    16   HIGHEST WIND DIRECTION     W (260)
  HIGHEST GUST SPEED    23   HIGHEST GUST DIRECTION     W (260)
  AVERAGE WIND SPEED     7.6


SKY COVER
  POSSIBLE SUNSHINE  80 PERCENT
  AVERAGE SKY COVER 0.5


WEATHER CONDITIONS
 THE FOLLOWING WEATHER WAS RECORDED YESTERDAY.
  FOG
  HAZE


RELATIVE HUMIDITY (PERCENT)
 HIGHEST    93          1200 AM
 LOWEST     53           500 PM
 AVERAGE    73

..........................................................


THE GRAND RAPIDS MI CLIMATE NORMALS FOR TODAY
                         NORMAL    RECORD    YEAR
 MAXIMUM TEMPERATURE (F)   78        95      1953
                                             1898
 MINIMUM TEMPERATURE (F)   57        32      1946


SUNRISE AND SUNSET
SEPTEMBER  3 2015.....SUNRISE   708 AM EDT   SUNSET   814 PM EDT
SEPTEMBER  4 2015.....SUNRISE   710 AM EDT   SUNSET   812 PM EDT


-  INDICATES NEGATIVE NUMBERS.
R  INDICATES RECORD WAS SET OR TIED.
MM INDICATES DATA IS MISSING.
T  INDICATES TRACE AMOUNT.




$$
