000
CDUS43 KGRR 290515
CLIGRR


CLIMATE REPORT
NATIONAL WEATHER SERVICE GRAND RAPIDS, MI
114 AM EDT FRI AUG 29 2014


...................................

...THE GRAND RAPIDS MI CLIMATE SUMMARY FOR AUGUST 28 2014...

CLIMATE NORMAL PERIOD 1981 TO 2010
CLIMATE RECORD PERIOD 1892 TO 2014


WEATHER ITEM   OBSERVED TIME   RECORD YEAR NORMAL DEPARTURE LAST
                VALUE   (LST)  VALUE       VALUE  FROM      YEAR
                                                  NORMAL
..................................................................
TEMPERATURE (F)
 YESTERDAY
  MAXIMUM         74    339 PM  94    1953  79     -5       84
                                      1952
  MINIMUM         53    622 AM  41    1986  59     -6       69
  AVERAGE         64                        69     -5       77

PRECIPITATION (IN)
  YESTERDAY        0.00          1.88 1981   0.12  -0.12     0.47
  MONTH TO DATE    3.41                      3.22   0.19     1.90
  SINCE JUN 1     12.98                     10.77   2.21     9.63
  SINCE JAN 1     26.25                     24.35   1.90    32.32

SNOWFALL (IN)
  YESTERDAY        0.0           0.0    MM   0.0    0.0      0.0
  MONTH TO DATE    0.0                       0.0    0.0      0.0
  SINCE JUN 1      0.0                       0.0    0.0      0.0
  SINCE JUL 1      0.0                       0.0    0.0      0.0
  SNOW DEPTH       0

DEGREE DAYS
 HEATING
  YESTERDAY        1                         1      0        0
  MONTH TO DATE   10                         6      4       15
  SINCE JUN 1     32                        57    -25       66
  SINCE JUL 1     19                        12      7       26

 COOLING
  YESTERDAY        0                         5     -5       12
  MONTH TO DATE  178                       179     -1      148
  SINCE JUN 1    481                       563    -82      555
  SINCE JAN 1    534                       610    -76      637
..................................................................


WIND (MPH)
  RESULTANT WIND SPEED   6   RESULTANT WIND DIRECTION   E (80)
  HIGHEST WIND SPEED    14   HIGHEST WIND DIRECTION     E (70)
  HIGHEST GUST SPEED    17   HIGHEST GUST DIRECTION     E (70)
  AVERAGE WIND SPEED     6.3


SKY COVER
  POSSIBLE SUNSHINE  95 PERCENT
  AVERAGE SKY COVER 0.4


WEATHER CONDITIONS
 THE FOLLOWING WEATHER WAS RECORDED YESTERDAY.
  NO SIGNIFICANT WEATHER WAS OBSERVED.


RELATIVE HUMIDITY (PERCENT)
 HIGHEST   100           100 AM
 LOWEST     53           200 PM
 AVERAGE    77

..........................................................


THE GRAND RAPIDS MI CLIMATE NORMALS FOR TODAY
                         NORMAL    RECORD    YEAR
 MAXIMUM TEMPERATURE (F)   79        95      1953
 MINIMUM TEMPERATURE (F)   59        41      1982


SUNRISE AND SUNSET
AUGUST 29 2014........SUNRISE   703 AM EDT   SUNSET   822 PM EDT
AUGUST 30 2014........SUNRISE   704 AM EDT   SUNSET   820 PM EDT


-  INDICATES NEGATIVE NUMBERS.
R  INDICATES RECORD WAS SET OR TIED.
MM INDICATES DATA IS MISSING.
T  INDICATES TRACE AMOUNT.




$$
