000
CDUS42 KRAH 032051
CLIGSO


CLIMATE REPORT
NATIONAL WEATHER SERVICE RALEIGH NC
445 PM EDT WED JUN 3 2015


...................................

...THE PIEDMONT TRIAD INTL AIRPORT NC CLIMATE SUMMARY FOR JUNE 3 2015...
VALID TODAY AS OF 0445 PM LOCAL TIME.

CLIMATE NORMAL PERIOD 1981 TO 2010
CLIMATE RECORD PERIOD 1903 TO 2015


WEATHER ITEM   OBSERVED TIME   RECORD YEAR NORMAL DEPARTURE LAST
                VALUE   (LST)  VALUE       VALUE  FROM      YEAR
                                                  NORMAL
..................................................................
TEMPERATURE (F)
 TODAY
  MAXIMUM         65   1238 AM  99    1918  82    -17       85
  MINIMUM         60    957 AM  47    1966  62     -2       59
  AVERAGE         63                        72     -9       72

PRECIPITATION (IN)
  TODAY            0.01          1.64 1922   0.14  -0.13     0.00
  MONTH TO DATE    0.92                      0.40   0.52     0.00
  SINCE JUN 1      0.92                      0.40   0.52     0.00
  SINCE JAN 1     13.88                     17.10  -3.22    17.49

DEGREE DAYS
 HEATING
  TODAY            2                         1      1        0
  MONTH TO DATE    2                         3     -1        0
  SINCE JUN 1      2                         3     -1        0
  SINCE JUL 1   3697                      3615     82     3818

 COOLING
  TODAY            0                         7     -7        7
  MONTH TO DATE   18                        21     -3       16
  SINCE JUN 1     18                        21     -3       16
  SINCE JAN 1    252                       180     72      213
..................................................................


WIND (MPH)
  HIGHEST WIND SPEED    17   HIGHEST WIND DIRECTION    NE (50)
  HIGHEST GUST SPEED    22   HIGHEST GUST DIRECTION    NE (60)
  AVERAGE WIND SPEED     9.7


SKY COVER
  POSSIBLE SUNSHINE  MM
  AVERAGE SKY COVER 1.0


WEATHER CONDITIONS
 THE FOLLOWING WEATHER WAS RECORDED TODAY.
  LIGHT RAIN
  FOG


RELATIVE HUMIDITY (PERCENT)
 HIGHEST   100          1200 AM
 LOWEST     90          1000 AM
 AVERAGE    95

..........................................................


THE PIEDMONT TRIAD INTL AIRPORT NC CLIMATE NORMALS FOR TOMORROW
                         NORMAL    RECORD    YEAR
 MAXIMUM TEMPERATURE (F)   82        96      1943
 MINIMUM TEMPERATURE (F)   62        46      1956
                                             1929


SUNRISE AND SUNSET
JUNE  3 2015..........SUNRISE   604 AM EDT   SUNSET   832 PM EDT
JUNE  4 2015..........SUNRISE   603 AM EDT   SUNSET   833 PM EDT


-  INDICATES NEGATIVE NUMBERS.
R  INDICATES RECORD WAS SET OR TIED.
MM INDICATES DATA IS MISSING.
T  INDICATES TRACE AMOUNT.




$$
