000
CDUS42 KRAH 242140
CLIGSO


CLIMATE REPORT
NATIONAL WEATHER SERVICE RALEIGH NC
437 PM EST FRI FEB 24 2017


...................................

...THE PIEDMONT TRIAD INTL AIRPORT NC CLIMATE SUMMARY FOR FEBRUARY 24 2017...
VALID TODAY AS OF 0437 PM LOCAL TIME.

CLIMATE NORMAL PERIOD 1981 TO 2010
CLIMATE RECORD PERIOD 1903 TO 2017


WEATHER ITEM   OBSERVED TIME   RECORD YEAR NORMAL DEPARTURE LAST
                VALUE   (LST)  VALUE       VALUE  FROM      YEAR
                                                  NORMAL
..................................................................
TEMPERATURE (F)
 TODAY
  MAXIMUM         76    313 PM  79    1982  55     21       70
  MINIMUM         49    708 AM  12    1967  34     15       44
  AVERAGE         63                        44     19       57

PRECIPITATION (IN)
  TODAY            0.00          1.73 1979   0.12  -0.12     0.70
  MONTH TO DATE    0.45                      2.50  -2.05     4.23
  SINCE DEC 1      7.27                      8.54  -1.27    12.79
  SINCE JAN 1      5.57                      5.56   0.01     6.14

SNOWFALL (IN)
  TODAY            0.0           3.7  1942   0.1   -0.1      0.0
  MONTH TO DATE    T                         2.1   -2.1      2.0
  SINCE DEC 1      8.0                       6.3    1.7      4.5
  SINCE JUL 1      8.0                       6.4    1.6      4.5
  SNOW DEPTH       0

DEGREE DAYS
 HEATING
  TODAY            2                        21    -19        8
  MONTH TO DATE  337                       553   -216      554
  SINCE DEC 1   1670                      2096   -426     1779
  SINCE JUL 1   2120                      2776   -656     2293

 COOLING
  TODAY            0                         0      0        0
  MONTH TO DATE    4                         0      4        0
  SINCE DEC 1      4                         1      3       15
  SINCE JAN 1      4                         0      4        0
..................................................................


WIND (MPH)
  HIGHEST WIND SPEED    14   HIGHEST WIND DIRECTION     S (190)
  HIGHEST GUST SPEED    18   HIGHEST GUST DIRECTION     S (180)
  AVERAGE WIND SPEED     5.6


SKY COVER
  POSSIBLE SUNSHINE  MM
  AVERAGE SKY COVER 0.2


WEATHER CONDITIONS
 THE FOLLOWING WEATHER WAS RECORDED TODAY.
  FOG


RELATIVE HUMIDITY (PERCENT)
 HIGHEST   100           400 AM
 LOWEST     46           300 PM
 AVERAGE    73

..........................................................


THE PIEDMONT TRIAD INTL AIRPORT NC CLIMATE NORMALS FOR TOMORROW
                         NORMAL    RECORD    YEAR
 MAXIMUM TEMPERATURE (F)   55        81      1930
 MINIMUM TEMPERATURE (F)   34         6      1967


SUNRISE AND SUNSET
FEBRUARY 24 2017......SUNRISE   656 AM EST   SUNSET   610 PM EST
FEBRUARY 25 2017......SUNRISE   655 AM EST   SUNSET   611 PM EST


-  INDICATES NEGATIVE NUMBERS.
R  INDICATES RECORD WAS SET OR TIED.
MM INDICATES DATA IS MISSING.
T  INDICATES TRACE AMOUNT.




$$
