000
CDUS42 KRAH 020829
CLIGSO


CLIMATE REPORT
NATIONAL WEATHER SERVICE RALEIGH NC
427 AM EDT MON MAY 2 2016


...................................

...THE PIEDMONT TRIAD INTL AIRPORT NC CLIMATE SUMMARY FOR MAY 1 2016...

CLIMATE NORMAL PERIOD 1981 TO 2010
CLIMATE RECORD PERIOD 1903 TO 2016


WEATHER ITEM   OBSERVED TIME   RECORD YEAR NORMAL DEPARTURE LAST
                VALUE   (LST)  VALUE       VALUE  FROM      YEAR
                                                  NORMAL
..................................................................
TEMPERATURE (F)
 YESTERDAY
  MAXIMUM         78    516 PM  92    1962  74      4       65
  MINIMUM         58    128 AM  36    1996  52      6       48
                                      1925
                                      1908
  AVERAGE         68                        63      5       57

PRECIPITATION (IN)
  YESTERDAY        0.33          3.24 1989   0.10   0.23     1.16
  MONTH TO DATE    0.33                      0.10   0.23     1.16
  SINCE MAR 1      4.49                      7.40  -2.91     6.38
  SINCE JAN 1     10.63                     13.42  -2.79    11.06

SNOWFALL (IN)
  YESTERDAY        0.0           0.0  2002   0.0    0.0      0.0
                                      2001
  MONTH TO DATE    0.0                       0.0    0.0      0.0
  SINCE MAR 1      0.0                       0.8   -0.8       T
  SINCE JUL 1      4.5                       7.5   -3.0      9.6
  SNOW DEPTH       0

DEGREE DAYS
 HEATING
  YESTERDAY        0                         4     -4        8
  MONTH TO DATE    0                         4     -4        8
  SINCE MAR 1    453                       695   -242      598
  SINCE JUL 1   2839                      3550   -711     3683

 COOLING
  YESTERDAY        3                         2      1        0
  MONTH TO DATE    3                         2      1        0
  SINCE MAR 1     80                        40     40       37
  SINCE JAN 1     80                        40     40       37
..................................................................


WIND (MPH)
  HIGHEST WIND SPEED    16   HIGHEST WIND DIRECTION     S (190)
  HIGHEST GUST SPEED    21   HIGHEST GUST DIRECTION    SE (150)
  AVERAGE WIND SPEED     8.2


SKY COVER
  POSSIBLE SUNSHINE  MM
  AVERAGE SKY COVER 0.9


WEATHER CONDITIONS
 THE FOLLOWING WEATHER WAS RECORDED YESTERDAY.
  THUNDERSTORM
  RAIN
  LIGHT RAIN
  FOG


RELATIVE HUMIDITY (PERCENT)
 HIGHEST   100           100 AM
 LOWEST     62           500 PM
 AVERAGE    81

..........................................................


THE PIEDMONT TRIAD INTL AIRPORT NC CLIMATE NORMALS FOR TODAY
                         NORMAL    RECORD    YEAR
 MAXIMUM TEMPERATURE (F)   74        91      1926
                                             1910
 MINIMUM TEMPERATURE (F)   52        32      1963


SUNRISE AND SUNSET
MAY  2 2016...........SUNRISE   625 AM EDT   SUNSET   808 PM EDT
MAY  3 2016...........SUNRISE   624 AM EDT   SUNSET   809 PM EDT


-  INDICATES NEGATIVE NUMBERS.
R  INDICATES RECORD WAS SET OR TIED.
MM INDICATES DATA IS MISSING.
T  INDICATES TRACE AMOUNT.




$$
