000
CDUS42 KRAH 300753
CLIGSO


CLIMATE REPORT
NATIONAL WEATHER SERVICE RALEIGH NC
352 AM EDT WED JUL 30 2014


...................................

...THE PIEDMONT TRIAD INTL AIRPORT NC CLIMATE SUMMARY FOR JULY 29 2014...

CLIMATE NORMAL PERIOD 1981 TO 2010
CLIMATE RECORD PERIOD 1903 TO 2014


WEATHER ITEM   OBSERVED TIME   RECORD YEAR NORMAL DEPARTURE LAST
                VALUE   (LST)  VALUE       VALUE  FROM      YEAR
                                                  NORMAL
..................................................................
TEMPERATURE (F)
 YESTERDAY
  MAXIMUM         82    234 PM 101    1952  88     -6       84
  MINIMUM         62    554 AM  55    1946  69     -7       65
                                      1920
  AVERAGE         72                        78     -6       75

PRECIPITATION (IN)
  YESTERDAY        0.00          3.27 1923   0.16  -0.16     0.01
  MONTH TO DATE    2.25                      4.16  -1.91     5.67
  SINCE JUN 1      5.25                      7.89  -2.64    14.04
  SINCE JAN 1     22.74                     24.59  -1.85    32.39

DEGREE DAYS
 HEATING
  YESTERDAY        0                         0      0        0
  MONTH TO DATE    0                         0      0        0
  SINCE JUN 1      0                         6     -6        0
  SINCE JUL 1      0                         0      0        0

 COOLING
  YESTERDAY        7                        13     -6       10
  MONTH TO DATE  372                       396    -24      381
  SINCE JUN 1    729                       703     26      680
  SINCE JAN 1    926                       862     64      830
..................................................................


WIND (MPH)
  HIGHEST WIND SPEED    10   HIGHEST WIND DIRECTION    SW (210)
  HIGHEST GUST SPEED    14   HIGHEST GUST DIRECTION    SW (210)
  AVERAGE WIND SPEED     3.4


SKY COVER
  POSSIBLE SUNSHINE  MM
  AVERAGE SKY COVER 0.5


WEATHER CONDITIONS
 THE FOLLOWING WEATHER WAS RECORDED YESTERDAY.
  NO SIGNIFICANT WEATHER WAS OBSERVED.


RELATIVE HUMIDITY (PERCENT)
 HIGHEST    78           400 AM
 LOWEST     42           300 PM
 AVERAGE    60

..........................................................


THE PIEDMONT TRIAD INTL AIRPORT NC CLIMATE NORMALS FOR TODAY
                         NORMAL    RECORD    YEAR
 MAXIMUM TEMPERATURE (F)   88       100      1915
 MINIMUM TEMPERATURE (F)   69        56      1946


SUNRISE AND SUNSET
JULY 30 2014..........SUNRISE   625 AM EDT   SUNSET   827 PM EDT
JULY 31 2014..........SUNRISE   626 AM EDT   SUNSET   826 PM EDT


-  INDICATES NEGATIVE NUMBERS.
R  INDICATES RECORD WAS SET OR TIED.
MM INDICATES DATA IS MISSING.
T  INDICATES TRACE AMOUNT.




$$
