000
CDUS42 KRAH 252047
CLIGSO

CLIMATE REPORT
NATIONAL WEATHER SERVICE RALEIGH NC
445 PM EDT SAT OCT 25 2014

...................................

...THE PIEDMONT TRIAD INTL AIRPORT NC CLIMATE SUMMARY FOR OCTOBER 25 2014...
VALID TODAY AS OF 0440 PM LOCAL TIME.

CLIMATE NORMAL PERIOD 1981 TO 2010
CLIMATE RECORD PERIOD 1903 TO 2014


WEATHER ITEM   OBSERVED TIME   RECORD YEAR NORMAL DEPARTURE LAST
                VALUE   (LST)  VALUE       VALUE  FROM      YEAR
                                                  NORMAL
..................................................................
TEMPERATURE (F)
 TODAY
  MAXIMUM         73    338 PM  87    1921  68      5       53
  MINIMUM         39    657 AM  28    1962  46     -7       33
  AVERAGE         56                        57     -1       43

PRECIPITATION (IN)
  TODAY            0.00          2.09 2007   0.10  -0.10     0.00
  MONTH TO DATE    1.58                      2.51  -0.93     1.11
  SINCE SEP 1      4.51                      6.70  -2.19     3.24
  SINCE JAN 1     30.39                     35.49  -5.10    41.63

DEGREE DAYS
 HEATING
  TODAY            9                         9      0       22
  MONTH TO DATE  118                       145    -27      115
  SINCE SEP 1    135                       175    -40      129
  SINCE JUL 1    135                       176    -41      131

 COOLING
  TODAY            0                         1     -1        0
  MONTH TO DATE   45                        34     11       49
  SINCE SEP 1    244                       219     25      221
  SINCE JAN 1   1497                      1481     16     1380
..................................................................


WIND (MPH)
  HIGHEST WIND SPEED    12   HIGHEST WIND DIRECTION     W (290)
  HIGHEST GUST SPEED    15   HIGHEST GUST DIRECTION     W (270)
  AVERAGE WIND SPEED     1.7


SKY COVER
  POSSIBLE SUNSHINE  MM
  AVERAGE SKY COVER 0.0


WEATHER CONDITIONS
 THE FOLLOWING WEATHER WAS RECORDED TODAY.
  NO SIGNIFICANT WEATHER WAS OBSERVED.


RELATIVE HUMIDITY (PERCENT)
 HIGHEST    86           500 AM
 LOWEST     25           200 PM
 AVERAGE    56

..........................................................


THE PIEDMONT TRIAD INTL AIRPORT NC CLIMATE NORMALS FOR TOMORROW
                         NORMAL    RECORD    YEAR
 MAXIMUM TEMPERATURE (F)   68        86      1940
 MINIMUM TEMPERATURE (F)   46        23      1930


SUNRISE AND SUNSET
OCTOBER 25 2014.......SUNRISE   736 AM EDT   SUNSET   631 PM EDT
OCTOBER 26 2014.......SUNRISE   737 AM EDT   SUNSET   630 PM EDT


-  INDICATES NEGATIVE NUMBERS.
R  INDICATES RECORD WAS SET OR TIED.
MM INDICATES DATA IS MISSING.
T  INDICATES TRACE AMOUNT.

$$

DJF
