000
CDUS42 KRAH 280651
CLIGSO


CLIMATE REPORT
NATIONAL WEATHER SERVICE RALEIGH NC
250 AM EDT FRI APR 28 2017


...................................

...THE PIEDMONT TRIAD INTL AIRPORT NC CLIMATE SUMMARY FOR APRIL 27 2017...

CLIMATE NORMAL PERIOD 1981 TO 2010
CLIMATE RECORD PERIOD 1903 TO 2017


WEATHER ITEM   OBSERVED TIME   RECORD YEAR NORMAL DEPARTURE LAST
                VALUE   (LST)  VALUE       VALUE  FROM      YEAR
                                                  NORMAL
..................................................................
TEMPERATURE (F)
 YESTERDAY
  MAXIMUM         78   1234 PM  94    1915  73      5       86
  MINIMUM         59    555 AM  32    1930  50      9       62
  AVERAGE         69                        62      7       74

PRECIPITATION (IN)
  YESTERDAY        0.10          1.88 1965   0.11  -0.01     0.62
  MONTH TO DATE    5.72                      3.24   2.48     1.61
  SINCE MAR 1      8.28                      6.97   1.31     3.57
  SINCE JAN 1     13.89                     12.99   0.90     9.71

SNOWFALL (IN)
  YESTERDAY        0.0           0.0    MM   0.0    0.0      0.0
  MONTH TO DATE    0.0                       0.1   -0.1      0.0
  SINCE MAR 1      T                         0.9   -0.9      0.0
  SINCE JUL 1      8.0                       7.6    0.4      4.5
  SNOW DEPTH       0

DEGREE DAYS
 HEATING
  YESTERDAY        0                         5     -5        0
  MONTH TO DATE  116                       207    -91      182
  SINCE MAR 1    552                       677   -125      450
  SINCE JUL 1   2722                      3532   -810     2836

 COOLING
  YESTERDAY        4                         2      2        9
  MONTH TO DATE   54                        31     23       36
  SINCE MAR 1     62                        36     26       62
  SINCE JAN 1     66                        36     30       62
..................................................................


WIND (MPH)
  HIGHEST WIND SPEED    21   HIGHEST WIND DIRECTION     S (190)
  HIGHEST GUST SPEED    26   HIGHEST GUST DIRECTION    SW (210)
  AVERAGE WIND SPEED     9.4


SKY COVER
  POSSIBLE SUNSHINE  MM
  AVERAGE SKY COVER 0.7


WEATHER CONDITIONS
 THE FOLLOWING WEATHER WAS RECORDED YESTERDAY.
  LIGHT RAIN
  FOG
  HAZE


RELATIVE HUMIDITY (PERCENT)
 HIGHEST    97           500 AM
 LOWEST     50          1200 PM
 AVERAGE    74

..........................................................


THE PIEDMONT TRIAD INTL AIRPORT NC CLIMATE NORMALS FOR TODAY
                         NORMAL    RECORD    YEAR
 MAXIMUM TEMPERATURE (F)   74        95      1915
 MINIMUM TEMPERATURE (F)   51        32      1931


SUNRISE AND SUNSET
APRIL 28 2017.........SUNRISE   630 AM EDT   SUNSET   805 PM EDT
APRIL 29 2017.........SUNRISE   629 AM EDT   SUNSET   806 PM EDT


-  INDICATES NEGATIVE NUMBERS.
R  INDICATES RECORD WAS SET OR TIED.
MM INDICATES DATA IS MISSING.
T  INDICATES TRACE AMOUNT.




$$
