000
CDUS42 KRAH 232149
CLIGSO


CLIMATE REPORT
NATIONAL WEATHER SERVICE RALEIGH NC
445 PM EST MON JAN 23 2017


...................................

...THE PIEDMONT TRIAD INTL AIRPORT NC CLIMATE SUMMARY FOR JANUARY 23 2017...
VALID TODAY AS OF 0445 PM LOCAL TIME.

CLIMATE NORMAL PERIOD 1981 TO 2010
CLIMATE RECORD PERIOD 1903 TO 2017


WEATHER ITEM   OBSERVED TIME   RECORD YEAR NORMAL DEPARTURE LAST
                VALUE   (LST)  VALUE       VALUE  FROM      YEAR
                                                  NORMAL
..................................................................
TEMPERATURE (F)
 TODAY
  MAXIMUM         55    233 PM  73    1967  49      6       31
  MINIMUM         48    438 PM   6    1936  30     18       22
  AVERAGE         52                        39     13       27

PRECIPITATION (IN)
  TODAY            0.89          1.23 2002   0.10   0.79     0.01
  MONTH TO DATE    5.10                      2.30   2.80     1.88
  SINCE DEC 1      6.80                      5.28   1.52     8.53
  SINCE JAN 1      5.10                      2.30   2.80     1.88

SNOWFALL (IN)
  TODAY            0.0           4.0  1940   0.1   -0.1       T
  MONTH TO DATE    8.0                       2.5    5.5      2.5
  SINCE DEC 1      8.0                       3.3    4.7      2.5
  SINCE JUL 1      8.0                       3.4    4.6      2.5
  SNOW DEPTH       0

DEGREE DAYS
 HEATING
  TODAY           13                        26    -13       38
  MONTH TO DATE  475                       598   -123      668
  SINCE DEC 1   1160                      1332   -172     1032
  SINCE JUL 1   1610                      2012   -402     1546

 COOLING
  TODAY            0                         0      0        0
  MONTH TO DATE    0                         0      0        0
  SINCE DEC 1      0                         1     -1       15
  SINCE JAN 1      0                         0      0        0
..................................................................


WIND (MPH)
  HIGHEST WIND SPEED    26   HIGHEST WIND DIRECTION     E (70)
  HIGHEST GUST SPEED    31   HIGHEST GUST DIRECTION     E (70)
  AVERAGE WIND SPEED    12.8


SKY COVER
  POSSIBLE SUNSHINE  MM
  AVERAGE SKY COVER 0.9


WEATHER CONDITIONS
 THE FOLLOWING WEATHER WAS RECORDED TODAY.
  HEAVY RAIN
  RAIN
  LIGHT RAIN
  FOG


RELATIVE HUMIDITY (PERCENT)
 HIGHEST   100          1200 AM
 LOWEST     77           100 PM
 AVERAGE    89

..........................................................


THE PIEDMONT TRIAD INTL AIRPORT NC CLIMATE NORMALS FOR TOMORROW
                         NORMAL    RECORD    YEAR
 MAXIMUM TEMPERATURE (F)   49        76      1967
 MINIMUM TEMPERATURE (F)   30         4      1963


SUNRISE AND SUNSET
JANUARY 23 2017.......SUNRISE   726 AM EST   SUNSET   537 PM EST
JANUARY 24 2017.......SUNRISE   726 AM EST   SUNSET   538 PM EST


-  INDICATES NEGATIVE NUMBERS.
R  INDICATES RECORD WAS SET OR TIED.
MM INDICATES DATA IS MISSING.
T  INDICATES TRACE AMOUNT.




$$
