000
CDUS42 KRAH 050053
CLIGSO


CLIMATE REPORT
NATIONAL WEATHER SERVICE RALEIGH NC
852 PM EDT SAT JUL 4 2015


...................................

...THE PIEDMONT TRIAD INTL AIRPORT NC CLIMATE SUMMARY FOR JULY 4 2015...
VALID AS OF 0852 PM LOCAL TIME.

CLIMATE NORMAL PERIOD 1981 TO 2010
CLIMATE RECORD PERIOD 1903 TO 2015


WEATHER ITEM   OBSERVED TIME   RECORD YEAR NORMAL DEPARTURE LAST
                VALUE   (LST)  VALUE       VALUE  FROM      YEAR
                                                  NORMAL
..................................................................
TEMPERATURE (F)
 TODAY
  MAXIMUM         86    455 PM  98    1970  88     -2       86
  MINIMUM         68    454 AM  52    1933  69     -1       67
  AVERAGE         77                        78     -1       77

PRECIPITATION (IN)
  TODAY            0.00          1.95 1987   0.13  -0.13     0.00
  MONTH TO DATE    0.45                      0.50  -0.05     0.01
  SINCE JUN 1      2.51                      4.23  -1.72     3.01
  SINCE JAN 1     15.47                     20.93  -5.46    20.50

DEGREE DAYS
 HEATING
  TODAY            0                         0      0        0
  MONTH TO DATE    0                         0      0        0
  SINCE JUN 1      3                         6     -3        0
  SINCE JUL 1      0                         0      0        0

 COOLING
  TODAY           12                        13     -1       12
  MONTH TO DATE   46                        52     -6       66
  SINCE JUN 1    465                       359    106      423
  SINCE JAN 1    699                       518    181      620
..................................................................


WIND (MPH)
  RESULTANT WIND SPEED   9   RESULTANT WIND DIRECTION  SW (240)
  HIGHEST WIND SPEED    15   HIGHEST WIND DIRECTION     W (270)
  HIGHEST GUST SPEED    21   HIGHEST GUST DIRECTION     W (250)
  AVERAGE WIND SPEED     8.7


SKY COVER
  POSSIBLE SUNSHINE  MM
  AVERAGE SKY COVER 0.7


WEATHER CONDITIONS
 THE FOLLOWING WEATHER WAS RECORDED TODAY.
  NO SIGNIFICANT WEATHER WAS OBSERVED.


RELATIVE HUMIDITY (PERCENT)
 HIGHEST   100          1200 AM
 LOWEST     48           400 PM
 AVERAGE    74

..........................................................


THE PIEDMONT TRIAD INTL AIRPORT NC CLIMATE NORMALS FOR TOMORROW
                         NORMAL    RECORD    YEAR
 MAXIMUM TEMPERATURE (F)   88        98      2012
                                             1990
 MINIMUM TEMPERATURE (F)   69        48      1933


SUNRISE AND SUNSET
JULY  4 2015..........SUNRISE   608 AM EDT   SUNSET   840 PM EDT
JULY  5 2015..........SUNRISE   608 AM EDT   SUNSET   840 PM EDT


-  INDICATES NEGATIVE NUMBERS.
R  INDICATES RECORD WAS SET OR TIED.
MM INDICATES DATA IS MISSING.
T  INDICATES TRACE AMOUNT.




$$
