000
CDUS42 KRAH 222055
CLIGSO


CLIMATE REPORT
NATIONAL WEATHER SERVICE RALEIGH NC
453 PM EDT SUN OCT 22 2017


...................................

...THE PIEDMONT TRIAD INTL AIRPORT NC CLIMATE SUMMARY FOR OCTOBER 22 2017...
VALID TODAY AS OF 0450 PM LOCAL TIME.

CLIMATE NORMAL PERIOD 1981 TO 2010
CLIMATE RECORD PERIOD 1903 TO 2017


WEATHER ITEM   OBSERVED TIME   RECORD YEAR NORMAL DEPARTURE LAST
                VALUE   (LST)  VALUE       VALUE  FROM      YEAR
                                                  NORMAL
..................................................................
TEMPERATURE (F)
 TODAY
  MAXIMUM         76    310 PM  88    1910  69      7       60
  MINIMUM         50    701 AM  25    1952  47      3       41
  AVERAGE         63                        58      5       51

PRECIPITATION (IN)
  TODAY            0.00          2.71 1990   0.10  -0.10     0.00
  MONTH TO DATE    1.16                      2.21  -1.05     3.91
  SINCE SEP 1      3.96                      6.40  -2.44     6.13
  SINCE JAN 1     38.41                     35.19   3.22    36.93

DEGREE DAYS
 HEATING
  TODAY            2                         8     -6       14
  MONTH TO DATE   56                       119    -63       51
  SINCE SEP 1     78                       149    -71       51
  SINCE JUL 1     78                       150    -72       51

 COOLING
  TODAY            0                         1     -1        0
  MONTH TO DATE   71                        31     40       52
  SINCE SEP 1    257                       216     41      391
  SINCE JAN 1   1611                      1478    133     1958
..................................................................


WIND (MPH)
  HIGHEST WIND SPEED    13   HIGHEST WIND DIRECTION     S (170)
  HIGHEST GUST SPEED    19   HIGHEST GUST DIRECTION     S (170)
  AVERAGE WIND SPEED     2.5


SKY COVER
  POSSIBLE SUNSHINE  MM
  AVERAGE SKY COVER 0.5


WEATHER CONDITIONS
 THE FOLLOWING WEATHER WAS RECORDED TODAY.
  NO SIGNIFICANT WEATHER WAS OBSERVED.


RELATIVE HUMIDITY (PERCENT)
 HIGHEST   100           700 AM
 LOWEST     46           100 PM
 AVERAGE    73

..........................................................


THE PIEDMONT TRIAD INTL AIRPORT NC CLIMATE NORMALS FOR TOMORROW
                         NORMAL    RECORD    YEAR
 MAXIMUM TEMPERATURE (F)   68        86      1941
                                             1927
 MINIMUM TEMPERATURE (F)   46        29      1987
                                             1930


SUNRISE AND SUNSET
OCTOBER 22 2017.......SUNRISE   733 AM EDT   SUNSET   635 PM EDT
OCTOBER 23 2017.......SUNRISE   734 AM EDT   SUNSET   634 PM EDT


-  INDICATES NEGATIVE NUMBERS.
R  INDICATES RECORD WAS SET OR TIED.
MM INDICATES DATA IS MISSING.
T  INDICATES TRACE AMOUNT.




$$
