000
CDUS42 KGSP 220643
CLIGSP

CLIMATE REPORT
NATIONAL WEATHER SERVICE GREENVILLE-SPARTANBURG SC
143 AM EST SAT NOV 22 2014


...................................

...THE GREENVILLE-SPARTANBURG SC CLIMATE SUMMARY FOR NOVEMBER 21 2014...

CLIMATE NORMAL PERIOD 1981 TO 2010
CLIMATE RECORD PERIOD 1884 TO 2014


WEATHER ITEM   OBSERVED TIME   RECORD YEAR NORMAL DEPARTURE LAST
                VALUE   (LST)  VALUE       VALUE  FROM      YEAR
                                                  NORMAL
..................................................................
TEMPERATURE (F)
 YESTERDAY
  MAXIMUM         61    329 PM  78    1942  62     -1       52
  MINIMUM         32    713 AM  17    1914  40     -8       45
  AVERAGE         47                        51     -4       49

PRECIPITATION (IN)
  YESTERDAY        0.00          1.93 2005   0.14  -0.14     0.11
                                      1985
  MONTH TO DATE    1.23                      2.47  -1.24     0.98
  SINCE SEP 1      8.48                      9.34  -0.86     5.39
  SINCE JAN 1     43.44                     41.85   1.59    59.74

SNOWFALL (IN)
  YESTERDAY        0.0           T    1952   0.0    0.0      0.0
  MONTH TO DATE    T                         0.1   -0.1      0.0
  SINCE SEP 1      T                         0.1   -0.1      0.0
  SINCE JUL 1      T                         0.1   -0.1      0.0
  SNOW DEPTH       0

DEGREE DAYS
 HEATING
  YESTERDAY       18                        14      4       16
  MONTH TO DATE  366                       239    127      263
  SINCE SEP 1    490                       409     81      388
  SINCE JUL 1    490                       409     81      388

 COOLING
  YESTERDAY        0                         0      0        0
  MONTH TO DATE    0                         0      0        0
  SINCE SEP 1    296                       275     21      278
  SINCE JAN 1   1693                      1710    -17     1527
..................................................................


WIND (MPH)
  HIGHEST WIND SPEED     8   HIGHEST WIND DIRECTION     E (90)
  HIGHEST GUST SPEED    11   HIGHEST GUST DIRECTION     E (90)
  AVERAGE WIND SPEED     3.7


SKY COVER
  POSSIBLE SUNSHINE  MM
  AVERAGE SKY COVER 0.0


WEATHER CONDITIONS
 THE FOLLOWING WEATHER WAS RECORDED YESTERDAY.
  NO SIGNIFICANT WEATHER WAS OBSERVED.


RELATIVE HUMIDITY (PERCENT)
 HIGHEST    75           600 AM
 LOWEST     23           200 PM
 AVERAGE    49

..........................................................


THE GREENVILLE-SPARTANBURG SC CLIMATE NORMALS FOR TODAY
                         NORMAL    RECORD    YEAR
 MAXIMUM TEMPERATURE (F)   61        77      2011
 MINIMUM TEMPERATURE (F)   39        18      1914


SUNRISE AND SUNSET
NOVEMBER 22 2014......SUNRISE   710 AM EST   SUNSET   520 PM EST
NOVEMBER 23 2014......SUNRISE   711 AM EST   SUNSET   519 PM EST


-  INDICATES NEGATIVE NUMBERS.
R  INDICATES RECORD WAS SET OR TIED.
MM INDICATES DATA IS MISSING.
T  INDICATES TRACE AMOUNT.

$$
