000
CDUS42 KGSP 250632
CLIGSP

CLIMATE REPORT
NATIONAL WEATHER SERVICE GREENVILLE-SPARTANBURG SC
229 AM EDT SUN SEP 25 2016


...................................

...THE GREENVILLE-SPARTANBURG SC CLIMATE SUMMARY FOR SEPTEMBER 24 2016...

CLIMATE NORMAL PERIOD 1981 TO 2010
CLIMATE RECORD PERIOD 1884 TO 2016


WEATHER ITEM   OBSERVED TIME   RECORD YEAR NORMAL DEPARTURE LAST
                VALUE   (LST)  VALUE       VALUE  FROM      YEAR
                                                  NORMAL
..................................................................
TEMPERATURE (F)
 YESTERDAY
  MAXIMUM         95    324 PM  96    1911  80     15       73
  MINIMUM         66    700 AM  41    1896  59      7       60
  AVERAGE         81                        69     12       67

PRECIPITATION (IN)
  YESTERDAY        0.00          2.50 1889   0.11  -0.11     0.59
  MONTH TO DATE    0.73                      2.74  -2.01     3.38
  SINCE SEP 1      0.73                      2.74  -2.01     3.38
  SINCE JAN 1     28.96                     35.25  -6.29    28.92

SNOWFALL (IN)
  YESTERDAY        0.0           0.0    MM   0.0    0.0      0.0
  MONTH TO DATE    0.0                       0.0    0.0      0.0
  SINCE SEP 1      0.0                       0.0    0.0      0.0
  SINCE JUL 1      0.0                       0.0    0.0      0.0
  SNOW DEPTH       0

DEGREE DAYS
 HEATING
  YESTERDAY        0                         1     -1        0
  MONTH TO DATE    0                         7     -7        2
  SINCE SEP 1      0                         7     -7        2
  SINCE JUL 1      0                         7     -7        2

 COOLING
  YESTERDAY       16                         5     11        2
  MONTH TO DATE  317                       201    116      218
  SINCE SEP 1    317                       201    116      218
  SINCE JAN 1   2036                      1636    400     1890
..................................................................


WIND (MPH)
  HIGHEST WIND SPEED    10   HIGHEST WIND DIRECTION    SE (120)
  HIGHEST GUST SPEED    16   HIGHEST GUST DIRECTION    SE (120)
  AVERAGE WIND SPEED     2.4


SKY COVER
  POSSIBLE SUNSHINE  MM
  AVERAGE SKY COVER 0.0


WEATHER CONDITIONS
 THE FOLLOWING WEATHER WAS RECORDED YESTERDAY.
  NO SIGNIFICANT WEATHER WAS OBSERVED.


RELATIVE HUMIDITY (PERCENT)
 HIGHEST    93           700 AM
 LOWEST     26           300 PM
 AVERAGE    60

..........................................................


THE GREENVILLE-SPARTANBURG SC CLIMATE NORMALS FOR TODAY
                         NORMAL    RECORD    YEAR
 MAXIMUM TEMPERATURE (F)   79        94      2010
 MINIMUM TEMPERATURE (F)   58        37      1887


SUNRISE AND SUNSET
SEPTEMBER 25 2016.....SUNRISE   719 AM EDT   SUNSET   721 PM EDT
SEPTEMBER 26 2016.....SUNRISE   720 AM EDT   SUNSET   719 PM EDT


-  INDICATES NEGATIVE NUMBERS.
R  INDICATES RECORD WAS SET OR TIED.
MM INDICATES DATA IS MISSING.
T  INDICATES TRACE AMOUNT.




$$
