000
CDUS42 KGSP 062035
CLIGSP

CLIMATE REPORT
NATIONAL WEATHER SERVICE GREENVILLE-SPARTANBURG SC
435 PM EDT FRI MAY 6 2016


...................................

...THE GREENVILLE-SPARTANBURG SC CLIMATE SUMMARY FOR MAY 6 2016...
VALID TODAY AS OF 400 PM LOCAL TIME.

CLIMATE NORMAL PERIOD 1981 TO 2010
CLIMATE RECORD PERIOD 1884 TO 2016


WEATHER ITEM   OBSERVED TIME   RECORD YEAR NORMAL DEPARTURE LAST
                VALUE   (LST)  VALUE       VALUE  FROM      YEAR
                                                  NORMAL
..................................................................
TEMPERATURE (F)
 TODAY
  MAXIMUM         71    259 PM  92    1977  78     -7       82
                                      1952
  MINIMUM         52    629 AM  36    1974  54     -2       54
  AVERAGE         62                        66     -4       68

PRECIPITATION (IN)
  TODAY            0.00          2.42 1984   0.12  -0.12     0.00
  MONTH TO DATE    1.79                      0.73   1.06     0.00
  SINCE MAR 1      5.80                      8.61  -2.81     8.27
  SINCE JAN 1     14.06                     16.40  -2.34    15.59

SNOWFALL (IN)
  TODAY            0.0           0.0    MM   0.0    0.0      0.0
  MONTH TO DATE    0.0                       0.0    0.0      0.0
  SINCE MAR 1      T                         0.9   -0.9      0.0
  SINCE JUL 1      2.6                       4.7   -2.1      3.7
  SNOW DEPTH       0

DEGREE DAYS
 HEATING
  TODAY            3                         2      1        0
  MONTH TO DATE   13                        15     -2        8
  SINCE MAR 1    380                       572   -192      403
  SINCE JUL 1   2477                      3021   -544     3017

 COOLING
  TODAY            0                         3     -3        3
  MONTH TO DATE   22                        16      6       11
  SINCE MAR 1    107                        64     43       67
  SINCE JAN 1    107                        64     43       67
..................................................................


WIND (MPH)
  HIGHEST WIND SPEED    18   HIGHEST WIND DIRECTION     N (360)
  HIGHEST GUST SPEED    26   HIGHEST GUST DIRECTION    NW (330)
  AVERAGE WIND SPEED     9.4


SKY COVER
  POSSIBLE SUNSHINE  MM
  AVERAGE SKY COVER 0.3


WEATHER CONDITIONS
 THE FOLLOWING WEATHER WAS RECORDED TODAY.
  NO SIGNIFICANT WEATHER WAS OBSERVED.


RELATIVE HUMIDITY (PERCENT)
 HIGHEST    64           200 AM
 LOWEST     33           300 PM
 AVERAGE    49

..........................................................


THE GREENVILLE-SPARTANBURG SC CLIMATE NORMALS FOR TOMORROW
                         NORMAL    RECORD    YEAR
 MAXIMUM TEMPERATURE (F)   78        94      1940
 MINIMUM TEMPERATURE (F)   54        35      1989


SUNRISE AND SUNSET
MAY  6 2016...........SUNRISE   633 AM EDT   SUNSET   819 PM EDT
MAY  7 2016...........SUNRISE   632 AM EDT   SUNSET   819 PM EDT


-  INDICATES NEGATIVE NUMBERS.
R  INDICATES RECORD WAS SET OR TIED.
MM INDICATES DATA IS MISSING.
T  INDICATES TRACE AMOUNT.




$$
JPT
