000
CDUS42 KGSP 290627
CLIGSP

CLIMATE REPORT
NATIONAL WEATHER SERVICE GREENVILLE-SPARTANBURG SC
226 AM EDT THU JUN 29 2017


...................................

...THE GREENVILLE-SPARTANBURG SC CLIMATE SUMMARY FOR JUNE 28 2017...

CLIMATE NORMAL PERIOD 1981 TO 2010
CLIMATE RECORD PERIOD 1884 TO 2017


WEATHER ITEM   OBSERVED TIME   RECORD YEAR NORMAL DEPARTURE LAST
                VALUE   (LST)  VALUE       VALUE  FROM      YEAR
                                                  NORMAL
..................................................................
TEMPERATURE (F)
 YESTERDAY
  MAXIMUM         83    409 PM 102    1952  90     -7       85
  MINIMUM         58    537 AM  50    1968  68    -10       71
  AVERAGE         71                        79     -8       78

PRECIPITATION (IN)
  YESTERDAY        0.00          2.78 2005   0.13  -0.13     0.07
  MONTH TO DATE    2.90                      3.53  -0.63     1.21
  SINCE JUN 1      2.90                      3.53  -0.63     1.21
  SINCE JAN 1     28.27                     22.96   5.31    18.76

SNOWFALL (IN)
  YESTERDAY        0.0           0.0    MM   0.0    0.0      0.0
  MONTH TO DATE    0.0                       0.0    0.0      0.0
  SINCE JUN 1      0.0                       0.0    0.0      0.0
  SINCE JUL 1      3.6                       4.7   -1.1      2.6
  SNOW DEPTH       0

DEGREE DAYS
 HEATING
  YESTERDAY        0                         0      0        0
  MONTH TO DATE    0                         0      0        0
  SINCE JUN 1      0                         0      0        0
  SINCE JUL 1   2186                      3044   -858     2498

 COOLING
  YESTERDAY        6                        14     -8       13
  MONTH TO DATE  291                       323    -32      402
  SINCE JUN 1    291                       323    -32      402
  SINCE JAN 1    556                       524     32      641
..................................................................


WIND (MPH)
  HIGHEST WIND SPEED    12   HIGHEST WIND DIRECTION     S (160)
  HIGHEST GUST SPEED    15   HIGHEST GUST DIRECTION    SE (150)
  AVERAGE WIND SPEED     5.3


SKY COVER
  POSSIBLE SUNSHINE  MM
  AVERAGE SKY COVER 0.1


WEATHER CONDITIONS
 THE FOLLOWING WEATHER WAS RECORDED YESTERDAY.
  NO SIGNIFICANT WEATHER WAS OBSERVED.


RELATIVE HUMIDITY (PERCENT)
 HIGHEST    80           500 AM
 LOWEST     40           400 PM
 AVERAGE    60

..........................................................


THE GREENVILLE-SPARTANBURG SC CLIMATE NORMALS FOR TODAY
                         NORMAL    RECORD    YEAR
 MAXIMUM TEMPERATURE (F)   90       105      2012
 MINIMUM TEMPERATURE (F)   69        54      1974
                                             1892


SUNRISE AND SUNSET
JUNE 29 2017..........SUNRISE   618 AM EDT   SUNSET   847 PM EDT
JUNE 30 2017..........SUNRISE   619 AM EDT   SUNSET   847 PM EDT


-  INDICATES NEGATIVE NUMBERS.
R  INDICATES RECORD WAS SET OR TIED.
MM INDICATES DATA IS MISSING.
T  INDICATES TRACE AMOUNT.




$$
JPT
