000
CDUS42 KGSP 180716
CLIGSP

CLIMATE REPORT
NATIONAL WEATHER SERVICE GREENVILLE-SPARTANBURG SC
212 AM EST THU DEC 18 2014

...................................

...THE GREENVILLE-SPARTANBURG SC CLIMATE SUMMARY FOR DECEMBER 17 2014...

CLIMATE NORMAL PERIOD 1981 TO 2010
CLIMATE RECORD PERIOD 1884 TO 2014


WEATHER ITEM   OBSERVED TIME   RECORD YEAR NORMAL DEPARTURE LAST
                VALUE   (LST)  VALUE       VALUE  FROM      YEAR
                                                  NORMAL
..................................................................
TEMPERATURE (F)
 YESTERDAY
  MAXIMUM         60    257 PM  75    1924  53      7       62
  MINIMUM         34    805 AM  11    1901  34      0       35
  AVERAGE         47                        44      3       49

PRECIPITATION (IN)
  YESTERDAY        0.00          2.32 1932   0.13  -0.13     0.00
  MONTH TO DATE    0.53                      2.35  -1.82     2.91
  SINCE DEC 1      0.53                      2.35  -1.82     2.91
  SINCE JAN 1     47.10                     45.43   1.67    65.80

SNOWFALL (IN)
  YESTERDAY        0.0          14.4  1930   0.0    0.0      0.0
  MONTH TO DATE    0.0                       0.1   -0.1      0.0
  SINCE DEC 1      0.0                       0.1   -0.1      0.0
  SINCE JUL 1      T                         0.2   -0.2      0.1
  SNOW DEPTH       0

DEGREE DAYS
 HEATING
  YESTERDAY       18                        22     -4       16
  MONTH TO DATE  270                       337    -67      291
  SINCE DEC 1    270                       337    -67      291
  SINCE JUL 1    907                       890     17      895

 COOLING
  YESTERDAY        0                         0      0        0
  MONTH TO DATE    0                         0      0        6
  SINCE DEC 1      0                         0      0        6
  SINCE JAN 1   1693                      1715    -22     1533
..................................................................


WIND (MPH)
  HIGHEST WIND SPEED     9   HIGHEST WIND DIRECTION    SW (220)
  HIGHEST GUST SPEED    13   HIGHEST GUST DIRECTION     S (200)
  AVERAGE WIND SPEED     3.3


SKY COVER
  POSSIBLE SUNSHINE  MM
  AVERAGE SKY COVER 0.0


WEATHER CONDITIONS
 THE FOLLOWING WEATHER WAS RECORDED YESTERDAY.
  NO SIGNIFICANT WEATHER WAS OBSERVED.


RELATIVE HUMIDITY (PERCENT)
 HIGHEST   100           700 AM
 LOWEST     39           300 PM
 AVERAGE    70

..........................................................


THE GREENVILLE-SPARTANBURG SC CLIMATE NORMALS FOR TODAY
                         NORMAL    RECORD    YEAR
 MAXIMUM TEMPERATURE (F)   53        76      2006
                                             1984
 MINIMUM TEMPERATURE (F)   33        12      1901


SUNRISE AND SUNSET
DECEMBER 18 2014......SUNRISE   731 AM EST   SUNSET   520 PM EST
DECEMBER 19 2014......SUNRISE   732 AM EST   SUNSET   520 PM EST


-  INDICATES NEGATIVE NUMBERS.
R  INDICATES RECORD WAS SET OR TIED.
MM INDICATES DATA IS MISSING.
T  INDICATES TRACE AMOUNT.

$$
