000
CDUS45 KTFX 301029
CLIGTF


CLIMATE REPORT
NATIONAL WEATHER SERVICE GREAT FALLS MT
429 AM MDT SAT AUG 30 2014


...................................

...THE GREAT FALLS MT CLIMATE SUMMARY FOR AUGUST 29 2014...

CLIMATE NORMAL PERIOD 1981 TO 2010
CLIMATE RECORD PERIOD 1886 TO 2014


WEATHER ITEM   OBSERVED TIME   RECORD YEAR NORMAL DEPARTURE LAST
                VALUE   (LST)  VALUE       VALUE  FROM      YEAR
                                                  NORMAL
..................................................................
TEMPERATURE (F)
 YESTERDAY
  MAXIMUM         82    425 PM  97    2005  78      4       94
  MINIMUM         47    435 AM  34    1992  47      0       53
  AVERAGE         65                        63      2       74

PRECIPITATION (IN)
  YESTERDAY        0.00          0.90 1993   0.06  -0.06     0.01
  MONTH TO DATE    4.39                      1.46   2.93     1.08
  SINCE OCT 1     18.51                     13.22   5.29    12.23
  SINCE JAN 1     16.46                     11.22   5.24     8.89

SNOWFALL (IN)
  YESTERDAY        0.0           0.0  2002   0.0    0.0      0.0
  MONTH TO DATE    0.0                       0.3   -0.3      0.0
  SINCE JUN 1      0.0                       0.6   -0.6      0.0
  SINCE JUL 1      0.0                       0.3   -0.3      0.0
  SNOW DEPTH       0

DEGREE DAYS
 HEATING
  YESTERDAY        0                         4     -4        0
  MONTH TO DATE   57                        62     -5        8
  SINCE JUN 1    285                       303    -18      196
  SINCE JUL 1     62                       112    -50       24

 COOLING
  YESTERDAY        0                         2     -2        9
  MONTH TO DATE  145                       109     36      160
  SINCE JUN 1    324                       265     59      361
  SINCE JAN 1    324                       272     52      364
..................................................................


WIND (MPH)
  HIGHEST WIND SPEED    18   HIGHEST WIND DIRECTION     S (180)
  HIGHEST GUST SPEED    22   HIGHEST GUST DIRECTION     S (190)
  AVERAGE WIND SPEED     6.9


SKY COVER
  AVERAGE SKY COVER 0.0


WEATHER CONDITIONS
 THE FOLLOWING WEATHER WAS RECORDED YESTERDAY.
  NO SIGNIFICANT WEATHER WAS OBSERVED.


RELATIVE HUMIDITY (PERCENT)
 HIGHEST   100           300 AM
 LOWEST     21           400 PM
 AVERAGE    61

..........................................................


THE GREAT FALLS MT CLIMATE NORMALS FOR TODAY
                         NORMAL    RECORD    YEAR
 MAXIMUM TEMPERATURE (F)   78        97      1999
                                             1929
 MINIMUM TEMPERATURE (F)   47        35      1993
                                             1924


SUNRISE AND SUNSET
AUGUST 30 2014........SUNRISE   642 AM MDT   SUNSET   809 PM MDT
AUGUST 31 2014........SUNRISE   643 AM MDT   SUNSET   808 PM MDT


-  INDICATES NEGATIVE NUMBERS.
R  INDICATES RECORD WAS SET OR TIED.
MM INDICATES DATA IS MISSING.
T  INDICATES TRACE AMOUNT.




$$
