000
CDUS45 KTFX 051000
CLIGTF


CLIMATE REPORT
NATIONAL WEATHER SERVICE GREAT FALLS MT
300 AM MST FRI FEB 5 2016


...................................

...THE GREAT FALLS MT CLIMATE SUMMARY FOR FEBRUARY 4 2016...

CLIMATE NORMAL PERIOD 1981 TO 2010
CLIMATE RECORD PERIOD 1886 TO 2016


WEATHER ITEM   OBSERVED TIME   RECORD YEAR NORMAL DEPARTURE LAST
                VALUE   (LST)  VALUE       VALUE  FROM      YEAR
                                                  NORMAL
..................................................................
TEMPERATURE (F)
 YESTERDAY
  MAXIMUM         44   1254 PM  62    1963  37      7       38
  MINIMUM         24   1125 PM -33    1989  16      8       11
  AVERAGE         34                        26      8       25

PRECIPITATION (IN)
  YESTERDAY        0.00          0.43 1944   0.01  -0.01      T
  MONTH TO DATE    0.01                      0.06  -0.05     0.01
  SINCE OCT 1      5.73                      2.57   3.16     3.97
  SINCE JAN 1      0.63                      0.57   0.06     1.02

SNOWFALL (IN)
  YESTERDAY        0.0           3.1  1962   0.3   -0.3      0.0
  MONTH TO DATE    0.1                       1.2   -1.1      0.1
  SINCE DEC 1     22.0                      19.3    2.7     33.2
  SINCE JUL 1     37.9                      33.0    4.9     50.6
  SNOW DEPTH       0

DEGREE DAYS
 HEATING
  YESTERDAY       31                        39     -8       40
  MONTH TO DATE  149                       156     -7      177
  SINCE DEC 1   2492                      2638   -146     2480
  SINCE JUL 1   4313                      4607   -294     4369

 COOLING
  YESTERDAY        0                         0      0        0
  MONTH TO DATE    0                         0      0        0
  SINCE DEC 1      0                         0      0        0
  SINCE JAN 1      0                         0      0        0
..................................................................


WIND (MPH)
  HIGHEST WIND SPEED    30   HIGHEST WIND DIRECTION    SW (240)
  HIGHEST GUST SPEED    36   HIGHEST GUST DIRECTION    SW (220)
  AVERAGE WIND SPEED    18.4


SKY COVER
  AVERAGE SKY COVER 0.5


WEATHER CONDITIONS
 THE FOLLOWING WEATHER WAS RECORDED YESTERDAY.
  NO SIGNIFICANT WEATHER WAS OBSERVED.


RELATIVE HUMIDITY (PERCENT)
 HIGHEST    63          1200 AM
 LOWEST     36          1200 PM
 AVERAGE    50

..........................................................


THE GREAT FALLS MT CLIMATE NORMALS FOR TODAY
                         NORMAL    RECORD    YEAR
 MAXIMUM TEMPERATURE (F)   37        62      1941
 MINIMUM TEMPERATURE (F)   16       -27      2014


SUNRISE AND SUNSET
FEBRUARY  5 2016......SUNRISE   747 AM MST   SUNSET   533 PM MST
FEBRUARY  6 2016......SUNRISE   745 AM MST   SUNSET   534 PM MST


-  INDICATES NEGATIVE NUMBERS.
R  INDICATES RECORD WAS SET OR TIED.
MM INDICATES DATA IS MISSING.
T  INDICATES TRACE AMOUNT.




$$
