000
CDUS45 KTFX 262324
CLIGTF


CLIMATE REPORT
NATIONAL WEATHER SERVICE GREAT FALLS MT
424 PM MST THU FEB 26 2015


...................................

...THE GREAT FALLS MT CLIMATE SUMMARY FOR FEBRUARY 26 2015...
VALID TODAY AS OF 0400 PM LOCAL TIME.

CLIMATE NORMAL PERIOD 1981 TO 2010
CLIMATE RECORD PERIOD 1886 TO 2015


WEATHER ITEM   OBSERVED TIME   RECORD YEAR NORMAL DEPARTURE LAST
                VALUE   (LST)  VALUE       VALUE  FROM      YEAR
                                                  NORMAL
..................................................................
TEMPERATURE (F)
 TODAY
  MAXIMUM         16    252 PM  67    1950  41    -25       29
  MINIMUM          3    543 AM -25    1917  18    -15       -4
  AVERAGE         10                        29    -19       13

PRECIPITATION (IN)
  TODAY            0.01          0.44 1958   0.02  -0.01     0.00
  MONTH TO DATE    0.37                      0.43  -0.06     1.02
  SINCE OCT 1      4.33                      2.94   1.39     4.37
  SINCE JAN 1      1.38                      0.94   0.44     2.32

SNOWFALL (IN)
  TODAY            0.3           4.5  1958   0.3    0.0      0.0
  MONTH TO DATE    4.9                       7.6   -2.7     12.4
  SINCE DEC 1     38.0                      25.7   12.3     44.7
  SINCE JUL 1     55.4                      39.4   16.0     54.4
  SNOW DEPTH       1

DEGREE DAYS
 HEATING
  TODAY           55                        36     19       52
  MONTH TO DATE  844                       984   -140     1298
  SINCE DEC 1   3147                      3466   -319     3749
  SINCE JUL 1   5036                      5435   -399     5549

 COOLING
  TODAY            0                         0      0        0
  MONTH TO DATE    0                         0      0        0
  SINCE DEC 1      0                         0      0        0
  SINCE JAN 1      0                         0      0        0
..................................................................


WIND (MPH)
  HIGHEST WIND SPEED    12   HIGHEST WIND DIRECTION     E (70)
  HIGHEST GUST SPEED    14   HIGHEST GUST DIRECTION     E (80)
  AVERAGE WIND SPEED     8.1


SKY COVER
  AVERAGE SKY COVER 0.8


WEATHER CONDITIONS
 THE FOLLOWING WEATHER WAS RECORDED TODAY.
  LIGHT SNOW
  FOG
  HAZE


RELATIVE HUMIDITY (PERCENT)
 HIGHEST    96           500 AM
 LOWEST     67           400 PM
 AVERAGE    82

..........................................................


THE GREAT FALLS MT CLIMATE NORMALS FOR TOMORROW
                         NORMAL    RECORD    YEAR
 MAXIMUM TEMPERATURE (F)   41        70      1992
                                             1932
 MINIMUM TEMPERATURE (F)   18       -22      1917


SUNRISE AND SUNSET
FEBRUARY 26 2015......SUNRISE   712 AM MST   SUNSET   606 PM MST
FEBRUARY 27 2015......SUNRISE   710 AM MST   SUNSET   607 PM MST


-  INDICATES NEGATIVE NUMBERS.
R  INDICATES RECORD WAS SET OR TIED.
MM INDICATES DATA IS MISSING.
T  INDICATES TRACE AMOUNT.




$$
