000
CDUS44 KAMA 300631
CLIGUY


CLIMATE REPORT
NATIONAL WEATHER SERVICE AMARILLO TX
129 AM CDT THU MAR 30 2017


...................................

...THE GUYMON CLIMATE SUMMARY FOR MARCH 29 2017...

CLIMATE NORMAL PERIOD 1981 TO 2010
CLIMATE RECORD PERIOD 1998 TO 2017


WEATHER ITEM   OBSERVED TIME   RECORD YEAR NORMAL DEPARTURE LAST
                VALUE   (LST)  VALUE       VALUE  FROM      YEAR
                                                  NORMAL
..................................................................
TEMPERATURE (F)
 YESTERDAY
  MAXIMUM         47    536 PM  MM      MM  65    -18       76
  MINIMUM         41   1159 PM  MM      MM  35      6       48
  AVERAGE         44                        50     -6       62

PRECIPITATION (IN)
  YESTERDAY        0.50         MM      MM   0.05   0.45     0.00
  MONTH TO DATE    1.91                      1.33   0.58     0.26
  SINCE MAR 1      1.91                      1.33   0.58     0.26
  SINCE JAN 1      3.93                      2.20   1.73     0.69

SNOWFALL (IN)
  YESTERDAY        0.0          MM      MM  MM     MM        0.0
  MONTH TO DATE    0.0                      MM     MM        0.0
  SINCE MAR 1      0.0                      MM     MM        0.0
  SINCE JUL 1      0.8                      MM     MM        0.0
  SNOW DEPTH       0

DEGREE DAYS
 HEATING
  YESTERDAY       21                        15      6        3
  MONTH TO DATE  380                       552   -172      420
  SINCE MAR 1    380                       552   -172      420
  SINCE JUL 1   3283                      4019   -736     3387

 COOLING
  YESTERDAY        0                         0      0        0
  MONTH TO DATE   15                         0     15        6
  SINCE MAR 1     15                         0     15        6
  SINCE JAN 1     23                         0     23        9
..................................................................


WIND (MPH)
  RESULTANT WIND SPEED  19   RESULTANT WIND DIRECTION   N (350)
  HIGHEST WIND SPEED    33   HIGHEST WIND DIRECTION     N (340)
  HIGHEST GUST SPEED    40   HIGHEST GUST DIRECTION     N (340)
  AVERAGE WIND SPEED    20.2


SKY COVER
  AVERAGE SKY COVER 0.8


WEATHER CONDITIONS
 THE FOLLOWING WEATHER WAS RECORDED YESTERDAY.
  RAIN
  LIGHT RAIN
  FOG


RELATIVE HUMIDITY (PERCENT)
 HIGHEST   100          1200 AM
 LOWEST     83           900 PM
 AVERAGE    92

..........................................................


THE GUYMON CLIMATE NORMALS FOR TODAY
                         NORMAL    RECORD    YEAR
 MAXIMUM TEMPERATURE (F)   65        MM        MM
 MINIMUM TEMPERATURE (F)   36        MM        MM


SUNRISE AND SUNSET
MARCH 30 2017.........SUNRISE   734 AM CDT   SUNSET   807 PM CDT
MARCH 31 2017.........SUNRISE   733 AM CDT   SUNSET   808 PM CDT


-  INDICATES NEGATIVE NUMBERS.
R  INDICATES RECORD WAS SET OR TIED.
MM INDICATES DATA IS MISSING.
T  INDICATES TRACE AMOUNT.




$$
