000
CDUS44 KAMA 130730
CLIGUY


CLIMATE REPORT
NATIONAL WEATHER SERVICE AMARILLO TX
128 AM CST WED DEC 13 2017


...................................

...THE GUYMON CLIMATE SUMMARY FOR DECEMBER 12 2017...

CLIMATE NORMAL PERIOD 1981 TO 2010
CLIMATE RECORD PERIOD 1998 TO 2017


WEATHER ITEM   OBSERVED TIME   RECORD YEAR NORMAL DEPARTURE LAST
                VALUE   (LST)  VALUE       VALUE  FROM      YEAR
                                                  NORMAL
..................................................................
TEMPERATURE (F)
 YESTERDAY
  MAXIMUM         67R   425 PM  62    2009  48     19       59
  MINIMUM         19    720 AM   4    2000  22     -3       17
  AVERAGE         43                        35      8       38

PRECIPITATION (IN)
  YESTERDAY        0.00         MM      MM   0.01  -0.01     0.00
  MONTH TO DATE    0.00                      0.32  -0.32     0.14
  SINCE DEC 1      0.00                      0.32  -0.32     0.14
  SINCE JAN 1     21.69                     18.98   2.71    15.26

SNOWFALL (IN)
  YESTERDAY        0.0          MM      MM  MM     MM        0.0
  MONTH TO DATE    0.0                      MM     MM        0.0
  SINCE DEC 1      0.0                      MM     MM        0.0
  SINCE JUL 1      0.0                      MM     MM        0.0
  SNOW DEPTH       0

DEGREE DAYS
 HEATING
  YESTERDAY       22                        30     -8       27
  MONTH TO DATE  270                       339    -69      366
  SINCE DEC 1    270                       339    -69      366
  SINCE JUL 1    998                      1230   -232      904

 COOLING
  YESTERDAY        0                         0      0        0
  MONTH TO DATE    0                         0      0        0
  SINCE DEC 1      0                         0      0        0
  SINCE JAN 1   1592                      1482    110     1807
..................................................................


WIND (MPH)
  RESULTANT WIND SPEED   8   RESULTANT WIND DIRECTION   W (260)
  HIGHEST WIND SPEED    18   HIGHEST WIND DIRECTION     W (260)
  HIGHEST GUST SPEED    24   HIGHEST GUST DIRECTION     W (250)
  AVERAGE WIND SPEED     9.6


SKY COVER
  AVERAGE SKY COVER 0.0


WEATHER CONDITIONS
 THE FOLLOWING WEATHER WAS RECORDED YESTERDAY.
  NO SIGNIFICANT WEATHER WAS OBSERVED.


RELATIVE HUMIDITY (PERCENT)
 HIGHEST    67           800 AM
 LOWEST     11           300 PM
 AVERAGE    39

..........................................................


THE GUYMON CLIMATE NORMALS FOR TODAY
                         NORMAL    RECORD    YEAR
 MAXIMUM TEMPERATURE (F)   48        72      2014
 MINIMUM TEMPERATURE (F)   22        13      1999


SUNRISE AND SUNSET
DECEMBER 13 2017......SUNRISE   750 AM CST   SUNSET   531 PM CST
DECEMBER 14 2017......SUNRISE   751 AM CST   SUNSET   531 PM CST


-  INDICATES NEGATIVE NUMBERS.
R  INDICATES RECORD WAS SET OR TIED.
MM INDICATES DATA IS MISSING.
T  INDICATES TRACE AMOUNT.




$$
