000
CDUS44 KAMA 270734
CLIGUY


CLIMATE REPORT
NATIONAL WEATHER SERVICE AMARILLO TX
133 AM CST SAT DEC 27 2014


...................................

...THE GUYMON CLIMATE SUMMARY FOR DECEMBER 26 2014...

CLIMATE NORMAL PERIOD 1981 TO 2010
CLIMATE RECORD PERIOD 1998 TO 2014


WEATHER ITEM   OBSERVED TIME   RECORD YEAR NORMAL DEPARTURE LAST
                VALUE   (LST)  VALUE       VALUE  FROM      YEAR
                                                  NORMAL
..................................................................
TEMPERATURE (F)
 YESTERDAY
  MAXIMUM         39   1201 AM  78    2005  47     -8       56
  MINIMUM         19   1143 PM   4    2002  21     -2       27
  AVERAGE         29                        34     -5       42

PRECIPITATION (IN)
  YESTERDAY        0.04         MM      MM   0.02   0.02     0.00
  MONTH TO DATE    0.81                      0.55   0.26     0.31
  SINCE DEC 1      0.81                      0.55   0.26     0.31
  SINCE JAN 1     13.12                     19.21  -6.09    15.31

SNOWFALL (IN)
  YESTERDAY        0.8          MM      MM  MM     MM        0.0
  MONTH TO DATE    0.8                      MM     MM        3.5
  SINCE DEC 1      0.8                      MM     MM        3.5
  SINCE JUL 1      3.8                      MM     MM        7.2
  SNOW DEPTH       0

DEGREE DAYS
 HEATING
  YESTERDAY       36                        31      5       23
  MONTH TO DATE  606                       770   -164      819
  SINCE DEC 1    606                       770   -164      819
  SINCE JUL 1   1413                      1661   -248     1705

 COOLING
  YESTERDAY        0                         0      0        0
  MONTH TO DATE    0                         0      0        0
  SINCE DEC 1      0                         0      0        0
  SINCE JAN 1   1706                      1482    224     1846
..................................................................


WIND (MPH)
  RESULTANT WIND SPEED  11   RESULTANT WIND DIRECTION   N (10)
  HIGHEST WIND SPEED    23   HIGHEST WIND DIRECTION     N (10)
  HIGHEST GUST SPEED    30   HIGHEST GUST DIRECTION     N (20)
  AVERAGE WIND SPEED    12.3


SKY COVER
  AVERAGE SKY COVER 0.7


WEATHER CONDITIONS
 THE FOLLOWING WEATHER WAS RECORDED YESTERDAY.
  SNOW
  LIGHT SNOW
  FOG


RELATIVE HUMIDITY (PERCENT)
 HIGHEST    92          1000 PM
 LOWEST     63          1200 AM
 AVERAGE    78

..........................................................


THE GUYMON CLIMATE NORMALS FOR TODAY
                         NORMAL    RECORD    YEAR
 MAXIMUM TEMPERATURE (F)   47        64      2006
                                             2005
 MINIMUM TEMPERATURE (F)   21         8      2000


SUNRISE AND SUNSET
DECEMBER 27 2014......SUNRISE   757 AM CST   SUNSET   537 PM CST
DECEMBER 28 2014......SUNRISE   757 AM CST   SUNSET   538 PM CST


-  INDICATES NEGATIVE NUMBERS.
R  INDICATES RECORD WAS SET OR TIED.
MM INDICATES DATA IS MISSING.
T  INDICATES TRACE AMOUNT.




$$
