000
CDUS44 KAMA 250629
CLIGUY


CLIMATE REPORT
NATIONAL WEATHER SERVICE AMARILLO TX
129 AM CDT MON JUL 25 2016


...................................

...THE GUYMON CLIMATE SUMMARY FOR JULY 24 2016...

CLIMATE NORMAL PERIOD 1981 TO 2010
CLIMATE RECORD PERIOD 1998 TO 2016


WEATHER ITEM   OBSERVED TIME   RECORD YEAR NORMAL DEPARTURE LAST
                VALUE   (LST)  VALUE       VALUE  FROM      YEAR
                                                  NORMAL
..................................................................
TEMPERATURE (F)
 YESTERDAY
  MAXIMUM        102    344 PM  MM      MM  94      8       99
  MINIMUM         71   1159 PM  MM      MM  66      5       69
  AVERAGE         87                        80      7       84

PRECIPITATION (IN)
  YESTERDAY        1.18         MM      MM   0.08   1.10     0.00
  MONTH TO DATE    1.56                      2.02  -0.46     3.44
  SINCE JUN 1      4.20                      4.96  -0.76     5.13
  SINCE JAN 1     11.16                     11.21  -0.05    16.08

SNOWFALL (IN)
  YESTERDAY        0.0          MM      MM  MM     MM        0.0
  MONTH TO DATE    0.0                      MM     MM        0.0
  SINCE JUN 1      0.0                      MM     MM        0.0
  SINCE JUL 1      0.0                      MM     MM        0.0
  SNOW DEPTH       0

DEGREE DAYS
 HEATING
  YESTERDAY        0                         0      0        0
  MONTH TO DATE    0                         0      0        0
  SINCE JUN 1      0                         8     -8        0
  SINCE JUL 1      0                         0      0        0

 COOLING
  YESTERDAY       22                        15      7       19
  MONTH TO DATE  452                       350    102      366
  SINCE JUN 1    856                       630    226      747
  SINCE JAN 1    946                       738    208      811
..................................................................


WIND (MPH)
  RESULTANT WIND SPEED   2   RESULTANT WIND DIRECTION   E (80)
  HIGHEST WIND SPEED    41   HIGHEST WIND DIRECTION    SW (240)
  HIGHEST GUST SPEED    58   HIGHEST GUST DIRECTION    SW (240)
  AVERAGE WIND SPEED     8.6


SKY COVER
  AVERAGE SKY COVER 0.1


WEATHER CONDITIONS
 THE FOLLOWING WEATHER WAS RECORDED YESTERDAY.
  THUNDERSTORM
  HEAVY RAIN
  LIGHT RAIN


RELATIVE HUMIDITY (PERCENT)
 HIGHEST    79          1000 PM
 LOWEST     24           400 PM
 AVERAGE    52

..........................................................


THE GUYMON CLIMATE NORMALS FOR TODAY
                         NORMAL    RECORD    YEAR
 MAXIMUM TEMPERATURE (F)   94        MM        MM
 MINIMUM TEMPERATURE (F)   66        MM        MM


SUNRISE AND SUNSET
JULY 25 2016..........SUNRISE   647 AM CDT   SUNSET   858 PM CDT
JULY 26 2016..........SUNRISE   648 AM CDT   SUNSET   857 PM CDT


-  INDICATES NEGATIVE NUMBERS.
R  INDICATES RECORD WAS SET OR TIED.
MM INDICATES DATA IS MISSING.
T  INDICATES TRACE AMOUNT.




$$
