000
CDUS44 KAMA 260641
CLIGUY


CLIMATE REPORT
NATIONAL WEATHER SERVICE AMARILLO TX
141 AM CDT FRI MAY 26 2017


...................................

...THE GUYMON CLIMATE SUMMARY FOR MAY 25 2017...

CLIMATE NORMAL PERIOD 1981 TO 2010
CLIMATE RECORD PERIOD 1998 TO 2017


WEATHER ITEM   OBSERVED TIME   RECORD YEAR NORMAL DEPARTURE LAST
                VALUE   (LST)  VALUE       VALUE  FROM      YEAR
                                                  NORMAL
..................................................................
TEMPERATURE (F)
 YESTERDAY
  MAXIMUM         95    335 PM  MM      MM  81     14       90
  MINIMUM         46    557 AM  MM      MM  54     -8       49
  AVERAGE         71                        68      3       70

PRECIPITATION (IN)
  YESTERDAY        0.00         MM      MM   0.10  -0.10     0.00
  MONTH TO DATE    2.11                      1.78   0.33     0.81
  SINCE MAR 1      8.10                      4.72   3.38     6.33
  SINCE JAN 1     10.12                      5.59   4.53     6.76

SNOWFALL (IN)
  YESTERDAY        0.0          MM      MM  MM     MM        0.0
  MONTH TO DATE    0.0                      MM     MM        0.0
  SINCE MAR 1      3.0                      MM     MM        0.0
  SINCE JUL 1      3.8                      MM     MM        0.0
  SNOW DEPTH       0

DEGREE DAYS
 HEATING
  YESTERDAY        0                         2     -2        0
  MONTH TO DATE  101                        89     12      128
  SINCE MAR 1    765                       975   -210      811
  SINCE JUL 1   3668                      4442   -774     3778

 COOLING
  YESTERDAY        6                         4      2        5
  MONTH TO DATE   44                        64    -20       62
  SINCE MAR 1    101                        79     22       79
  SINCE JAN 1    109                        79     30       82
..................................................................


WIND (MPH)
  RESULTANT WIND SPEED   6   RESULTANT WIND DIRECTION  SW (220)
  HIGHEST WIND SPEED    28   HIGHEST WIND DIRECTION     N (360)
  HIGHEST GUST SPEED    36   HIGHEST GUST DIRECTION     N (360)
  AVERAGE WIND SPEED     9.4


SKY COVER
  AVERAGE SKY COVER 0.0


WEATHER CONDITIONS
 THE FOLLOWING WEATHER WAS RECORDED YESTERDAY.
  NO SIGNIFICANT WEATHER WAS OBSERVED.


RELATIVE HUMIDITY (PERCENT)
 HIGHEST    93           500 AM
 LOWEST     14           200 PM
 AVERAGE    54

..........................................................


THE GUYMON CLIMATE NORMALS FOR TODAY
                         NORMAL    RECORD    YEAR
 MAXIMUM TEMPERATURE (F)   82        MM        MM
 MINIMUM TEMPERATURE (F)   54        MM        MM


SUNRISE AND SUNSET
MAY 26 2017...........SUNRISE   631 AM CDT   SUNSET   855 PM CDT
MAY 27 2017...........SUNRISE   631 AM CDT   SUNSET   856 PM CDT


-  INDICATES NEGATIVE NUMBERS.
R  INDICATES RECORD WAS SET OR TIED.
MM INDICATES DATA IS MISSING.
T  INDICATES TRACE AMOUNT.




$$
