000
CDUS42 KFFC 260835
CLIGVL


CLIMATE REPORT
NATIONAL WEATHER SERVICE PEACHTREE CITY GA
435 AM EDT TUE JUL 26 2016


...................................

...THE GAINESVILLE   CLIMATE SUMMARY FOR JULY 25 2016...

CLIMATE NORMAL PERIOD 1981 TO 2010
CLIMATE RECORD PERIOD 9999 TO 9999


WEATHER ITEM   OBSERVED TIME   RECORD YEAR NORMAL DEPARTURE LAST
                VALUE   (LST)  VALUE       VALUE  FROM      YEAR
                                                  NORMAL
..................................................................
TEMPERATURE (F)
 YESTERDAY
  MAXIMUM         95    454 PM  MM      MM  88      7       88
  MINIMUM         73    543 AM  MM      MM  70      3       73
  AVERAGE         84                        79      5       81

PRECIPITATION (IN)
  YESTERDAY        T            MM      MM   0.15  -0.15     0.01
  MONTH TO DATE    1.58                      3.63  -2.05     4.34
  SINCE JUN 1      5.02                      8.02  -3.00     7.81
  SINCE JAN 1     22.27                     30.94  -8.67    25.13

DEGREE DAYS
 COOLING
  YESTERDAY       19                        14      5       16
  MONTH TO DATE  421                       346     75      372
  SINCE JUN 1    852                       667    185      768
  SINCE JAN 1   1083                       842    241     1021
..................................................................


WIND (MPH)
  RESULTANT WIND SPEED   1   RESULTANT WIND DIRECTION   S (190)
  HIGHEST WIND SPEED    18   HIGHEST WIND DIRECTION     W (270)
  HIGHEST GUST SPEED    26   HIGHEST GUST DIRECTION     W (270)
  AVERAGE WIND SPEED     3.6


SKY COVER
  AVERAGE SKY COVER 0.4


WEATHER CONDITIONS
 THE FOLLOWING WEATHER WAS RECORDED YESTERDAY.
  NO SIGNIFICANT WEATHER WAS OBSERVED.


RELATIVE HUMIDITY (PERCENT)
 HIGHEST    79          1100 PM
 LOWEST     39           400 PM
 AVERAGE    59

..........................................................


THE GAINESVILLE   CLIMATE NORMALS FOR TODAY
                         NORMAL    RECORD    YEAR
 MAXIMUM TEMPERATURE (F)   88        MM        MM
 MINIMUM TEMPERATURE (F)   70        MM        MM


SUNRISE AND SUNSET
JULY 26 2016..........SUNRISE   642 AM EDT   SUNSET   841 PM EDT
JULY 27 2016..........SUNRISE   643 AM EDT   SUNSET   840 PM EDT


-  INDICATES NEGATIVE NUMBERS.
R  INDICATES RECORD WAS SET OR TIED.
MM INDICATES DATA IS MISSING.
T  INDICATES TRACE AMOUNT.




$$
