000
CDUS42 KFFC 220819
CLIGVL


CLIMATE REPORT
NATIONAL WEATHER SERVICE PEACHTREE CITY GA
419 AM EDT TUE JUL 22 2014


...................................

...THE GAINESVILLE   CLIMATE SUMMARY FOR JULY 21 2014...

CLIMATE NORMAL PERIOD 1981 TO 2010
CLIMATE RECORD PERIOD 9999 TO 9999


WEATHER ITEM   OBSERVED TIME   RECORD YEAR NORMAL DEPARTURE LAST
                VALUE   (LST)  VALUE       VALUE  FROM      YEAR
                                                  NORMAL
..................................................................
TEMPERATURE (F)
 YESTERDAY
  MAXIMUM         82    109 PM  MM      MM  88     -6       87
  MINIMUM         70    725 AM  MM      MM  70      0       70
  AVERAGE         76                        79     -3       79

PRECIPITATION (IN)
  YESTERDAY        0.21         MM      MM   0.13   0.08     1.83
  MONTH TO DATE    3.97                      3.06   0.91    10.17
  SINCE JUN 1      5.73                      7.45  -1.72    16.55
  SINCE JAN 1     24.90                     30.37  -5.47    31.47

DEGREE DAYS
 COOLING
  YESTERDAY       11                        14     -3       14
  MONTH TO DATE  255                       290    -35      242
  SINCE JUN 1    612                       611      1      562
  SINCE JAN 1    841                       786     55      707
..................................................................


WIND (MPH)
  RESULTANT WIND SPEED   7   RESULTANT WIND DIRECTION   E (90)
  HIGHEST WIND SPEED    14   HIGHEST WIND DIRECTION     E (90)
  HIGHEST GUST SPEED    20   HIGHEST GUST DIRECTION     S (180)
  AVERAGE WIND SPEED     7.1


SKY COVER
  AVERAGE SKY COVER 0.8


WEATHER CONDITIONS
 THE FOLLOWING WEATHER WAS RECORDED YESTERDAY.
  HEAVY RAIN
  RAIN
  LIGHT RAIN
  FOG


RELATIVE HUMIDITY (PERCENT)
 HIGHEST   100           400 AM
 LOWEST     69          1200 PM
 AVERAGE    85

..........................................................


THE GAINESVILLE   CLIMATE NORMALS FOR TODAY
                         NORMAL    RECORD    YEAR
 MAXIMUM TEMPERATURE (F)   88        MM        MM
 MINIMUM TEMPERATURE (F)   70        MM        MM


SUNRISE AND SUNSET
JULY 22 2014..........SUNRISE   639 AM EDT   SUNSET   844 PM EDT
JULY 23 2014..........SUNRISE   640 AM EDT   SUNSET   843 PM EDT


-  INDICATES NEGATIVE NUMBERS.
R  INDICATES RECORD WAS SET OR TIED.
MM INDICATES DATA IS MISSING.
T  INDICATES TRACE AMOUNT.




$$
