000
CDUS42 KFFC 070025
CLIGVL


CLIMATE REPORT
NATIONAL WEATHER SERVICE PEACHTREE CITY GA
725 PM EST FRI MAR 6 2015


...................................

...THE GAINESVILLE   CLIMATE SUMMARY FOR MARCH 6 2015...
VALID AS OF 0700 PM LOCAL TIME.

CLIMATE NORMAL PERIOD 1981 TO 2010
CLIMATE RECORD PERIOD 9999 TO 9999


WEATHER ITEM   OBSERVED TIME   RECORD YEAR NORMAL DEPARTURE LAST
                VALUE   (LST)  VALUE       VALUE  FROM      YEAR
                                                  NORMAL
..................................................................
TEMPERATURE (F)
 TODAY
  MAXIMUM         48    513 PM  MM      MM  60    -12       42
  MINIMUM         32    354 AM  MM      MM  40     -8       35
  AVERAGE         40                        50    -10       39

PRECIPITATION (IN)
  TODAY            T            MM      MM   0.20  -0.20     0.50
  MONTH TO DATE    0.27                      1.15  -0.88     0.80
  SINCE MAR 1      0.27                      1.15  -0.88     0.80

SNOWFALL (IN)
  TODAY           MM            MM      MM  MM     MM       MM
  MONTH TO DATE   MM                        MM     MM        0.0
  SINCE MAR 1     MM                        MM     MM        0.0
  SINCE JUL 1      T                        MM     MM         T
  SNOW DEPTH      MM

DEGREE DAYS
 HEATING
  TODAY           25                        15     10       26
  MONTH TO DATE   95                        94      1      113
  SINCE MAR 1     95                        94      1      113
  SINCE JUL 1   2725                      2558    167     2782

 COOLING
  TODAY            0                         0      0        0
  MONTH TO DATE    0                         0      0        0
  SINCE MAR 1      0                         0      0        0
  SINCE JAN 1      0                         0      0        0
..................................................................


WIND (MPH)
  RESULTANT WIND SPEED   2   RESULTANT WIND DIRECTION   N (0)
  HIGHEST WIND SPEED    15   HIGHEST WIND DIRECTION     E (100)
  HIGHEST GUST SPEED    20   HIGHEST GUST DIRECTION     E (90)
  AVERAGE WIND SPEED     7.4


SKY COVER
  AVERAGE SKY COVER 0.7


WEATHER CONDITIONS
 THE FOLLOWING WEATHER WAS RECORDED TODAY.
  LIGHT SNOW


RELATIVE HUMIDITY (PERCENT)
 HIGHEST    85           400 AM
 LOWEST     41           100 PM
 AVERAGE    63

..........................................................


THE GAINESVILLE   CLIMATE NORMALS FOR TOMORROW
                         NORMAL    RECORD    YEAR
 MAXIMUM TEMPERATURE (F)   60        MM        MM
 MINIMUM TEMPERATURE (F)   41        MM        MM


SUNRISE AND SUNSET
MARCH  6 2015.........SUNRISE   658 AM EST   SUNSET   636 PM EST
MARCH  7 2015.........SUNRISE   657 AM EST   SUNSET   636 PM EST


-  INDICATES NEGATIVE NUMBERS.
R  INDICATES RECORD WAS SET OR TIED.
MM INDICATES DATA IS MISSING.
T  INDICATES TRACE AMOUNT.




$$
