199
CDUS42 KFFC 120927
CLIGVL


CLIMATE REPORT
NATIONAL WEATHER SERVICE PEACHTREE CITY GA
426 AM EST FRI FEB 12 2016


...................................

...THE GAINESVILLE   CLIMATE SUMMARY FOR FEBRUARY 11 2016...

CLIMATE NORMAL PERIOD 1981 TO 2010
CLIMATE RECORD PERIOD 9999 TO 9999


WEATHER ITEM   OBSERVED TIME   RECORD YEAR NORMAL DEPARTURE LAST
                VALUE   (LST)  VALUE       VALUE  FROM      YEAR
                                                  NORMAL
..................................................................
TEMPERATURE (F)
 YESTERDAY
  MAXIMUM         51    509 PM  MM      MM  54     -3       59
  MINIMUM         26    748 AM  MM      MM  35     -9       34
  AVERAGE         39                        45     -6       47

PRECIPITATION (IN)
  YESTERDAY        0.00         MM      MM   0.16  -0.16     0.00
  MONTH TO DATE    1.48                      1.73  -0.25     1.96
  SINCE DEC 1     16.52                     11.26   5.26     9.71
  SINCE JAN 1      6.15                      6.76  -0.61     5.62

SNOWFALL (IN)
  YESTERDAY       MM            MM      MM  MM     MM       MM
  MONTH TO DATE    T                        MM     MM        0.0
  SINCE DEC 1      T                        MM     MM        0.0
  SINCE JUL 1      T                        MM     MM        0.0
  SNOW DEPTH      MM

DEGREE DAYS
 HEATING
  YESTERDAY       26                        20      6       18
  MONTH TO DATE  235                       234      1      231
  SINCE DEC 1   1307                      1617   -310     1494
  SINCE JUL 1   1716                      2152   -436     2137
..................................................................


WIND (MPH)
  RESULTANT WIND SPEED   3   RESULTANT WIND DIRECTION   W (270)
  HIGHEST WIND SPEED    12   HIGHEST WIND DIRECTION    SW (240)
  HIGHEST GUST SPEED    16   HIGHEST GUST DIRECTION    SW (230)
  AVERAGE WIND SPEED     5.3


SKY COVER
  AVERAGE SKY COVER 0.2


WEATHER CONDITIONS
 THE FOLLOWING WEATHER WAS RECORDED YESTERDAY.
  NO SIGNIFICANT WEATHER WAS OBSERVED.


RELATIVE HUMIDITY (PERCENT)
 HIGHEST    63           800 AM
 LOWEST     32           400 PM
 AVERAGE    48

..........................................................


THE GAINESVILLE   CLIMATE NORMALS FOR TODAY
                         NORMAL    RECORD    YEAR
 MAXIMUM TEMPERATURE (F)   54        MM        MM
 MINIMUM TEMPERATURE (F)   36        MM        MM


SUNRISE AND SUNSET
FEBRUARY 12 2016......SUNRISE   724 AM EST   SUNSET   616 PM EST
FEBRUARY 13 2016......SUNRISE   723 AM EST   SUNSET   617 PM EST


-  INDICATES NEGATIVE NUMBERS.
R  INDICATES RECORD WAS SET OR TIED.
MM INDICATES DATA IS MISSING.
T  INDICATES TRACE AMOUNT.




$$
