000
CDUS44 KJAN 182209
CLIGWO


CLIMATE REPORT
NATIONAL WEATHER SERVICE JACKSON MS
406 PM CST SAT NOV 18 2017


...................................

...THE GREENWOOD CLIMATE SUMMARY FOR NOVEMBER 18 2017...
VALID TODAY AS OF 0400 PM LOCAL TIME.

CLIMATE NORMAL PERIOD 1981 TO 2010
CLIMATE RECORD PERIOD 1948 TO 2017


WEATHER ITEM   OBSERVED TIME   RECORD YEAR NORMAL DEPARTURE LAST
                VALUE   (LST)  VALUE       VALUE  FROM      YEAR
                                                  NORMAL
..................................................................
TEMPERATURE (F)
 TODAY
  MAXIMUM         80    302 PM  84    1991  65     15       82
  MINIMUM         65    149 AM  20    1959  42     23       51
  AVERAGE         73                        54     19       67

PRECIPITATION (IN)
  TODAY            0.01          6.62 1948   0.16  -0.15     0.41
  MONTH TO DATE    1.80                      2.43  -0.63     0.78
  SINCE SEP 1      4.93                      9.96  -5.03     3.48
  SINCE JAN 1     40.79                     44.03  -3.24    39.98

SNOWFALL (IN)
  TODAY            0.0

DEGREE DAYS
 HEATING
  TODAY            0                        12    -12        0
  MONTH TO DATE  104                       170    -66       90
  SINCE SEP 1    226                       301    -75      118
  SINCE JUL 1    226                       301    -75      118

 COOLING
  TODAY            8                         0      8        2
  MONTH TO DATE   51                        14     37       24
  SINCE SEP 1    514                       414    100      612
  SINCE JAN 1   2349                      2156    193     2559
..................................................................


WIND (MPH)
  HIGHEST WIND SPEED    30   HIGHEST WIND DIRECTION    SW (220)
  HIGHEST GUST SPEED    40   HIGHEST GUST DIRECTION    SW (210)
  AVERAGE WIND SPEED    15.9


SKY COVER
  POSSIBLE SUNSHINE  MM
  AVERAGE SKY COVER 0.9


WEATHER CONDITIONS
 THE FOLLOWING WEATHER WAS RECORDED TODAY.
  LIGHT RAIN


RELATIVE HUMIDITY (PERCENT)
 HIGHEST    87           500 AM
 LOWEST     73          1200 AM
 AVERAGE    80

..........................................................


THE GREENWOOD CLIMATE NORMALS FOR TOMORROW
                         NORMAL    RECORD    YEAR
 MAXIMUM TEMPERATURE (F)   65        81      1991
 MINIMUM TEMPERATURE (F)   41        20      1951


SUNRISE AND SUNSET
NOVEMBER 18 2017......SUNRISE   635 AM CST   SUNSET   456 PM CST
NOVEMBER 19 2017......SUNRISE   636 AM CST   SUNSET   455 PM CST


-  INDICATES NEGATIVE NUMBERS.
R  INDICATES RECORD WAS SET OR TIED.
MM INDICATES DATA IS MISSING.
T  INDICATES TRACE AMOUNT.




$$
