000
CDUS44 KJAN 292243
CLIGWO


CLIMATE REPORT
NATIONAL WEATHER SERVICE JACKSON MS
542 PM CDT TUE JUL 29 2014


...................................

...THE GREENWOOD CLIMATE SUMMARY FOR JULY 29 2014...
VALID AS OF 0500 PM LOCAL TIME.

CLIMATE NORMAL PERIOD 1981 TO 2010
CLIMATE RECORD PERIOD 1948 TO 2014


WEATHER ITEM   OBSERVED TIME   RECORD YEAR NORMAL DEPARTURE LAST
                VALUE   (LST)  VALUE       VALUE  FROM      YEAR
                                                  NORMAL
..................................................................
TEMPERATURE (F)
 TODAY
  MAXIMUM         84    341 PM 104    1986  92     -8       91
  MINIMUM         64    447 AM  61    1994  71     -7       69
  AVERAGE         74

PRECIPITATION (IN)
  TODAY            0.00          2.92 2009   0.10  -0.10     0.00
  MONTH TO DATE    5.57                      3.41   2.16     2.27
  SINCE JUN 1     14.60                      7.72   6.88     5.31
  SINCE JAN 1     37.72                     31.05   6.67    35.72

..................................................................










-  INDICATES NEGATIVE NUMBERS.
R  INDICATES RECORD WAS SET OR TIED.
MM INDICATES DATA IS MISSING.
T  INDICATES TRACE AMOUNT.




$$
