000
CDUS44 KJAN 230817
CLIGWO


CLIMATE REPORT
NATIONAL WEATHER SERVICE JACKSON MS
314 AM CDT SUN APR 23 2017


...................................

...THE GREENWOOD CLIMATE SUMMARY FOR APRIL 22 2017...

CLIMATE NORMAL PERIOD 1981 TO 2010
CLIMATE RECORD PERIOD 1948 TO 2017


WEATHER ITEM   OBSERVED TIME   RECORD YEAR NORMAL DEPARTURE LAST
                VALUE   (LST)  VALUE       VALUE  FROM      YEAR
                                                  NORMAL
..................................................................
TEMPERATURE (F)
 YESTERDAY
  MAXIMUM         79   1049 AM  89    1963  77      2       78
                                      1955
  MINIMUM         54   1159 PM  37    1993  54      0       57
  AVERAGE         67                        65      2       68

PRECIPITATION (IN)
  YESTERDAY        0.25          3.04 1983   0.17   0.08     0.41
  MONTH TO DATE    3.91                      3.79   0.12     3.17
  SINCE MAR 1      7.88                      8.10  -0.22    15.67
  SINCE JAN 1     16.16                     17.04  -0.88    23.12

SNOWFALL (IN)
  YESTERDAY        0.0

DEGREE DAYS
 HEATING
  YESTERDAY        0                         3     -3        0
  MONTH TO DATE   26                       106    -80       62
  SINCE MAR 1    258                       422   -164      252
  SINCE JUL 1   1741                      2653   -912     1913

 COOLING
  YESTERDAY        2                         3     -1        3
  MONTH TO DATE  100                        48     52       31
  SINCE MAR 1    161                        69     92       70
  SINCE JAN 1    195                        74    121       78
..................................................................


WIND (MPH)
  HIGHEST WIND SPEED    22   HIGHEST WIND DIRECTION    SW (210)
  HIGHEST GUST SPEED    25   HIGHEST GUST DIRECTION     S (200)
  AVERAGE WIND SPEED     9.2


SKY COVER
  POSSIBLE SUNSHINE  MM
  AVERAGE SKY COVER 0.8


WEATHER CONDITIONS
 THE FOLLOWING WEATHER WAS RECORDED YESTERDAY.
  THUNDERSTORM
  RAIN
  LIGHT RAIN
  FOG


RELATIVE HUMIDITY (PERCENT)
 HIGHEST   100           700 AM
 LOWEST     73          1200 AM
 AVERAGE    87

..........................................................


THE GREENWOOD CLIMATE NORMALS FOR TODAY
                         NORMAL    RECORD    YEAR
 MAXIMUM TEMPERATURE (F)   77        89      1965
 MINIMUM TEMPERATURE (F)   54        38      1986


SUNRISE AND SUNSET
APRIL 23 2017.........SUNRISE   620 AM CDT   SUNSET   737 PM CDT
APRIL 24 2017.........SUNRISE   619 AM CDT   SUNSET   738 PM CDT


-  INDICATES NEGATIVE NUMBERS.
R  INDICATES RECORD WAS SET OR TIED.
MM INDICATES DATA IS MISSING.
T  INDICATES TRACE AMOUNT.




$$
