042
CDUS44 KJAN 260635
CLIGWO


CLIMATE REPORT
NATIONAL WEATHER SERVICE JACKSON MS
134 AM CDT FRI MAY 26 2017


...................................

...THE GREENWOOD CLIMATE SUMMARY FOR MAY 25 2017...

CLIMATE NORMAL PERIOD 1981 TO 2010
CLIMATE RECORD PERIOD 1948 TO 2017


WEATHER ITEM   OBSERVED TIME   RECORD YEAR NORMAL DEPARTURE LAST
                VALUE   (LST)  VALUE       VALUE  FROM      YEAR
                                                  NORMAL
..................................................................
TEMPERATURE (F)
 YESTERDAY
  MAXIMUM         78    426 PM  97    1996  85     -7       88
  MINIMUM         51    514 AM  50    1979  63    -12       66
  AVERAGE         65                        74     -9       77

PRECIPITATION (IN)
  YESTERDAY        T             2.90 1981   0.15  -0.15     0.00
  MONTH TO DATE    2.91                      4.08  -1.17     1.34
  SINCE MAR 1     12.84                     13.52  -0.68    18.19
  SINCE JAN 1     21.12                     22.46  -1.34    25.64

SNOWFALL (IN)
  YESTERDAY        0.0

DEGREE DAYS
 HEATING
  YESTERDAY        0                         0      0        0
  MONTH TO DATE   22                        15      7       16
  SINCE MAR 1    297                       455   -158      268
  SINCE JUL 1   1780                      2686   -906     1929

 COOLING
  YESTERDAY        0                         9     -9       12
  MONTH TO DATE  146                       166    -20      115
  SINCE MAR 1    346                       263     83      238
  SINCE JAN 1    380                       268    112      246
..................................................................


WIND (MPH)
  HIGHEST WIND SPEED    14   HIGHEST WIND DIRECTION    SW (210)
  HIGHEST GUST SPEED    18   HIGHEST GUST DIRECTION    SW (220)
  AVERAGE WIND SPEED     5.1


SKY COVER
  POSSIBLE SUNSHINE  MM
  AVERAGE SKY COVER 0.0


WEATHER CONDITIONS
 THE FOLLOWING WEATHER WAS RECORDED YESTERDAY.
  LIGHT RAIN


RELATIVE HUMIDITY (PERCENT)
 HIGHEST   100          1200 AM
 LOWEST     46           100 PM
 AVERAGE    73

..........................................................


THE GREENWOOD CLIMATE NORMALS FOR TODAY
                         NORMAL    RECORD    YEAR
 MAXIMUM TEMPERATURE (F)   85        96      1953
 MINIMUM TEMPERATURE (F)   64        48      1988


SUNRISE AND SUNSET
MAY 26 2017...........SUNRISE   553 AM CDT   SUNSET   802 PM CDT
MAY 27 2017...........SUNRISE   553 AM CDT   SUNSET   802 PM CDT


-  INDICATES NEGATIVE NUMBERS.
R  INDICATES RECORD WAS SET OR TIED.
MM INDICATES DATA IS MISSING.
T  INDICATES TRACE AMOUNT.




$$
