000
CDUS41 KGYX 290802
CLIGYX


CLIMATE REPORT
NATIONAL WEATHER SERVICE GRAY ME
402 AM EDT FRI AUG 29 2014


...................................

...THE GRAY ME CLIMATE SUMMARY FOR AUGUST 28 2014...

CLIMATE NORMAL PERIOD 1981 TO 2010
CLIMATE RECORD PERIOD 1995 TO 2014


WEATHER ITEM   OBSERVED NORMAL DEPARTURE LAST
                VALUE   VALUE  FROM      YEAR
                               NORMAL
...............................................
TEMPERATURE (F)
 YESTERDAY
  MAXIMUM         76     77     -1       80
  MINIMUM         56     57     -1       64
  AVERAGE         66     67     -1       72

PRECIPITATION (IN)
  YESTERDAY        0.00   0.12  -0.12     0.14
  MONTH TO DATE    6.80   3.23   3.57     3.20
  SINCE JUN 1     16.78  11.83   4.95    12.98
  SINCE JAN 1     35.13  31.12   4.01    27.27

SNOWFALL (IN)
  YESTERDAY        0.0    0.0    0.0      0.0
  MONTH TO DATE    0.0    0.0    0.0      0.0
  SINCE JUN 1      0.0    0.0    0.0      0.0
  SINCE JUL 1      0.0    0.0    0.0      0.0
  SNOW DEPTH       0

DEGREE DAYS
 HEATING
  YESTERDAY        0      1     -1        0
  MONTH TO DATE   11     16     -5        1
  SINCE JUN 1     85    124    -39       81
  SINCE JUL 1     11     30    -19       10

 COOLING
  YESTERDAY        1      3     -2        7
  MONTH TO DATE   78    125    -47      104
  SINCE JUN 1    305    340    -35      417
  SINCE JAN 1    306    351    -45      434
...............................................





WEATHER CONDITIONS
 THE FOLLOWING WEATHER WAS RECORDED YESTERDAY.
  NO SIGNIFICANT WEATHER WAS OBSERVED.


..........................................................


THE GRAY ME CLIMATE NORMALS FOR TODAY
                         NORMAL
 MAXIMUM TEMPERATURE (F)   76
 MINIMUM TEMPERATURE (F)   57


SUNRISE AND SUNSET
AUGUST 29 2014........SUNRISE   601 AM EDT   SUNSET   722 PM EDT
AUGUST 30 2014........SUNRISE   602 AM EDT   SUNSET   720 PM EDT


-  INDICATES NEGATIVE NUMBERS.
R  INDICATES RECORD WAS SET OR TIED.
MM INDICATES DATA IS MISSING.
T  INDICATES TRACE AMOUNT.




$$
