987
CDUS41 KGYX 260809
CLIGYX


CLIMATE REPORT
NATIONAL WEATHER SERVICE GRAY ME
408 AM EDT THU MAY 26 2016


...................................

...THE GRAY ME CLIMATE SUMMARY FOR MAY 25 2016...

CLIMATE NORMAL PERIOD 1981 TO 2010
CLIMATE RECORD PERIOD 1995 TO 2016


WEATHER ITEM   OBSERVED TIME   RECORD YEAR NORMAL DEPARTURE LAST
                VALUE   (LST)  VALUE       VALUE  FROM      YEAR
                                                  NORMAL
..................................................................
TEMPERATURE (F)
 YESTERDAY
  MAXIMUM         70        MM  91    2007  68      2       81
  MINIMUM         53        MM  MM      MM  47      6       58
  AVERAGE         62                        58      4       70

PRECIPITATION (IN)
  YESTERDAY        0.06         MM      MM   0.13  -0.07     0.02
  MONTH TO DATE    1.93                      3.10  -1.17     0.75
  SINCE MAR 1      9.28                     11.65  -2.37     5.76
  SINCE JAN 1     17.54                     18.49  -0.95    11.73

SNOWFALL (IN)
  YESTERDAY        0.0          MM      MM   0.0    0.0      0.0
  MONTH TO DATE    0.0                       0.2   -0.2      0.0
  SINCE MAR 1     14.5                      24.9  -10.4      8.2
  SINCE JUL 1     51.8                      84.0  -32.2    107.3
  SNOW DEPTH       0

DEGREE DAYS
 HEATING
  YESTERDAY        3                         8     -5        0
  MONTH TO DATE  277                       280     -3      209
  SINCE MAR 1   1840                      1897    -57     1987
  SINCE JUL 1   6360                      7055   -695     7463

 COOLING
  YESTERDAY        0                         1     -1        5
  MONTH TO DATE    5                         1      4       13
  SINCE MAR 1      5                         2      3       13
  SINCE JAN 1      5                         2      3       13
..................................................................







THE GRAY ME CLIMATE NORMALS FOR TODAY
                         NORMAL
 MAXIMUM TEMPERATURE (F)   68
 MINIMUM TEMPERATURE (F)   47


SUNRISE AND SUNSET
MAY 26 2016...........SUNRISE   505 AM EDT   SUNSET   812 PM EDT
MAY 27 2016...........SUNRISE   504 AM EDT   SUNSET   813 PM EDT


-  INDICATES NEGATIVE NUMBERS.
R  INDICATES RECORD WAS SET OR TIED.
MM INDICATES DATA IS MISSING.
T  INDICATES TRACE AMOUNT.




$$
