000
CDUS41 KGYX 121429
CLIGYX


CLIMATE REPORT
NATIONAL WEATHER SERVICE GRAY ME
929 AM EST FRI FEB 12 2016


...................................

...THE GRAY ME CLIMATE SUMMARY FOR FEBRUARY 11 2016...

CLIMATE NORMAL PERIOD 1981 TO 2010
CLIMATE RECORD PERIOD 1995 TO 2016


WEATHER ITEM   OBSERVED TIME   RECORD YEAR NORMAL DEPARTURE LAST
                VALUE   (LST)  VALUE       VALUE  FROM      YEAR
                                                  NORMAL
..................................................................
TEMPERATURE (F)
 YESTERDAY
  MAXIMUM         MM        MM  MM      MM  32     MM       19
  MINIMUM         MM        MM  MM      MM  15     MM        6
  AVERAGE         MM                        24     MM       13

PRECIPITATION (IN)
  YESTERDAY       MM            MM      MM   0.12  MM        0.00
  MONTH TO DATE    1.82                      1.18   0.64     1.45
  SINCE DEC 1     10.11                      8.77   1.34    11.58
  SINCE JAN 1      5.55                      4.71   0.84     5.38

SNOWFALL (IN)
  YESTERDAY       MM            MM      MM   0.6   MM        0.0
  MONTH TO DATE   11.5                       6.2    5.3     17.5
  SINCE DEC 1     32.6                      45.7  -13.1     69.8
  SINCE JUL 1     32.8                      48.8  -16.0     84.8
  SNOW DEPTH      MM

DEGREE DAYS
 HEATING
  YESTERDAY       MM                        41     MM       52
  MONTH TO DATE  339                       468   -129      587
  SINCE DEC 1   2466                      3001   -535     3136
  SINCE JUL 1   3765                      4498   -733     4586

 COOLING
  YESTERDAY       MM                         0     MM        0
  MONTH TO DATE    0                         0      0        0
  SINCE DEC 1      0                         0      0        0
  SINCE JAN 1      0                         0      0        0
..................................................................







THE GRAY ME CLIMATE NORMALS FOR TODAY
                         NORMAL
 MAXIMUM TEMPERATURE (F)   33
 MINIMUM TEMPERATURE (F)   15


SUNRISE AND SUNSET
FEBRUARY 12 2016......SUNRISE   645 AM EST   SUNSET   506 PM EST
FEBRUARY 13 2016......SUNRISE   644 AM EST   SUNSET   507 PM EST


-  INDICATES NEGATIVE NUMBERS.
R  INDICATES RECORD WAS SET OR TIED.
MM INDICATES DATA IS MISSING.
T  INDICATES TRACE AMOUNT.




$$
