000
CDUS41 KGYX 150927
CLIGYX


CLIMATE REPORT
NATIONAL WEATHER SERVICE GRAY ME
427 AM EST FRI DEC 15 2017


...................................

...THE GRAY ME CLIMATE SUMMARY FOR DECEMBER 14 2017...

CLIMATE NORMAL PERIOD 1981 TO 2010
CLIMATE RECORD PERIOD 1995 TO 2017


WEATHER ITEM   OBSERVED TIME   RECORD YEAR NORMAL DEPARTURE LAST
                VALUE   (LST)  VALUE       VALUE  FROM      YEAR
                                                  NORMAL
..................................................................
TEMPERATURE (F)
 YESTERDAY
  MAXIMUM         21        MM  MM      MM  35    -14       37
  MINIMUM          8        MM  MM      MM  20    -12       20
  AVERAGE         15                        28    -13       29

PRECIPITATION (IN)
  YESTERDAY        0.00         MM      MM   0.13  -0.13      T
  MONTH TO DATE    1.84                      1.98  -0.14     1.93
  SINCE DEC 1      1.84                      1.98  -0.14     1.93
  SINCE JAN 1     40.38                     48.14  -7.76    44.30

SNOWFALL (IN)
  YESTERDAY        0.0          MM      MM   0.6   -0.6       T
  MONTH TO DATE    8.0                       6.8    1.2      9.9
  SINCE DEC 1      8.0                       6.8    1.2      9.9
  SINCE JUL 1      9.2                       9.9   -0.7     11.2
  SNOW DEPTH       6

DEGREE DAYS
 HEATING
  YESTERDAY       50                        37     13       36
  MONTH TO DATE  474                       490    -16      505
  SINCE DEC 1    474                       490    -16      505
  SINCE JUL 1   1667                      1987   -320     1784

 COOLING
  YESTERDAY        0                         0      0        0
  MONTH TO DATE    0                         0      0        0
  SINCE DEC 1      0                         0      0        0
  SINCE JAN 1    531                       389    142      607
..................................................................







THE GRAY ME CLIMATE NORMALS FOR TODAY
                         NORMAL
 MAXIMUM TEMPERATURE (F)   35
 MINIMUM TEMPERATURE (F)   20


SUNRISE AND SUNSET
DECEMBER 15 2017......SUNRISE   709 AM EST   SUNSET   404 PM EST
DECEMBER 16 2017......SUNRISE   709 AM EST   SUNSET   404 PM EST


-  INDICATES NEGATIVE NUMBERS.
R  INDICATES RECORD WAS SET OR TIED.
MM INDICATES DATA IS MISSING.
T  INDICATES TRACE AMOUNT.




$$
