000
CDUS41 KGYX 201141
CLIGYX


CLIMATE REPORT
NATIONAL WEATHER SERVICE GRAY ME
741 AM EDT MON OCT 20 2014


...................................

...THE GRAY ME CLIMATE SUMMARY FOR OCTOBER 19 2014...

CLIMATE NORMAL PERIOD 1981 TO 2010
CLIMATE RECORD PERIOD 1995 TO 2014


WEATHER ITEM   OBSERVED NORMAL DEPARTURE LAST
                VALUE   VALUE  FROM      YEAR
                               NORMAL
...............................................
TEMPERATURE (F)
 YESTERDAY
  MAXIMUM         52     57     -5       64
  MINIMUM         41     39      2       44
  AVERAGE         47     48     -1       54

PRECIPITATION (IN)
  YESTERDAY        0.00   0.17  -0.17      T
  MONTH TO DATE    3.42   3.18   0.24     1.20
  SINCE SEP 1      4.48   7.37  -2.89     8.60
  SINCE JAN 1     39.89  38.85   1.04    35.89

SNOWFALL (IN)
  YESTERDAY        0.0    0.0    0.0      0.0
  MONTH TO DATE    0.0    0.0    0.0      0.0
  SINCE SEP 1      0.0    0.0    0.0      0.0
  SINCE JUL 1      0.0    0.0    0.0      0.0
  SNOW DEPTH       0

DEGREE DAYS
 HEATING
  YESTERDAY       18     17      1       11
  MONTH TO DATE  180    266    -86      167
  SINCE SEP 1    362    434    -72      354
  SINCE JUL 1    376    470    -94      366

 COOLING
  YESTERDAY        0      0      0        0
  MONTH TO DATE    2      0      2        2
  SINCE SEP 1     57     28     29       38
  SINCE JAN 1    369    387    -18      486
...............................................





WEATHER CONDITIONS
 THE FOLLOWING WEATHER WAS RECORDED YESTERDAY.
  NO SIGNIFICANT WEATHER WAS OBSERVED.


..........................................................


THE GRAY ME CLIMATE NORMALS FOR TODAY
                         NORMAL
 MAXIMUM TEMPERATURE (F)   57
 MINIMUM TEMPERATURE (F)   39


SUNRISE AND SUNSET
OCTOBER 20 2014.......SUNRISE   702 AM EDT   SUNSET   549 PM EDT
OCTOBER 21 2014.......SUNRISE   703 AM EDT   SUNSET   548 PM EDT


-  INDICATES NEGATIVE NUMBERS.
R  INDICATES RECORD WAS SET OR TIED.
MM INDICATES DATA IS MISSING.
T  INDICATES TRACE AMOUNT.




$$
