000
CDUS41 KGYX 260842
CLIGYX


CLIMATE REPORT
NATIONAL WEATHER SERVICE GRAY ME
442 AM EDT SAT JUL 26 2014


...................................

...THE GRAY ME CLIMATE SUMMARY FOR JULY 25 2014...

CLIMATE NORMAL PERIOD 1981 TO 2010
CLIMATE RECORD PERIOD 1995 TO 2014


WEATHER ITEM   OBSERVED NORMAL DEPARTURE LAST
                VALUE   VALUE  FROM      YEAR
                               NORMAL
...............................................
TEMPERATURE (F)
 YESTERDAY
  MAXIMUM         80     80      0       71
  MINIMUM         56     60     -4       52
  AVERAGE         68     70     -2       62

PRECIPITATION (IN)
  YESTERDAY        0.00   0.13  -0.13     0.02
  MONTH TO DATE    4.70   3.54   1.16     2.94
  SINCE JUN 1      7.70   7.84  -0.14     8.94
  SINCE JAN 1     26.05  27.13  -1.08    23.23

SNOWFALL (IN)
  YESTERDAY       MM      0.0   MM        0.0
  MONTH TO DATE    0.0    0.0    0.0      0.0
  SINCE JUN 1      0.0    0.0    0.0      0.0
  SINCE JUL 1      0.0    0.0    0.0      0.0
  SNOW DEPTH      MM

DEGREE DAYS
 HEATING
  YESTERDAY        0      0      0        3
  MONTH TO DATE    0      7     -7        9
  SINCE JUN 1     74    101    -27       80
  SINCE JUL 1      0      7     -7        9

 COOLING
  YESTERDAY        3      5     -2        0
  MONTH TO DATE  153    118     35      197
  SINCE JUN 1    218    183     35      292
  SINCE JAN 1    219    194     25      309
...............................................





WEATHER CONDITIONS
 THE FOLLOWING WEATHER WAS RECORDED YESTERDAY.
  NO SIGNIFICANT WEATHER WAS OBSERVED.


..........................................................


THE GRAY ME CLIMATE NORMALS FOR TODAY
                         NORMAL
 MAXIMUM TEMPERATURE (F)   80
 MINIMUM TEMPERATURE (F)   60


SUNRISE AND SUNSET
JULY 26 2014..........SUNRISE   523 AM EDT   SUNSET   811 PM EDT
JULY 27 2014..........SUNRISE   524 AM EDT   SUNSET   810 PM EDT


-  INDICATES NEGATIVE NUMBERS.
R  INDICATES RECORD WAS SET OR TIED.
MM INDICATES DATA IS MISSING.
T  INDICATES TRACE AMOUNT.




$$
