000
CDUS44 KJAN 250826
CLIHBG


CLIMATE REPORT
NATIONAL WEATHER SERVICE JACKSON MS
316 AM CDT MON MAY 25 2015


...................................

...THE HATTIESBURG CLIMATE SUMMARY FOR MAY 24 2015...

CLIMATE NORMAL PERIOD 1981 TO 2010
CLIMATE RECORD PERIOD 1948 TO 2015


WEATHER ITEM   OBSERVED TIME   RECORD YEAR NORMAL DEPARTURE LAST
                VALUE   (LST)  VALUE       VALUE  FROM      YEAR
                                                  NORMAL
..................................................................
TEMPERATURE (F)
 YESTERDAY
  MAXIMUM         87   1125 AM  96    2005  87      0       88
                                      1956
  MINIMUM         68    430 AM  45    1951  64      4       65
  AVERAGE         78                        76      2       77

PRECIPITATION (IN)
  YESTERDAY        0.93          2.24 1955   0.17   0.76     0.00
  MONTH TO DATE    4.64                      3.83   0.81     2.68
  SINCE MAR 1     13.72                     14.26  -0.54    15.29
  SINCE JAN 1     21.55                     25.39  -3.84    25.19

SNOWFALL (IN)
  YESTERDAY        0.0

DEGREE DAYS
 HEATING
  YESTERDAY        0                         0      0        0
  MONTH TO DATE    1                         5     -4       11
  SINCE MAR 1    131                       305   -174      353
  SINCE JUL 1   1912                      1983    -71     2276

 COOLING
  YESTERDAY       13                        11      2       12
  MONTH TO DATE  216                       195     21      171
  SINCE MAR 1    489                       320    169      279
  SINCE JAN 1    495                       335    160      296
..................................................................


WIND (MPH)
  HIGHEST WIND SPEED    28   HIGHEST WIND DIRECTION    SW (220)
  HIGHEST GUST SPEED    40   HIGHEST GUST DIRECTION    SW (210)
  AVERAGE WIND SPEED     6.9


SKY COVER
  POSSIBLE SUNSHINE  MM
  AVERAGE SKY COVER 0.3


WEATHER CONDITIONS
 THE FOLLOWING WEATHER WAS RECORDED YESTERDAY.
  THUNDERSTORM
  HEAVY RAIN
  RAIN
  LIGHT RAIN
  FOG


RELATIVE HUMIDITY (PERCENT)
 HIGHEST   100           600 AM
 LOWEST     61          1000 AM
 AVERAGE    81

..........................................................


THE HATTIESBURG CLIMATE NORMALS FOR TODAY
                         NORMAL    RECORD    YEAR
 MAXIMUM TEMPERATURE (F)   87        96      1953
 MINIMUM TEMPERATURE (F)   64        52      1983
                                             1979


SUNRISE AND SUNSET
MAY 25 2015...........SUNRISE   556 AM CDT   SUNSET   752 PM CDT
MAY 26 2015...........SUNRISE   556 AM CDT   SUNSET   753 PM CDT


-  INDICATES NEGATIVE NUMBERS.
R  INDICATES RECORD WAS SET OR TIED.
MM INDICATES DATA IS MISSING.
T  INDICATES TRACE AMOUNT.




$$
