000
CDUS44 KJAN 220658
CLIHBG


CLIMATE REPORT
NATIONAL WEATHER SERVICE JACKSON MS
156 AM CDT TUE JUL 22 2014


...................................

...THE HATTIESBURG CLIMATE SUMMARY FOR JULY 21 2014...

CLIMATE NORMAL PERIOD 1981 TO 2010
CLIMATE RECORD PERIOD 1948 TO 2014


WEATHER ITEM   OBSERVED TIME   RECORD YEAR NORMAL DEPARTURE LAST
                VALUE   (LST)  VALUE       VALUE  FROM      YEAR
                                                  NORMAL
..................................................................
TEMPERATURE (F)
 YESTERDAY
  MAXIMUM         90    344 PM 101    2008  92     -2       87
                                      2000
  MINIMUM         72    539 AM  64    1989  72      0       74
  AVERAGE         81                        82     -1       81

PRECIPITATION (IN)
  YESTERDAY        0.00          2.34 1993   0.15  -0.15     0.03
  MONTH TO DATE    1.85                      3.90  -2.05     3.99
  SINCE JUN 1      6.79                      9.40  -2.61     9.07
  SINCE JAN 1     35.27                     35.94  -0.67    46.28

SNOWFALL (IN)
  YESTERDAY        0.0

DEGREE DAYS
 HEATING
  YESTERDAY        0                         0      0        0
  MONTH TO DATE    0                         0      0        0
  SINCE JUN 1      0                         0      0        0
  SINCE JUL 1      0                         0      0        0

 COOLING
  YESTERDAY       16                        17     -1       16
  MONTH TO DATE  320                       352    -32      303
  SINCE JUN 1    787                       775     12      773
  SINCE JAN 1   1163                      1190    -27     1115
..................................................................


WIND (MPH)
  HIGHEST WIND SPEED    10   HIGHEST WIND DIRECTION    NW (310)
  HIGHEST GUST SPEED    23   HIGHEST GUST DIRECTION    SW (220)
  AVERAGE WIND SPEED     2.5


SKY COVER
  POSSIBLE SUNSHINE  MM
  AVERAGE SKY COVER 0.3


WEATHER CONDITIONS
 THE FOLLOWING WEATHER WAS RECORDED YESTERDAY.
  FOG
  FOG W/VISIBILITY <= 1/4 MILE
  HAZE


RELATIVE HUMIDITY (PERCENT)
 HIGHEST   100           500 AM
 LOWEST     44           500 PM
 AVERAGE    72

..........................................................


THE HATTIESBURG CLIMATE NORMALS FOR TODAY
                         NORMAL    RECORD    YEAR
 MAXIMUM TEMPERATURE (F)   92       100      2000
                                             1948
 MINIMUM TEMPERATURE (F)   72        64      1971


SUNRISE AND SUNSET
JULY 22 2014..........SUNRISE   607 AM CDT   SUNSET   759 PM CDT
JULY 23 2014..........SUNRISE   608 AM CDT   SUNSET   759 PM CDT


-  INDICATES NEGATIVE NUMBERS.
R  INDICATES RECORD WAS SET OR TIED.
MM INDICATES DATA IS MISSING.
T  INDICATES TRACE AMOUNT.




$$
