000
CDUS44 KJAN 120754
CLIHBG


CLIMATE REPORT
NATIONAL WEATHER SERVICE JACKSON MS
151 AM CST FRI FEB 12 2016


...................................

...THE HATTIESBURG CLIMATE SUMMARY FOR FEBRUARY 11 2016...

CLIMATE NORMAL PERIOD 1981 TO 2010
CLIMATE RECORD PERIOD 1948 TO 2016


WEATHER ITEM   OBSERVED TIME   RECORD YEAR NORMAL DEPARTURE LAST
                VALUE   (LST)  VALUE       VALUE  FROM      YEAR
                                                  NORMAL
..................................................................
TEMPERATURE (F)
 YESTERDAY
  MAXIMUM         77    420 PM  81    1999  62     15       70
  MINIMUM         39    558 AM  22    1979  39      0       30
  AVERAGE         58                        51      7       50

PRECIPITATION (IN)
  YESTERDAY        0.00          3.99 1966   0.21  -0.21     0.00
  MONTH TO DATE    0.92                      1.96  -1.04     0.59
  SINCE DEC 1     15.45                     12.61   2.84    12.14
  SINCE JAN 1      5.44                      7.70  -2.26     5.94

SNOWFALL (IN)
  YESTERDAY        0.0

DEGREE DAYS
 HEATING
  YESTERDAY        7                        15     -8       15
  MONTH TO DATE  163                       171     -8      168
  SINCE DEC 1    901                      1142   -241     1042
  SINCE JUL 1   1079                      1470   -391     1458

 COOLING
  YESTERDAY        0                         0      0        0
  MONTH TO DATE   12                         0     12        0
  SINCE DEC 1     83                        19     64       13
  SINCE JAN 1     12                         6      6        6
..................................................................


WIND (MPH)
  HIGHEST WIND SPEED    18   HIGHEST WIND DIRECTION    SW (240)
  HIGHEST GUST SPEED    30   HIGHEST GUST DIRECTION     W (250)
  AVERAGE WIND SPEED     8.6


SKY COVER
  POSSIBLE SUNSHINE  MM
  AVERAGE SKY COVER 0.0


WEATHER CONDITIONS
 THE FOLLOWING WEATHER WAS RECORDED YESTERDAY.
  NO SIGNIFICANT WEATHER WAS OBSERVED.


RELATIVE HUMIDITY (PERCENT)
 HIGHEST    76           700 AM
 LOWEST     31           200 PM
 AVERAGE    54

..........................................................


THE HATTIESBURG CLIMATE NORMALS FOR TODAY
                         NORMAL    RECORD    YEAR
 MAXIMUM TEMPERATURE (F)   63        82      1999
 MINIMUM TEMPERATURE (F)   39        17      1981


SUNRISE AND SUNSET
FEBRUARY 12 2016......SUNRISE   641 AM CST   SUNSET   541 PM CST
FEBRUARY 13 2016......SUNRISE   641 AM CST   SUNSET   542 PM CST


-  INDICATES NEGATIVE NUMBERS.
R  INDICATES RECORD WAS SET OR TIED.
MM INDICATES DATA IS MISSING.
T  INDICATES TRACE AMOUNT.




$$
