000
CDUS44 KJAN 240715
CLIHBG


CLIMATE REPORT
NATIONAL WEATHER SERVICE JACKSON MS
206 AM CDT SUN JUL 24 2016


...................................

...THE HATTIESBURG CLIMATE SUMMARY FOR JULY 23 2016...

CLIMATE NORMAL PERIOD 1981 TO 2010
CLIMATE RECORD PERIOD 1948 TO 2016


WEATHER ITEM   OBSERVED TIME   RECORD YEAR NORMAL DEPARTURE LAST
                VALUE   (LST)  VALUE       VALUE  FROM      YEAR
                                                  NORMAL
..................................................................
TEMPERATURE (F)
 YESTERDAY
  MAXIMUM         93    414 PM 102    1948  92      1       96
  MINIMUM         71    547 AM  65    1950  72     -1       79
  AVERAGE         82                        82      0       88

PRECIPITATION (IN)
  YESTERDAY        0.00          1.86 1992   0.15  -0.15     0.00
  MONTH TO DATE    4.65                      4.20   0.45     4.84
  SINCE JUN 1     12.78                      9.70   3.08     9.57
  SINCE JAN 1     43.94                     36.24   7.70    33.39

SNOWFALL (IN)
  YESTERDAY        0.0

DEGREE DAYS
 HEATING
  YESTERDAY        0                         0      0        0
  MONTH TO DATE    0                         0      0        0
  SINCE JUN 1      0                         0      0        0
  SINCE JUL 1      0                         0      0        0

 COOLING
  YESTERDAY       17                        17      0       23
  MONTH TO DATE  428                       386     42      454
  SINCE JUN 1    935                       809    126      933
  SINCE JAN 1   1399                      1224    175     1510
..................................................................


WIND (MPH)
  HIGHEST WIND SPEED    12   HIGHEST WIND DIRECTION     S (190)
  HIGHEST GUST SPEED    15   HIGHEST GUST DIRECTION     S (180)
  AVERAGE WIND SPEED     2.1


SKY COVER
  POSSIBLE SUNSHINE  MM
  AVERAGE SKY COVER 0.2


WEATHER CONDITIONS
 THE FOLLOWING WEATHER WAS RECORDED YESTERDAY.
  FOG
  FOG W/VISIBILITY <= 1/4 MILE


RELATIVE HUMIDITY (PERCENT)
 HIGHEST   100           200 AM
 LOWEST     52           400 PM
 AVERAGE    76

..........................................................


THE HATTIESBURG CLIMATE NORMALS FOR TODAY
                         NORMAL    RECORD    YEAR
 MAXIMUM TEMPERATURE (F)   92       101      1952
 MINIMUM TEMPERATURE (F)   72        65      2009
                                             1951


SUNRISE AND SUNSET
JULY 24 2016..........SUNRISE   609 AM CDT   SUNSET   758 PM CDT
JULY 25 2016..........SUNRISE   610 AM CDT   SUNSET   757 PM CDT


-  INDICATES NEGATIVE NUMBERS.
R  INDICATES RECORD WAS SET OR TIED.
MM INDICATES DATA IS MISSING.
T  INDICATES TRACE AMOUNT.




$$
