000
CDUS44 KJAN 210857
CLIHBG


CLIMATE REPORT
NATIONAL WEATHER SERVICE JACKSON MS
355 AM CDT FRI JUL 21 2017


...................................

...THE HATTIESBURG CLIMATE SUMMARY FOR JULY 20 2017...

CLIMATE NORMAL PERIOD 1981 TO 2010
CLIMATE RECORD PERIOD 1948 TO 2017


WEATHER ITEM   OBSERVED TIME   RECORD YEAR NORMAL DEPARTURE LAST
                VALUE   (LST)  VALUE       VALUE  FROM      YEAR
                                                  NORMAL
..................................................................
TEMPERATURE (F)
 YESTERDAY
  MAXIMUM         96    339 PM 101    2008  92      4       90
  MINIMUM         74    531 AM  63    2009  72      2       76
  AVERAGE         85                        82      3       83

PRECIPITATION (IN)
  YESTERDAY        0.00          2.73 2007   0.16  -0.16     0.15
  MONTH TO DATE    1.88                      3.75  -1.87     4.45
  SINCE JUN 1     13.28                      9.25   4.03    12.58
  SINCE JAN 1     43.71                     35.79   7.92    43.74

SNOWFALL (IN)
  YESTERDAY        0.0

DEGREE DAYS
 HEATING
  YESTERDAY        0                         0      0        0
  MONTH TO DATE    0                         0      0        0
  SINCE JUN 1      0                         0      0        0
  SINCE JUL 1      0                         0      0        0

 COOLING
  YESTERDAY       20                        17      3       18
  MONTH TO DATE  358                       335     23      372
  SINCE JUN 1    742                       758    -16      879
  SINCE JAN 1   1263                      1173     90     1343
..................................................................


WIND (MPH)
  HIGHEST WIND SPEED    12   HIGHEST WIND DIRECTION     N (10)
  HIGHEST GUST SPEED    14   HIGHEST GUST DIRECTION     N (20)
  AVERAGE WIND SPEED     2.8


SKY COVER
  POSSIBLE SUNSHINE  MM
  AVERAGE SKY COVER 0.0


WEATHER CONDITIONS
 THE FOLLOWING WEATHER WAS RECORDED YESTERDAY.
  HAZE


RELATIVE HUMIDITY (PERCENT)
 HIGHEST    94           100 AM
 LOWEST     46           100 PM
 AVERAGE    70

..........................................................


THE HATTIESBURG CLIMATE NORMALS FOR TODAY
                         NORMAL    RECORD    YEAR
 MAXIMUM TEMPERATURE (F)   92       101      2008
                                             2000
 MINIMUM TEMPERATURE (F)   72        64      1989


SUNRISE AND SUNSET
JULY 21 2017..........SUNRISE   607 AM CDT   SUNSET   800 PM CDT
JULY 22 2017..........SUNRISE   608 AM CDT   SUNSET   759 PM CDT


-  INDICATES NEGATIVE NUMBERS.
R  INDICATES RECORD WAS SET OR TIED.
MM INDICATES DATA IS MISSING.
T  INDICATES TRACE AMOUNT.




$$
