000
CDUS44 KJAN 310715
CLIHBG


CLIMATE REPORT
NATIONAL WEATHER SERVICE JACKSON MS
209 AM CDT TUE MAY 31 2016


...................................

...THE HATTIESBURG CLIMATE SUMMARY FOR MAY 30 2016...

CLIMATE NORMAL PERIOD 1981 TO 2010
CLIMATE RECORD PERIOD 1948 TO 2016


WEATHER ITEM   OBSERVED TIME   RECORD YEAR NORMAL DEPARTURE LAST
                VALUE   (LST)  VALUE       VALUE  FROM      YEAR
                                                  NORMAL
..................................................................
TEMPERATURE (F)
 YESTERDAY
  MAXIMUM         95    413 PM 103    1951  88      7       87
  MINIMUM         68    510 AM  49    1971  65      3       67
  AVERAGE         82                        77      5       77

PRECIPITATION (IN)
  YESTERDAY        0.01          1.52 2002   0.16  -0.15     0.51
  MONTH TO DATE    2.47                      4.81  -2.34     6.72
  SINCE MAR 1     21.79                     15.24   6.55    15.80
  SINCE JAN 1     31.16                     26.37   4.79    23.63

SNOWFALL (IN)
  YESTERDAY        0.0

DEGREE DAYS
 HEATING
  YESTERDAY        0                         0      0        0
  MONTH TO DATE    4                         5     -1        1
  SINCE MAR 1    145                       305   -160      131
  SINCE JUL 1   1383                      1983   -600     1912

 COOLING
  YESTERDAY       17                        12      5       12
  MONTH TO DATE  242                       263    -21      285
  SINCE MAR 1    422                       388     34      558
  SINCE JAN 1    447                       403     44      564
..................................................................


WIND (MPH)
  HIGHEST WIND SPEED    13   HIGHEST WIND DIRECTION     S (190)
  HIGHEST GUST SPEED    16   HIGHEST GUST DIRECTION     S (190)
  AVERAGE WIND SPEED     2.4


SKY COVER
  POSSIBLE SUNSHINE  MM
  AVERAGE SKY COVER 0.1


WEATHER CONDITIONS
 THE FOLLOWING WEATHER WAS RECORDED YESTERDAY.
  LIGHT RAIN


RELATIVE HUMIDITY (PERCENT)
 HIGHEST    93          1200 AM
 LOWEST     33           300 PM
 AVERAGE    63

..........................................................


THE HATTIESBURG CLIMATE NORMALS FOR TODAY
                         NORMAL    RECORD    YEAR
 MAXIMUM TEMPERATURE (F)   88       104      1951
 MINIMUM TEMPERATURE (F)   66        48      1984
                                             1971


SUNRISE AND SUNSET
MAY 31 2016...........SUNRISE   554 AM CDT   SUNSET   756 PM CDT
JUNE  1 2016..........SUNRISE   553 AM CDT   SUNSET   757 PM CDT


-  INDICATES NEGATIVE NUMBERS.
R  INDICATES RECORD WAS SET OR TIED.
MM INDICATES DATA IS MISSING.
T  INDICATES TRACE AMOUNT.




$$
