000
CDUS41 KLWX 250525
CLIHGR


CLIMATE REPORT
NATIONAL WEATHER SERVICE BALTIMORE MD/WASHINGTON DC
125 AM EDT SUN JUN 25 2017


...................................

...THE HAGERSTOWN MD CLIMATE SUMMARY FOR JUNE 24 2017...

CLIMATE NORMAL PERIOD 1981 TO 2010
CLIMATE RECORD PERIOD 1998 TO 2017


WEATHER ITEM   OBSERVED TIME   RECORD YEAR NORMAL DEPARTURE LAST
                VALUE   (LST)  VALUE       VALUE  FROM      YEAR
                                                  NORMAL
..................................................................
TEMPERATURE (F)
 YESTERDAY
  MAXIMUM         84    524 PM  MM      MM  84      0       82
  MINIMUM         70    558 AM  MM      MM  64      6       67
  AVERAGE         77                        74      3       75

PRECIPITATION (IN)
  YESTERDAY        0.71         MM      MM   0.09   0.62     0.29
  MONTH TO DATE    2.73                      3.34  -0.61     2.93
  SINCE JUN 1      2.73                      3.34  -0.61     2.93
  SINCE JAN 1     17.35                     19.54  -2.19    15.97

DEGREE DAYS
 HEATING
  YESTERDAY        0                         0      0        0
  MONTH TO DATE    7                        17    -10        3
  SINCE JUN 1      7                        17    -10        3
  SINCE JUL 1   4020                      5184  -1164     4202

 COOLING
  YESTERDAY       12                         9      3       10
  MONTH TO DATE  239                       152     87      206
  SINCE JUN 1    239                       152     87      206
  SINCE JAN 1    374                       228    146      310
..................................................................


WIND (MPH)
  HIGHEST WIND SPEED    20   HIGHEST WIND DIRECTION    NW (310)
  HIGHEST GUST SPEED    26   HIGHEST GUST DIRECTION    NW (300)
  AVERAGE WIND SPEED     8.9


SKY COVER
  POSSIBLE SUNSHINE  MM
  AVERAGE SKY COVER 0.4


WEATHER CONDITIONS
 THE FOLLOWING WEATHER WAS RECORDED YESTERDAY.
  HEAVY RAIN
  RAIN
  LIGHT RAIN
  FOG


RELATIVE HUMIDITY (PERCENT)
 HIGHEST   100           100 AM
 LOWEST     40           500 PM
 AVERAGE    70

..........................................................


THE HAGERSTOWN MD CLIMATE NORMALS FOR TODAY
                         NORMAL    RECORD    YEAR
 MAXIMUM TEMPERATURE (F)   84        MM        MM
 MINIMUM TEMPERATURE (F)   64        MM        MM


SUNRISE AND SUNSET
JUNE 25 2017..........SUNRISE   544 AM EDT   SUNSET   843 PM EDT
JUNE 26 2017..........SUNRISE   545 AM EDT   SUNSET   843 PM EDT


-  INDICATES NEGATIVE NUMBERS.
R  INDICATES RECORD WAS SET OR TIED.
MM INDICATES DATA IS MISSING.
T  INDICATES TRACE AMOUNT.




$$
