000
CDUS41 KLWX 292124
CLIHGR


CLIMATE REPORT
NATIONAL WEATHER SERVICE BALTIMORE MD/WASHINGTON DC
524 PM EDT WED OCT 29 2014


...................................

...THE HAGERSTOWN MD CLIMATE SUMMARY FOR OCTOBER 29 2014...
VALID TODAY AS OF 0500 PM LOCAL TIME.

CLIMATE NORMAL PERIOD 1981 TO 2010
CLIMATE RECORD PERIOD 9999 TO 9999


WEATHER ITEM   OBSERVED TIME   RECORD YEAR NORMAL DEPARTURE LAST
                VALUE   (LST)  VALUE       VALUE  FROM      YEAR
                                                  NORMAL
..................................................................
TEMPERATURE (F)
 TODAY
  MAXIMUM         69    257 AM  MM      MM  61      8       60
  MINIMUM         53    921 AM  MM      MM  41     12       37
  AVERAGE         61                        51     10       49

PRECIPITATION (IN)
  TODAY            0.13         MM      MM   0.08   0.05     0.00
  MONTH TO DATE    2.38                      2.73  -0.35     5.30
  SINCE SEP 1      4.62                      6.40  -1.78     8.51
  SINCE JAN 1     31.53                     33.03  -1.50    27.66

DEGREE DAYS
 HEATING
  TODAY            4                        14    -10       16
  MONTH TO DATE  191                       298   -107      259
  SINCE SEP 1    243                       367   -124      339
  SINCE JUL 1    245                       372   -127      342

 COOLING
  TODAY            0                         0      0        0
  MONTH TO DATE    9                         9      0       44
  SINCE SEP 1    128                       100     28      148
  SINCE JAN 1    941                       968    -27     1133
..................................................................


WIND (MPH)
  HIGHEST WIND SPEED    16   HIGHEST WIND DIRECTION    NW (320)
  HIGHEST GUST SPEED    19   HIGHEST GUST DIRECTION    NW (320)
  AVERAGE WIND SPEED     7.5


SKY COVER
  POSSIBLE SUNSHINE  MM
  AVERAGE SKY COVER 0.9


WEATHER CONDITIONS
 THE FOLLOWING WEATHER WAS RECORDED TODAY.
  LIGHT RAIN
  FOG


RELATIVE HUMIDITY (PERCENT)
 HIGHEST    89          1000 AM
 LOWEST     47           100 AM
 AVERAGE    68

..........................................................


THE HAGERSTOWN MD CLIMATE NORMALS FOR TOMORROW
                         NORMAL    RECORD    YEAR
 MAXIMUM TEMPERATURE (F)   61        MM        MM
 MINIMUM TEMPERATURE (F)   40        MM        MM


SUNRISE AND SUNSET
OCTOBER 29 2014.......SUNRISE   736 AM EDT   SUNSET   613 PM EDT
OCTOBER 30 2014.......SUNRISE   737 AM EDT   SUNSET   611 PM EDT


-  INDICATES NEGATIVE NUMBERS.
R  INDICATES RECORD WAS SET OR TIED.
MM INDICATES DATA IS MISSING.
T  INDICATES TRACE AMOUNT.




$$
