000
CDUS41 KLWX 010523
CLIHGR


CLIMATE REPORT
NATIONAL WEATHER SERVICE BALTIMORE MD/WASHINGTON DC
122 AM EDT TUE SEP 1 2015


...................................

...THE HAGERSTOWN MD CLIMATE SUMMARY FOR AUGUST 31 2015...

CLIMATE NORMAL PERIOD 1981 TO 2010
CLIMATE RECORD PERIOD 9999 TO 9999


WEATHER ITEM   OBSERVED TIME   RECORD YEAR NORMAL DEPARTURE LAST
                VALUE   (LST)  VALUE       VALUE  FROM      YEAR
                                                  NORMAL
..................................................................
TEMPERATURE (F)
 YESTERDAY
  MAXIMUM         89    138 PM  MM      MM  81      8       89
  MINIMUM         72    607 AM  MM      MM  61     11       73
  AVERAGE         81                        71     10       81

PRECIPITATION (IN)
  YESTERDAY        0.00         MM      MM   0.09  -0.09      T
  MONTH TO DATE    1.39                      3.14  -1.75     3.51
  SINCE JUN 1      8.45                     10.43  -1.98    14.43
  SINCE JAN 1     18.64                     26.63  -7.99    26.91

DEGREE DAYS
 HEATING
  YESTERDAY        0                         0      0        0
  MONTH TO DATE    0                         0      0        0
  SINCE JUN 1     14                        23     -9        2
  SINCE JUL 1      0                         5     -5        2

 COOLING
  YESTERDAY       16                         6     10       16
  MONTH TO DATE  318                       262     56      201
  SINCE JUN 1    942                       792    150      731
  SINCE JAN 1   1143                       868    275      813
..................................................................


WIND (MPH)
  HIGHEST WIND SPEED    17   HIGHEST WIND DIRECTION    NW (310)
  HIGHEST GUST SPEED    21   HIGHEST GUST DIRECTION    NW (300)
  AVERAGE WIND SPEED     4.6


SKY COVER
  POSSIBLE SUNSHINE  MM
  AVERAGE SKY COVER 0.2


WEATHER CONDITIONS
 THE FOLLOWING WEATHER WAS RECORDED YESTERDAY.
  NO SIGNIFICANT WEATHER WAS OBSERVED.


RELATIVE HUMIDITY (PERCENT)
 HIGHEST    84           600 AM
 LOWEST     36           500 PM
 AVERAGE    60

..........................................................


THE HAGERSTOWN MD CLIMATE NORMALS FOR TODAY
                         NORMAL    RECORD    YEAR
 MAXIMUM TEMPERATURE (F)   80        MM        MM
 MINIMUM TEMPERATURE (F)   61        MM        MM


SUNRISE AND SUNSET
SEPTEMBER  1 2015.....SUNRISE   639 AM EDT   SUNSET   742 PM EDT
SEPTEMBER  2 2015.....SUNRISE   640 AM EDT   SUNSET   741 PM EDT


-  INDICATES NEGATIVE NUMBERS.
R  INDICATES RECORD WAS SET OR TIED.
MM INDICATES DATA IS MISSING.
T  INDICATES TRACE AMOUNT.




$$
