000
CDUS41 KLWX 180522
CLIHGR


CLIMATE REPORT
NATIONAL WEATHER SERVICE BALTIMORE MD/WASHINGTON DC
122 AM EDT WED OCT 18 2017


...................................

...THE HAGERSTOWN MD CLIMATE SUMMARY FOR OCTOBER 17 2017...

CLIMATE NORMAL PERIOD 1981 TO 2010
CLIMATE RECORD PERIOD 1998 TO 2017


WEATHER ITEM   OBSERVED TIME   RECORD YEAR NORMAL DEPARTURE LAST
                VALUE   (LST)  VALUE       VALUE  FROM      YEAR
                                                  NORMAL
..................................................................
TEMPERATURE (F)
 YESTERDAY
  MAXIMUM         62    506 PM  MM      MM  65     -3       83
  MINIMUM         39    652 AM  MM      MM  44     -5       58
  AVERAGE         51                        54     -3       71

PRECIPITATION (IN)
  YESTERDAY        0.00         MM      MM   0.09  -0.09     0.00
  MONTH TO DATE    1.17                      1.78  -0.61     0.29
  SINCE SEP 1      2.62                      5.45  -2.83     2.78
  SINCE JAN 1     28.23                     32.08  -3.85    23.88

DEGREE DAYS
 HEATING
  YESTERDAY       14                        11      3        0
  MONTH TO DATE   50                       146    -96       94
  SINCE SEP 1     89                       215   -126      107
  SINCE JUL 1     90                       220   -130      107

 COOLING
  YESTERDAY        0                         0      0        6
  MONTH TO DATE   74                         9     65       10
  SINCE SEP 1    232                       100    132      264
  SINCE JAN 1   1332                       968    364     1523
..................................................................


WIND (MPH)
  HIGHEST WIND SPEED     9   HIGHEST WIND DIRECTION    SW (230)
  HIGHEST GUST SPEED    12   HIGHEST GUST DIRECTION    SW (230)
  AVERAGE WIND SPEED     2.9


SKY COVER
  POSSIBLE SUNSHINE  MM
  AVERAGE SKY COVER 0.0


WEATHER CONDITIONS
 THE FOLLOWING WEATHER WAS RECORDED YESTERDAY.
  NO SIGNIFICANT WEATHER WAS OBSERVED.


RELATIVE HUMIDITY (PERCENT)
 HIGHEST    79           600 AM
 LOWEST     34           300 PM
 AVERAGE    57

..........................................................


THE HAGERSTOWN MD CLIMATE NORMALS FOR TODAY
                         NORMAL    RECORD    YEAR
 MAXIMUM TEMPERATURE (F)   65        MM        MM
 MINIMUM TEMPERATURE (F)   43        MM        MM


SUNRISE AND SUNSET
OCTOBER 18 2017.......SUNRISE   724 AM EDT   SUNSET   627 PM EDT
OCTOBER 19 2017.......SUNRISE   725 AM EDT   SUNSET   625 PM EDT


-  INDICATES NEGATIVE NUMBERS.
R  INDICATES RECORD WAS SET OR TIED.
MM INDICATES DATA IS MISSING.
T  INDICATES TRACE AMOUNT.




$$
