000
CDUS41 KLWX 202126
CLIHGR


CLIMATE REPORT
NATIONAL WEATHER SERVICE BALTIMORE MD/WASHINGTON DC
526 PM EDT MON OCT 20 2014


...................................

...THE HAGERSTOWN MD CLIMATE SUMMARY FOR OCTOBER 20 2014...
VALID TODAY AS OF 0500 PM LOCAL TIME.

CLIMATE NORMAL PERIOD 1981 TO 2010
CLIMATE RECORD PERIOD 9999 TO 9999


WEATHER ITEM   OBSERVED TIME   RECORD YEAR NORMAL DEPARTURE LAST
                VALUE   (LST)  VALUE       VALUE  FROM      YEAR
                                                  NORMAL
..................................................................
TEMPERATURE (F)
 TODAY
  MAXIMUM         61    359 PM  MM      MM  64     -3       61
  MINIMUM         38    612 AM  MM      MM  43     -5       43
  AVERAGE         50                        53     -3       52

PRECIPITATION (IN)
  TODAY            0.00         MM      MM   0.08  -0.08     0.00
  MONTH TO DATE    2.13                      2.03   0.10     5.30
  SINCE SEP 1      4.37                      5.70  -1.33     8.51
  SINCE JAN 1     31.28                     32.33  -1.05    27.66

DEGREE DAYS
 HEATING
  TODAY           15                        12      3       13
  MONTH TO DATE  129                       180    -51       94
  SINCE SEP 1    181                       249    -68      174
  SINCE JUL 1    183                       254    -71      177

 COOLING
  TODAY            0                         0      0        0
  MONTH TO DATE    6                         9     -3       44
  SINCE SEP 1    125                       100     25      148
  SINCE JAN 1    938                       968    -30     1133
..................................................................


WIND (MPH)
  HIGHEST WIND SPEED    18   HIGHEST WIND DIRECTION     S (180)
  HIGHEST GUST SPEED    24   HIGHEST GUST DIRECTION     S (180)
  AVERAGE WIND SPEED     5.3


SKY COVER
  POSSIBLE SUNSHINE  MM
  AVERAGE SKY COVER 0.0


WEATHER CONDITIONS
 THE FOLLOWING WEATHER WAS RECORDED TODAY.
  NO SIGNIFICANT WEATHER WAS OBSERVED.


RELATIVE HUMIDITY (PERCENT)
 HIGHEST    79           300 AM
 LOWEST     39           400 PM
 AVERAGE    59

..........................................................


THE HAGERSTOWN MD CLIMATE NORMALS FOR TOMORROW
                         NORMAL    RECORD    YEAR
 MAXIMUM TEMPERATURE (F)   64        MM        MM
 MINIMUM TEMPERATURE (F)   43        MM        MM


SUNRISE AND SUNSET
OCTOBER 20 2014.......SUNRISE   726 AM EDT   SUNSET   624 PM EDT
OCTOBER 21 2014.......SUNRISE   727 AM EDT   SUNSET   623 PM EDT


-  INDICATES NEGATIVE NUMBERS.
R  INDICATES RECORD WAS SET OR TIED.
MM INDICATES DATA IS MISSING.
T  INDICATES TRACE AMOUNT.




$$
