000
CDUS46 KPQR 011146
CLIHIO


CLIMATE REPORT
NATIONAL WEATHER SERVICE PORTLAND OREGON
445 AM PDT TUE SEP 1 2015


...................................

...THE HILLSBORO OR CLIMATE SUMMARY FOR AUGUST 31 2015...

CLIMATE NORMAL PERIOD 1981 TO 2010
CLIMATE RECORD PERIOD 1929 TO 2015


WEATHER ITEM   OBSERVED TIME   RECORD YEAR NORMAL DEPARTURE LAST
                VALUE   (LST)  VALUE       VALUE  FROM      YEAR
                                                  NORMAL
..................................................................
TEMPERATURE (F)
 YESTERDAY
  MAXIMUM         73    402 PM 101    1987  79     -6       77
  MINIMUM         57   1148 PM  34    1930  49      8       53
  AVERAGE         65                        64      1       65

PRECIPITATION (IN)
  YESTERDAY        0.00          0.68 1939   0.03  -0.03
  MONTH TO DATE    0.55                      0.63  -0.08
  SINCE OCT 1     30.35                     38.46  -8.11
  SINCE JAN 1     15.52                     22.07  -6.55

SNOWFALL (IN)
  YESTERDAY       MM
  MONTH TO DATE    0.0
  SINCE JUN 1      0.0
  SINCE JUL 1      0.0
  SNOW DEPTH      MM

DEGREE DAYS
 HEATING
  YESTERDAY        0                         3     -3
  MONTH TO DATE    1                        51    -50
  SINCE JUL 1     13                       107    -94

 COOLING
  YESTERDAY        0                         2     -2
  MONTH TO DATE  137                        77     60
  SINCE JAN 1    478                       178    300
..................................................................


WIND (MPH)
  HIGHEST WIND SPEED    14   HIGHEST WIND DIRECTION    NW (310)
  HIGHEST GUST SPEED    19   HIGHEST GUST DIRECTION    SW (220)
  AVERAGE WIND SPEED     6.9


SKY COVER
  POSSIBLE SUNSHINE  MM
  AVERAGE SKY COVER 0.8


WEATHER CONDITIONS
 THE FOLLOWING WEATHER WAS RECORDED YESTERDAY.
  NO SIGNIFICANT WEATHER WAS OBSERVED.


RELATIVE HUMIDITY (PERCENT)
 HIGHEST    80           600 AM
 LOWEST     46           300 PM
 AVERAGE    63

..........................................................


THE HILLSBORO OR CLIMATE NORMALS FOR TODAY
                         NORMAL    RECORD    YEAR
 MAXIMUM TEMPERATURE (F)   79        97      1988
 MINIMUM TEMPERATURE (F)   49        37      1973


SUNRISE AND SUNSET
SEPTEMBER  1 2015.....SUNRISE   633 AM PDT   SUNSET   750 PM PDT
SEPTEMBER  2 2015.....SUNRISE   634 AM PDT   SUNSET   748 PM PDT


-  INDICATES NEGATIVE NUMBERS.
R  INDICATES RECORD WAS SET OR TIED.
MM INDICATES DATA IS MISSING.
T  INDICATES TRACE AMOUNT.




$$
