000
CDUS46 KPQR 251141
CLIHIO


CLIMATE REPORT
NATIONAL WEATHER SERVICE PORTLAND OREGON
440 AM PDT MON JUL 25 2016


...................................

...THE HILLSBORO OR CLIMATE SUMMARY FOR JULY 24 2016...

CLIMATE NORMAL PERIOD 1981 TO 2010
CLIMATE RECORD PERIOD 1929 TO 2016


WEATHER ITEM   OBSERVED TIME   RECORD YEAR NORMAL DEPARTURE LAST
                VALUE   (LST)  VALUE       VALUE  FROM      YEAR
                                                  NORMAL
..................................................................
TEMPERATURE (F)
 YESTERDAY
  MAXIMUM         89    415 PM 100    2006  82      7       84
                                      2004
  MINIMUM         53    536 AM  41    1932  52      1       50
  AVERAGE         71                        67      4       67

PRECIPITATION (IN)
  YESTERDAY        0.00          0.50 1949   0.01  -0.01
  MONTH TO DATE    0.33                      0.46  -0.13
  SINCE OCT 1     43.16                     37.74   5.42
  SINCE JAN 1     21.14                     21.35  -0.21

SNOWFALL (IN)
  YESTERDAY        0.0
  MONTH TO DATE    0.0
  SINCE JUN 1      0.0
  SINCE JUL 1      0.0
  SNOW DEPTH       0

DEGREE DAYS
 HEATING
  YESTERDAY        0                         1     -1
  MONTH TO DATE   21                        47    -26
  SINCE JUL 1     21                        47    -26

 COOLING
  YESTERDAY        6                         3      3
  MONTH TO DATE   32                        54    -22
  SINCE JAN 1    122                        80     42
..................................................................


WIND (MPH)
  HIGHEST WIND SPEED    15   HIGHEST WIND DIRECTION    NW (310)
  HIGHEST GUST SPEED    18   HIGHEST GUST DIRECTION    NW (320)
  AVERAGE WIND SPEED     6.4


SKY COVER
  POSSIBLE SUNSHINE  MM
  AVERAGE SKY COVER 0.0


WEATHER CONDITIONS
 THE FOLLOWING WEATHER WAS RECORDED YESTERDAY.
  NO SIGNIFICANT WEATHER WAS OBSERVED.


RELATIVE HUMIDITY (PERCENT)
 HIGHEST    93           300 AM
 LOWEST     34           200 PM
 AVERAGE    64

..........................................................


THE HILLSBORO OR CLIMATE NORMALS FOR TODAY
                         NORMAL    RECORD    YEAR
 MAXIMUM TEMPERATURE (F)   82       100      1988
 MINIMUM TEMPERATURE (F)   52        36      1930


SUNRISE AND SUNSET
JULY 25 2016..........SUNRISE   548 AM PDT   SUNSET   848 PM PDT
JULY 26 2016..........SUNRISE   549 AM PDT   SUNSET   847 PM PDT


-  INDICATES NEGATIVE NUMBERS.
R  INDICATES RECORD WAS SET OR TIED.
MM INDICATES DATA IS MISSING.
T  INDICATES TRACE AMOUNT.




$$
