000
CDUS46 KPQR 141144
CLIHIO


CLIMATE REPORT
NATIONAL WEATHER SERVICE PORTLAND OREGON
443 AM PDT SUN SEP 14 2014


...................................

...THE HILLSBORO OR CLIMATE SUMMARY FOR SEPTEMBER 13 2014...

CLIMATE NORMAL PERIOD 1981 TO 2010
CLIMATE RECORD PERIOD 1929 TO 2014


WEATHER ITEM   OBSERVED TIME   RECORD YEAR NORMAL DEPARTURE LAST
                VALUE   (LST)  VALUE       VALUE  FROM      YEAR
                                                  NORMAL
..................................................................
TEMPERATURE (F)
 YESTERDAY
  MAXIMUM         89    303 PM  92    1989  76     13       74
  MINIMUM         46    555 AM  31    1970  47     -1       57
  AVERAGE         68                        61      7       66

PRECIPITATION (IN)
  YESTERDAY        0.00          0.49 1955   0.03  -0.03
  MONTH TO DATE    0.00                      0.40  -0.40
  SINCE OCT 1     24.92                     38.86 -13.94
  SINCE JAN 1     20.24                     22.47  -2.23

SNOWFALL (IN)
  YESTERDAY        0.0
  MONTH TO DATE    0.0
  SINCE SEP 1      0.0
  SINCE JUL 1      0.0
  SNOW DEPTH       0

DEGREE DAYS
 HEATING
  YESTERDAY        0                         4     -4
  MONTH TO DATE   12                        44    -32
  SINCE JUL 1     21                       151   -130

 COOLING
  YESTERDAY        3                         1      2
  MONTH TO DATE   22                        15      7
  SINCE JAN 1    372                       193    179
..................................................................


WIND (MPH)
  HIGHEST WIND SPEED    15   HIGHEST WIND DIRECTION     E (70)
  HIGHEST GUST SPEED    20   HIGHEST GUST DIRECTION     E (70)
  AVERAGE WIND SPEED     4.6


SKY COVER
  POSSIBLE SUNSHINE  MM
  AVERAGE SKY COVER 0.0


WEATHER CONDITIONS
 THE FOLLOWING WEATHER WAS RECORDED YESTERDAY.
  HAZE


RELATIVE HUMIDITY (PERCENT)
 HIGHEST    66           300 AM
 LOWEST     12           200 PM
 AVERAGE    39

..........................................................


THE HILLSBORO OR CLIMATE NORMALS FOR TODAY
                         NORMAL    RECORD    YEAR
 MAXIMUM TEMPERATURE (F)   76        97      1937
 MINIMUM TEMPERATURE (F)   47        35      1970


SUNRISE AND SUNSET
SEPTEMBER 14 2014.....SUNRISE   649 AM PDT   SUNSET   725 PM PDT
SEPTEMBER 15 2014.....SUNRISE   650 AM PDT   SUNSET   723 PM PDT


-  INDICATES NEGATIVE NUMBERS.
R  INDICATES RECORD WAS SET OR TIED.
MM INDICATES DATA IS MISSING.
T  INDICATES TRACE AMOUNT.




$$
