000
CDUS46 KHNX 050822
CLIHJO


CLIMATE REPORT
NATIONAL WEATHER SERVICE SAN JOAQUIN VALLEY, CA
1222 AM PST MON DEC 5 2016


...................................

...THE HANFORD CA CLIMATE SUMMARY FOR DECEMBER 4 2016...

CLIMATE NORMAL PERIOD 1981 TO 2010
CLIMATE RECORD PERIOD 1998 TO 2016


WEATHER ITEM   OBSERVED TIME   RECORD YEAR NORMAL DEPARTURE
                VALUE   (LST)  VALUE       VALUE  FROM
                                                  NORMAL
...............................................................
TEMPERATURE (F)
 YESTERDAY
  MAXIMUM         61    236 PM  68    2007  57      4
  MINIMUM         31    719 AM  21    2004  35     -4
  AVERAGE         46                        46      0

PRECIPITATION (IN)
  YESTERDAY        0.00          0.09 2010   0.02  -0.02
  MONTH TO DATE    0.00                      0.08  -0.08
  SINCE OCT 1      1.00                      1.58  -0.58
  SINCE JAN 1      6.66                      8.55  -1.89

SNOWFALL (IN)
  YESTERDAY        0.0
  MONTH TO DATE    0.0
  SINCE DEC 1      0.0
  SINCE JUL 1      0.0
  SNOW DEPTH       0

DEGREE DAYS
 HEATING
  YESTERDAY       19
  MONTH TO DATE   79
  SINCE DEC 1     79
  SINCE JUL 1    385

 COOLING
  YESTERDAY        0
  MONTH TO DATE    0
  SINCE DEC 1      0
  SINCE JAN 1   1966
...............................................................


WIND (MPH)
  HIGHEST WIND SPEED     6   HIGHEST WIND DIRECTION    NE (60)
  HIGHEST GUST SPEED     7   HIGHEST GUST DIRECTION     E (70)
  AVERAGE WIND SPEED     0.6




RELATIVE HUMIDITY (PERCENT)
 HIGHEST   100
 LOWEST     46
 AVERAGE    73

..........................................................


THE HANFORD CA CLIMATE NORMALS FOR TODAY
                         NORMAL    RECORD    YEAR
 MAXIMUM TEMPERATURE (F)   57        66      2012
 MINIMUM TEMPERATURE (F)   35        21      2013


SUNRISE AND SUNSET
DECEMBER  5 2016......SUNRISE   655 AM PST   SUNSET   443 PM PST
DECEMBER  6 2016......SUNRISE   656 AM PST   SUNSET   443 PM PST


-  INDICATES NEGATIVE NUMBERS.
R  INDICATES RECORD WAS SET OR TIED.
MM INDICATES DATA IS MISSING.
T  INDICATES TRACE AMOUNT.




$$
