000
CDUS46 KHNX 250824
CLIHJO


CLIMATE REPORT
NATIONAL WEATHER SERVICE SAN JOAQUIN VALLEY, CA
123 AM PDT SAT MAR 25 2017


...................................

...THE HANFORD CA CLIMATE SUMMARY FOR MARCH 24 2017...

CLIMATE NORMAL PERIOD 1981 TO 2010
CLIMATE RECORD PERIOD 1998 TO 2017


WEATHER ITEM   OBSERVED TIME   RECORD YEAR NORMAL DEPARTURE
                VALUE   (LST)  VALUE       VALUE  FROM
                                                  NORMAL
...............................................................
TEMPERATURE (F)
 YESTERDAY
  MAXIMUM         64   1258 PM  83    2014  69     -5
  MINIMUM         43    523 AM  34    2009  43      0
  AVERAGE         54                        56     -2

PRECIPITATION (IN)
  YESTERDAY        0.02          0.83 1998   0.04  -0.02
  MONTH TO DATE    0.28                      1.34  -1.06
  SINCE OCT 1      9.38                      8.24   1.14
  SINCE JAN 1      6.51                      5.11   1.40

SNOWFALL (IN)
  YESTERDAY        0.0
  MONTH TO DATE    0.0
  SINCE MAR 1      0.0
  SINCE JUL 1      0.0
  SNOW DEPTH       0

DEGREE DAYS
 HEATING
  YESTERDAY       11
  MONTH TO DATE  190
  SINCE MAR 1    190
  SINCE JUL 1   1917

 COOLING
  YESTERDAY        0
  MONTH TO DATE    8
  SINCE MAR 1      8
  SINCE JAN 1      8
...............................................................


WIND (MPH)
  HIGHEST WIND SPEED    10   HIGHEST WIND DIRECTION     S (170)
  HIGHEST GUST SPEED    15   HIGHEST GUST DIRECTION    NE (40)
  AVERAGE WIND SPEED     4.6




RELATIVE HUMIDITY (PERCENT)
 HIGHEST   100
 LOWEST     60
 AVERAGE    80

..........................................................


THE HANFORD CA CLIMATE NORMALS FOR TODAY
                         NORMAL    RECORD    YEAR
 MAXIMUM TEMPERATURE (F)   70        79      2015
                                             2014
                                             1998
 MINIMUM TEMPERATURE (F)   44        37      2009


SUNRISE AND SUNSET
MARCH 25 2017.........SUNRISE   654 AM PDT   SUNSET   715 PM PDT
MARCH 26 2017.........SUNRISE   653 AM PDT   SUNSET   716 PM PDT


-  INDICATES NEGATIVE NUMBERS.
R  INDICATES RECORD WAS SET OR TIED.
MM INDICATES DATA IS MISSING.
T  INDICATES TRACE AMOUNT.




$$
