000
CDUS46 KHNX 190823
CLIHJO


CLIMATE REPORT
NATIONAL WEATHER SERVICE SAN JOAQUIN VALLEY, CA
1222 AM PST MON FEB 19 2018


...................................

...THE HANFORD CA CLIMATE SUMMARY FOR FEBRUARY 18 2018...

CLIMATE NORMAL PERIOD 1981 TO 2010
CLIMATE RECORD PERIOD 1998 TO 2018


WEATHER ITEM   OBSERVED TIME   RECORD YEAR NORMAL DEPARTURE
                VALUE   (LST)  VALUE       VALUE  FROM
                                                  NORMAL
...............................................................
TEMPERATURE (F)
 YESTERDAY
  MAXIMUM         69R   213 PM  69    2008  63      6
  MINIMUM         37    540 AM  32    2013  40     -3
                                      2006
  AVERAGE         53                        51      2

PRECIPITATION (IN)
  YESTERDAY        0.00          0.54 2004   0.07  -0.07
  MONTH TO DATE    T                         1.05  -1.05
  SINCE OCT 1      1.78                      6.22  -4.44
  SINCE JAN 1      1.37                      3.09  -1.72

SNOWFALL (IN)
  YESTERDAY        0.0
  MONTH TO DATE    0.0
  SINCE DEC 1      0.0
  SINCE JUL 1      0.0
  SNOW DEPTH       0

DEGREE DAYS
 HEATING
  YESTERDAY       12
  MONTH TO DATE  176
  SINCE DEC 1   1162
  SINCE JUL 1   1467

 COOLING
  YESTERDAY        0
  MONTH TO DATE    0
  SINCE DEC 1      0
  SINCE JAN 1      0
...............................................................


WIND (MPH)
  HIGHEST WIND SPEED    28   HIGHEST WIND DIRECTION    NW (320)
  HIGHEST GUST SPEED    35   HIGHEST GUST DIRECTION    NW (320)
  AVERAGE WIND SPEED     8.8




RELATIVE HUMIDITY (PERCENT)
 HIGHEST    92
 LOWEST     30
 AVERAGE    61

..........................................................


THE HANFORD CA CLIMATE NORMALS FOR TODAY
                         NORMAL    RECORD    YEAR
 MAXIMUM TEMPERATURE (F)   63        72      2015
 MINIMUM TEMPERATURE (F)   40        33      2009


SUNRISE AND SUNSET
FEBRUARY 19 2018......SUNRISE   641 AM PST   SUNSET   544 PM PST
FEBRUARY 20 2018......SUNRISE   640 AM PST   SUNSET   545 PM PST


-  INDICATES NEGATIVE NUMBERS.
R  INDICATES RECORD WAS SET OR TIED.
MM INDICATES DATA IS MISSING.
T  INDICATES TRACE AMOUNT.




$$
