000
CDUS46 KHNX 250821
CLIHJO


CLIMATE REPORT
NATIONAL WEATHER SERVICE SAN JOAQUIN VALLEY, CA
121 AM PDT SAT OCT 25 2014


...................................

...THE HANFORD CA CLIMATE SUMMARY FOR OCTOBER 24 2014...

CLIMATE NORMAL PERIOD 1981 TO 2010
CLIMATE RECORD PERIOD 1998 TO 2014


WEATHER ITEM   OBSERVED TIME   RECORD YEAR NORMAL DEPARTURE
                VALUE   (LST)  VALUE       VALUE  FROM
                                                  NORMAL
...............................................................
TEMPERATURE (F)
 YESTERDAY
  MAXIMUM         84    325 PM  90    2007  76      8
  MINIMUM         47    646 AM  41    2012  46      1
  AVERAGE         66                        61      5

PRECIPITATION (IN)
  YESTERDAY        0.00          0.61 1998   0.02  -0.02
  MONTH TO DATE    T                         0.28  -0.28
  SINCE JUL 1      0.01                      0.49  -0.48
  SINCE JAN 1      2.44                      7.25  -4.81

SNOWFALL (IN)
  YESTERDAY        0.0
  MONTH TO DATE    0.0
  SINCE SEP 1      0.0
  SINCE JUL 1      0.0
  SNOW DEPTH       0

DEGREE DAYS
 HEATING
  YESTERDAY        0
  MONTH TO DATE    6
  SINCE SEP 1      6
  SINCE JUL 1      6

 COOLING
  YESTERDAY        1
  MONTH TO DATE  126
  SINCE SEP 1    515
  SINCE JAN 1   2272
...............................................................


WIND (MPH)
  HIGHEST WIND SPEED     7   HIGHEST WIND DIRECTION    NE (60)
  HIGHEST GUST SPEED     9   HIGHEST GUST DIRECTION    SE (140)
  AVERAGE WIND SPEED     1.7




RELATIVE HUMIDITY (PERCENT)
 HIGHEST    93
 LOWEST     26
 AVERAGE    60

..........................................................


THE HANFORD CA CLIMATE NORMALS FOR TODAY
                         NORMAL    RECORD    YEAR
 MAXIMUM TEMPERATURE (F)   75        87      2007
 MINIMUM TEMPERATURE (F)   45        43      2013
                                             2006


SUNRISE AND SUNSET
OCTOBER 25 2014.......SUNRISE   715 AM PDT   SUNSET   610 PM PDT
OCTOBER 26 2014.......SUNRISE   716 AM PDT   SUNSET   609 PM PDT


-  INDICATES NEGATIVE NUMBERS.
R  INDICATES RECORD WAS SET OR TIED.
MM INDICATES DATA IS MISSING.
T  INDICATES TRACE AMOUNT.




$$
