000
CDUS43 KGLD 070044
CLIHLC

CLIMATE REPORT
NATIONAL WEATHER SERVICE GOODLAND
637 PM MDT MON JUL 6 2015

...................................

...THE HILL CITY KS CLIMATE SUMMARY FOR JULY 6 2015...
VALID TODAY AS OF 0600 PM LOCAL TIME.

CLIMATE NORMAL PERIOD 1981 TO 2010
CLIMATE RECORD PERIOD 1896 TO 2015


WEATHER ITEM   OBSERVED TIME   RECORD YEAR NORMAL DEPARTURE LAST
                VALUE   (LST)  VALUE       VALUE  FROM      YEAR
                                                  NORMAL
..................................................................
TEMPERATURE (F)
 TODAY
  MAXIMUM         85   1226 AM 109    2001  93     -8      104
  MINIMUM         71    846 AM  50    1985  65      6       65
  AVERAGE         78                        79     -1       85

PRECIPITATION (IN)
  TODAY            0.04                      0.09  -0.05     0.00
  MONTH TO DATE    0.15                      0.58  -0.43      T
  SINCE JUN 1      0.93                      3.34  -2.41     6.93
  SINCE JAN 1      8.46                     11.84  -3.38    11.87

..................................................................


THE HILL CITY KS CLIMATE NORMALS FOR TOMORROW
                         NORMAL    RECORD    YEAR
 MAXIMUM TEMPERATURE (F)   93       108      1917
 MINIMUM TEMPERATURE (F)   65        49      1922



-  INDICATES NEGATIVE NUMBERS.
R  INDICATES RECORD WAS SET OR TIED.
MM INDICATES DATA IS MISSING.
T  INDICATES TRACE AMOUNT.

$$
