000
CDUS43 KGLD 260042
CLIHLC

CLIMATE REPORT
NATIONAL WEATHER SERVICE GOODLAND
639 PM MDT FRI JUL 25 2014

...................................

...THE HILL CITY KS CLIMATE SUMMARY FOR JULY 25 2014...
VALID TODAY AS OF 0600 PM LOCAL TIME.

CLIMATE NORMAL PERIOD 1981 TO 2010
CLIMATE RECORD PERIOD 1896 TO 2014

WEATHER ITEM   OBSERVED TIME   RECORD YEAR NORMAL DEPARTURE LAST
                VALUE   (LST)  VALUE       VALUE  FROM      YEAR
                                                  NORMAL
..................................................................
TEMPERATURE (F)
 TODAY
  MAXIMUM        104    325 PM 115    1940  93     11       81
  MINIMUM         79    546 AM  50    1924  66     13       64
  AVERAGE         92                        80     12       73

PRECIPITATION (IN)
  TODAY            0.00                      0.12  -0.12     2.38
  MONTH TO DATE    1.79                      2.96  -1.17     2.61
  SINCE JUN 1      8.72                      5.72   3.00     5.29
  SINCE JAN 1     13.66                     14.22  -0.56     9.63

..................................................................

THE HILL CITY KS CLIMATE NORMALS FOR TOMORROW
                         NORMAL    RECORD    YEAR
 MAXIMUM TEMPERATURE (F)   93       111      1940
 MINIMUM TEMPERATURE (F)   66        51      2004
                                             1985


-  INDICATES NEGATIVE NUMBERS.
R  INDICATES RECORD WAS SET OR TIED.
MM INDICATES DATA IS MISSING.
T  INDICATES TRACE AMOUNT.

$$
