000
CDUS43 KGLD 200739 RRB
CLIHLC

CLIMATE REPORT
NATIONAL WEATHER SERVICE GOODLAND
137 AM MDT SAT SEP 20 2014

...................................

...THE HILL CITY KS CLIMATE SUMMARY FOR SEPTEMBER 19 2014...

CLIMATE NORMAL PERIOD 1981 TO 2010
CLIMATE RECORD PERIOD 1896 TO 2014

WEATHER ITEM   OBSERVED TIME   RECORD YEAR NORMAL DEPARTURE LAST
                VALUE   (LST)  VALUE       VALUE  FROM      YEAR
                                                  NORMAL
..................................................................
TEMPERATURE (F)
 YESTERDAY
  MAXIMUM         92    342 PM 101    1980  80     12       77
  MINIMUM         60    642 AM  33    2003  52      8       53
                                      1971
  AVERAGE         76                        66     10       65

PRECIPITATION (IN)
  YESTERDAY        0.00                      0.07  -0.07     0.31
  MONTH TO DATE    0.30                      1.25  -0.95     1.50
  SINCE SEP 1      0.30                      1.25  -0.95     1.50
  SINCE JAN 1     20.12                     19.13   0.99    14.44

..................................................................

THE HILL CITY KS CLIMATE NORMALS FOR TODAY
                         NORMAL    RECORD    YEAR
 MAXIMUM TEMPERATURE (F)   80        99      1935
 MINIMUM TEMPERATURE (F)   51        19      1910

-  INDICATES NEGATIVE NUMBERS.
R  INDICATES RECORD WAS SET OR TIED.
MM INDICATES DATA IS MISSING.
T  INDICATES TRACE AMOUNT.

$$
