000
CDUS41 KPBZ 250701
CLIHLG


CLIMATE REPORT
NATIONAL WEATHER SERVICE PITTSBURGH PA
301 AM EDT SUN JUN 25 2017


...................................

...THE WHEELING CLIMATE SUMMARY FOR JUNE 24 2017...

CLIMATE NORMAL PERIOD 1981 TO 2010
CLIMATE RECORD PERIOD 1878 TO 2017


WEATHER ITEM   OBSERVED TIME   RECORD YEAR NORMAL DEPARTURE LAST
                VALUE   (LST)  VALUE       VALUE  FROM      YEAR
                                                  NORMAL
..................................................................
TEMPERATURE (F)
 YESTERDAY
  MAXIMUM         78    209 PM  98    1943  80     -2       83
                                      1933
  MINIMUM         63   1132 PM  35    1918  61      2       67
  AVERAGE         71                        70      1       75

PRECIPITATION (IN)
  YESTERDAY        0.06          1.32 1950   0.14  -0.08     0.00
  MONTH TO DATE    7.10                      4.02   3.08     2.26
  SINCE JAN 1     25.16                     19.19   5.97    16.39

DEGREE DAYS
 HEATING
  YESTERDAY        0                         0      0        0
  MONTH TO DATE   25                        38    -13       12
  SINCE JUN 1     25                        38    -13       12
  SINCE JUL 1   4572                      5587  -1015     4479

 COOLING
  YESTERDAY        6                                        10
  MONTH TO DATE  141                                       164
  SINCE JUN 1    141                                       164
  SINCE JAN 1    210                                       227
..................................................................


WIND (MPH)
  HIGHEST WIND SPEED    22   HIGHEST WIND DIRECTION     W (250)
  HIGHEST GUST SPEED    33   HIGHEST GUST DIRECTION     W (250)
  AVERAGE WIND SPEED     9.3


SKY COVER
  POSSIBLE SUNSHINE  MM
  AVERAGE SKY COVER 0.4


WEATHER CONDITIONS
 THE FOLLOWING WEATHER WAS RECORDED YESTERDAY.
  LIGHT RAIN
  FOG


RELATIVE HUMIDITY (PERCENT)
 HIGHEST    93           100 AM
 LOWEST     47           400 PM
 AVERAGE    70

..........................................................


THE WHEELING CLIMATE NORMALS FOR TODAY
                         NORMAL    RECORD    YEAR
 MAXIMUM TEMPERATURE (F)   80        97      1943
 MINIMUM TEMPERATURE (F)   61        41      1936


SUNRISE AND SUNSET
JUNE 25 2017..........SUNRISE   555 AM EDT   SUNSET   856 PM EDT
JUNE 26 2017..........SUNRISE   555 AM EDT   SUNSET   856 PM EDT


-  INDICATES NEGATIVE NUMBERS.
R  INDICATES RECORD WAS SET OR TIED.
MM INDICATES DATA IS MISSING.
T  INDICATES TRACE AMOUNT.




$$
