000
CDUS41 KPBZ 122227
CLIHLG


CLIMATE REPORT
NATIONAL WEATHER SERVICE PITTSBURGH PA
525 PM EST TUE DEC 12 2017


...................................

...THE WHEELING CLIMATE SUMMARY FOR DECEMBER 12 2017...
VALID TODAY AS OF 0500 PM LOCAL TIME.

CLIMATE NORMAL PERIOD 1981 TO 2010
CLIMATE RECORD PERIOD 1878 TO 2017


WEATHER ITEM   OBSERVED TIME   RECORD YEAR NORMAL DEPARTURE LAST
                VALUE   (LST)  VALUE       VALUE  FROM      YEAR
                                                  NORMAL
..................................................................
TEMPERATURE (F)
 TODAY
  MAXIMUM         41    307 AM  70    2015  41      0       43
  MINIMUM         18    459 PM   0    1933  27     -9       28
  AVERAGE         30                        34     -4       36

PRECIPITATION (IN)
  TODAY            0.01          0.90 1929   0.07  -0.06     0.27
  MONTH TO DATE    0.40                      0.94  -0.54     1.01
  SINCE JAN 1     44.32                     36.49   7.83    34.71

DEGREE DAYS
 HEATING
  TODAY           35                        31      4       29
  MONTH TO DATE  371                       353     18      385
  SINCE DEC 1    371                       353     18      385
  SINCE JUL 1   1363                      1481   -118     1184

 COOLING
  TODAY            0                         0      0        0
  MONTH TO DATE    0                         0      0        0
  SINCE DEC 1      0                         0      0        0
  SINCE JAN 1    757                       689     68     1209
..................................................................


WIND (MPH)
  HIGHEST WIND SPEED    26   HIGHEST WIND DIRECTION    NW (300)
  HIGHEST GUST SPEED    40   HIGHEST GUST DIRECTION     W (260)
  AVERAGE WIND SPEED    14.5


SKY COVER
  POSSIBLE SUNSHINE  MM
  AVERAGE SKY COVER 1.0


WEATHER CONDITIONS
 THE FOLLOWING WEATHER WAS RECORDED TODAY.
  LIGHT SNOW
  FOG
  HAZE


RELATIVE HUMIDITY (PERCENT)
 HIGHEST    85           800 AM
 LOWEST     45           400 PM
 AVERAGE    65

..........................................................


THE WHEELING CLIMATE NORMALS FOR TOMORROW
                         NORMAL    RECORD    YEAR
 MAXIMUM TEMPERATURE (F)   40        66      2015
                                             1901
 MINIMUM TEMPERATURE (F)   27        -2      1937


SUNRISE AND SUNSET
DECEMBER 12 2017......SUNRISE   736 AM EST   SUNSET   457 PM EST
DECEMBER 13 2017......SUNRISE   737 AM EST   SUNSET   457 PM EST


-  INDICATES NEGATIVE NUMBERS.
R  INDICATES RECORD WAS SET OR TIED.
MM INDICATES DATA IS MISSING.
T  INDICATES TRACE AMOUNT.




$$
