033
CDUS45 KTFX 010802
CLIHLN


CLIMATE REPORT
NATIONAL WEATHER SERVICE GREAT FALLS MT
201 AM MDT SUN MAY 1 2016


...................................

...THE HELENA MT CLIMATE SUMMARY FOR APRIL 30 2016...

CLIMATE NORMAL PERIOD 1981 TO 2010
CLIMATE RECORD PERIOD 1866 TO 2016


WEATHER ITEM   OBSERVED TIME   RECORD YEAR NORMAL DEPARTURE LAST
                VALUE   (LST)  VALUE       VALUE  FROM      YEAR
                                                  NORMAL
..................................................................
TEMPERATURE (F)
 YESTERDAY
  MAXIMUM         54   1124 AM  83    1987  62     -8       66
  MINIMUM         40   1155 PM  13    1909  36      4       41
  AVERAGE         47                        49     -2       54

PRECIPITATION (IN)
  YESTERDAY        0.01          0.95 1951   0.04  -0.03     0.00
  MONTH TO DATE    1.01                      0.98   0.03     0.53
  SINCE OCT 1      3.37                      3.80  -0.43     3.98
  SINCE JAN 1      1.67                      2.23  -0.56     1.70

SNOWFALL (IN)
  YESTERDAY        0.0           5.5  1913   0.1   -0.1      0.0
  MONTH TO DATE    T                         3.7   -3.7       T
  SINCE MAR 1      T                         9.9   -9.9       T
  SINCE JUL 1     14.8                      37.2  -22.4     24.3
  SNOW DEPTH       0

DEGREE DAYS
 HEATING
  YESTERDAY       18                        16      2       11
  MONTH TO DATE  450                       602   -152      566
  SINCE MAR 1   1209                      1493   -284     1187
  SINCE JUL 1   6149                      7054   -905     6195

 COOLING
  YESTERDAY        0                         0      0        0
  MONTH TO DATE    0                         0      0        0
  SINCE MAR 1      0                         0      0        0
  SINCE JAN 1      0                         0      0        0
..................................................................


WIND (MPH)
  HIGHEST WIND SPEED    17   HIGHEST WIND DIRECTION     N (360)
  HIGHEST GUST SPEED    21   HIGHEST GUST DIRECTION     N (360)
  AVERAGE WIND SPEED     6.9


SKY COVER
  AVERAGE SKY COVER 0.9


WEATHER CONDITIONS
 THE FOLLOWING WEATHER WAS RECORDED YESTERDAY.
  LIGHT RAIN


RELATIVE HUMIDITY (PERCENT)
 HIGHEST    79          1000 PM
 LOWEST     50          1100 AM
 AVERAGE    65

..........................................................


THE HELENA MT CLIMATE NORMALS FOR TODAY
                         NORMAL    RECORD    YEAR
 MAXIMUM TEMPERATURE (F)   63        82      2000
 MINIMUM TEMPERATURE (F)   36        20      1954


SUNRISE AND SUNSET
MAY  1 2016...........SUNRISE   613 AM MDT   SUNSET   838 PM MDT
MAY  2 2016...........SUNRISE   611 AM MDT   SUNSET   840 PM MDT


-  INDICATES NEGATIVE NUMBERS.
R  INDICATES RECORD WAS SET OR TIED.
MM INDICATES DATA IS MISSING.
T  INDICATES TRACE AMOUNT.




$$
