000
CDUS45 KTFX 230736
CLIHLN


CLIMATE REPORT
NATIONAL WEATHER SERVICE GREAT FALLS MT
135 AM MDT FRI JUN 23 2017


...................................

...THE HELENA MT CLIMATE SUMMARY FOR JUNE 22 2017...

CLIMATE NORMAL PERIOD 1981 TO 2010
CLIMATE RECORD PERIOD 1866 TO 2017


WEATHER ITEM   OBSERVED TIME   RECORD YEAR NORMAL DEPARTURE LAST
                VALUE   (LST)  VALUE       VALUE  FROM      YEAR
                                                  NORMAL
..................................................................
TEMPERATURE (F)
 YESTERDAY
  MAXIMUM         72    132 PM  98    1919  78     -6       84
  MINIMUM         49   1159 PM  33    1892  50     -1       48
  AVERAGE         61                        64     -3       66

PRECIPITATION (IN)
  YESTERDAY        0.00          1.30 1907   0.07  -0.07     0.00
  MONTH TO DATE    1.22                      1.62  -0.40     1.30
  SINCE OCT 1      8.03                      7.29   0.74     6.12
  SINCE JAN 1      5.05                      5.72  -0.67     4.42

SNOWFALL (IN)
  YESTERDAY        0.0           T    1892   0.0    0.0      0.0
                                      1995
  MONTH TO DATE    0.0                       0.0    0.0      0.0
  SINCE JUN 1      0.0                       0.0    0.0      0.0
  SINCE JUL 1     51.5                      38.1   13.4     14.8
  SNOW DEPTH       0

DEGREE DAYS
 HEATING
  YESTERDAY        4                         3      1        0
  MONTH TO DATE   65                       114    -49       51
  SINCE JUN 1     65                       114    -49       51
  SINCE JUL 1   7415                      7519   -104     6547

 COOLING
  YESTERDAY        0                         2     -2        1
  MONTH TO DATE   36                        27      9       56
  SINCE JUN 1     36                        27      9       56
  SINCE JAN 1     45                        35     10       56
..................................................................


WIND (MPH)
  HIGHEST WIND SPEED    24   HIGHEST WIND DIRECTION     W (270)
  HIGHEST GUST SPEED    33   HIGHEST GUST DIRECTION     W (270)
  AVERAGE WIND SPEED    12.2


SKY COVER
  AVERAGE SKY COVER 0.1


WEATHER CONDITIONS
 THE FOLLOWING WEATHER WAS RECORDED YESTERDAY.
  NO SIGNIFICANT WEATHER WAS OBSERVED.


RELATIVE HUMIDITY (PERCENT)
 HIGHEST    59          1100 PM
 LOWEST     17          1200 PM
 AVERAGE    38

..........................................................


THE HELENA MT CLIMATE NORMALS FOR TODAY
                         NORMAL    RECORD    YEAR
 MAXIMUM TEMPERATURE (F)   78        98      1941
 MINIMUM TEMPERATURE (F)   50        35      1997


SUNRISE AND SUNSET
JUNE 23 2017..........SUNRISE   535 AM MDT   SUNSET   925 PM MDT
JUNE 24 2017..........SUNRISE   536 AM MDT   SUNSET   925 PM MDT


-  INDICATES NEGATIVE NUMBERS.
R  INDICATES RECORD WAS SET OR TIED.
MM INDICATES DATA IS MISSING.
T  INDICATES TRACE AMOUNT.




$$
