000
CDUS45 KTFX 261018
CLIHLN


CLIMATE REPORT
NATIONAL WEATHER SERVICE GREAT FALLS MT
418 AM MDT TUE JUL 26 2016


...................................

...THE HELENA MT CLIMATE SUMMARY FOR JULY 25 2016...

CLIMATE NORMAL PERIOD 1981 TO 2010
CLIMATE RECORD PERIOD 1866 TO 2016


WEATHER ITEM   OBSERVED TIME   RECORD YEAR NORMAL DEPARTURE LAST
                VALUE   (LST)  VALUE       VALUE  FROM      YEAR
                                                  NORMAL
..................................................................
TEMPERATURE (F)
 YESTERDAY
  MAXIMUM         94    410 PM  99    1933  88      6       89
  MINIMUM         58    502 AM  44    1918  55      3       56
  AVERAGE         76                        72      4       73

PRECIPITATION (IN)
  YESTERDAY        0.10          0.73 1993   0.04   0.06      T
  MONTH TO DATE    0.73                      0.99  -0.26     0.49
  SINCE OCT 1      6.93                      8.72  -1.79     7.33
  SINCE JAN 1      5.23                      7.15  -1.92     5.05

SNOWFALL (IN)
  YESTERDAY        0.0           T    1993   0.0    0.0      0.0
                                      1995
  MONTH TO DATE    0.0                       0.0    0.0      0.0
  SINCE JUN 1      T                         T      0.0      0.0
  SINCE JUL 1      0.0                       0.0    0.0      0.0
  SNOW DEPTH       0

DEGREE DAYS
 HEATING
  YESTERDAY        0                         0      0        0
  MONTH TO DATE   18                        26     -8        7
  SINCE JUN 1     72                       162    -90       39
  SINCE JUL 1     18                        26     -8        7

 COOLING
  YESTERDAY       11                         7      4        8
  MONTH TO DATE  145                       143      2      158
  SINCE JUN 1    251                       192     59      335
  SINCE JAN 1    251                       200     51      335
..................................................................


WIND (MPH)
  HIGHEST WIND SPEED    31   HIGHEST WIND DIRECTION     W (250)
  HIGHEST GUST SPEED    38   HIGHEST GUST DIRECTION     W (260)
  AVERAGE WIND SPEED     4.9


SKY COVER
  AVERAGE SKY COVER 0.0


WEATHER CONDITIONS
 THE FOLLOWING WEATHER WAS RECORDED YESTERDAY.
  THUNDERSTORM
  LIGHT RAIN


RELATIVE HUMIDITY (PERCENT)
 HIGHEST    60          1100 PM
 LOWEST     15           400 PM
 AVERAGE    38

..........................................................


THE HELENA MT CLIMATE NORMALS FOR TODAY
                         NORMAL    RECORD    YEAR
 MAXIMUM TEMPERATURE (F)   88        98      1988
                                             1933
 MINIMUM TEMPERATURE (F)   55        43      1999
                                             1971


SUNRISE AND SUNSET
JULY 26 2016..........SUNRISE   602 AM MDT   SUNSET   906 PM MDT
JULY 27 2016..........SUNRISE   603 AM MDT   SUNSET   905 PM MDT


-  INDICATES NEGATIVE NUMBERS.
R  INDICATES RECORD WAS SET OR TIED.
MM INDICATES DATA IS MISSING.
T  INDICATES TRACE AMOUNT.




$$
