000
CDUS45 KTFX 301017
CLIHLN


CLIMATE REPORT
NATIONAL WEATHER SERVICE GREAT FALLS MT
416 AM MDT TUE JUN 30 2015


...................................

...THE HELENA MT CLIMATE SUMMARY FOR JUNE 29 2015...

CLIMATE NORMAL PERIOD 1981 TO 2010
CLIMATE RECORD PERIOD 1866 TO 2015


WEATHER ITEM   OBSERVED TIME   RECORD YEAR NORMAL DEPARTURE LAST
                VALUE   (LST)  VALUE       VALUE  FROM      YEAR
                                                  NORMAL
..................................................................
TEMPERATURE (F)
 YESTERDAY
  MAXIMUM        100R   223 PM  97    1937  81     19       74
  MINIMUM         64    451 AM  33    1971  52     12       51
  AVERAGE         82                        66     16       63

PRECIPITATION (IN)
  YESTERDAY        0.08          0.94 1909   0.05   0.03      T
  MONTH TO DATE    0.47                      2.01  -1.54     1.71
  SINCE OCT 1      6.81                      7.68  -0.87     7.19
  SINCE JAN 1      4.53                      6.11  -1.58     6.19

SNOWFALL (IN)
  YESTERDAY        0.0           T    1991   0.0    0.0      0.0
                                      1995
  MONTH TO DATE    0.0                       0.0    0.0      0.0
  SINCE JUN 1      0.0                       0.0    0.0      0.0
  SINCE JUL 1     24.3                      38.1  -13.8     41.8
  SNOW DEPTH       0

DEGREE DAYS
 HEATING
  YESTERDAY        0                         2     -2        2
  MONTH TO DATE   32                       133   -101      126
  SINCE JUN 1     32                       133   -101      126
  SINCE JUL 1   6557                      7538   -981     7449

 COOLING
  YESTERDAY       17                         3     14        0
  MONTH TO DATE  162                        46    116        3
  SINCE JUN 1    162                        46    116        3
  SINCE JAN 1    162                        54    108        7
..................................................................


WIND (MPH)
  HIGHEST WIND SPEED    23   HIGHEST WIND DIRECTION     S (180)
  HIGHEST GUST SPEED    33   HIGHEST GUST DIRECTION    SW (220)
  AVERAGE WIND SPEED     5.5


SKY COVER
  AVERAGE SKY COVER 0.1


WEATHER CONDITIONS
 THE FOLLOWING WEATHER WAS RECORDED YESTERDAY.
  THUNDERSTORM
  RAIN
  LIGHT RAIN
  HAZE


RELATIVE HUMIDITY (PERCENT)
 HIGHEST    81          1100 PM
 LOWEST     21           200 PM
 AVERAGE    51

..........................................................


THE HELENA MT CLIMATE NORMALS FOR TODAY
                         NORMAL    RECORD    YEAR
 MAXIMUM TEMPERATURE (F)   81        99      2008
 MINIMUM TEMPERATURE (F)   52        34      1949


SUNRISE AND SUNSET
JUNE 30 2015..........SUNRISE   538 AM MDT   SUNSET   925 PM MDT
JULY  1 2015..........SUNRISE   539 AM MDT   SUNSET   925 PM MDT


-  INDICATES NEGATIVE NUMBERS.
R  INDICATES RECORD WAS SET OR TIED.
MM INDICATES DATA IS MISSING.
T  INDICATES TRACE AMOUNT.




$$
