000
CDUS45 KTFX 231055
CLIHLN


CLIMATE REPORT
NATIONAL WEATHER SERVICE GREAT FALLS MT
455 AM MDT WED JUL 23 2014


...................................

...THE HELENA MT CLIMATE SUMMARY FOR JULY 22 2014...

CLIMATE NORMAL PERIOD 1981 TO 2010
CLIMATE RECORD PERIOD 1866 TO 2014


WEATHER ITEM   OBSERVED TIME   RECORD YEAR NORMAL DEPARTURE LAST
                VALUE   (LST)  VALUE       VALUE  FROM      YEAR
                                                  NORMAL
..................................................................
TEMPERATURE (F)
 YESTERDAY
  MAXIMUM         85    451 PM 102    2003  88     -3       91
  MINIMUM         62    804 AM  42    1972  55      7       51
  AVERAGE         74                        71      3       71

PRECIPITATION (IN)
  YESTERDAY        0.05          0.80 1884   0.03   0.02     0.00
  MONTH TO DATE    0.54                      0.88  -0.34     0.65
  SINCE OCT 1      7.73                      8.61  -0.88     9.48
  SINCE JAN 1      6.73                      7.04  -0.31     6.18

SNOWFALL (IN)
  YESTERDAY        0.0           0.0  1999   0.0    0.0      0.0
                                      2001
                                      1995
  MONTH TO DATE    0.0                       0.0    0.0      0.0
  SINCE JUN 1      0.0                       T      0.0      0.0
  SINCE JUL 1      0.0                       0.0    0.0      0.0
  SNOW DEPTH       0

DEGREE DAYS
 HEATING
  YESTERDAY        0                         0      0        0
  MONTH TO DATE    0                        26    -26        0
  SINCE JUN 1    127                       162    -35      146
  SINCE JUL 1      0                        26    -26        0

 COOLING
  YESTERDAY        9                         7      2        6
  MONTH TO DATE  188                       122     66      188
  SINCE JUN 1    191                       171     20      230
  SINCE JAN 1    195                       179     16      237
..................................................................


WIND (MPH)
  HIGHEST WIND SPEED    16   HIGHEST WIND DIRECTION    SE (140)
  HIGHEST GUST SPEED    23   HIGHEST GUST DIRECTION     S (180)
  AVERAGE WIND SPEED     5.1


SKY COVER
  AVERAGE SKY COVER 0.5


WEATHER CONDITIONS
 THE FOLLOWING WEATHER WAS RECORDED YESTERDAY.
  THUNDERSTORM
  LIGHT RAIN


RELATIVE HUMIDITY (PERCENT)
 HIGHEST    73          1000 PM
 LOWEST     34           200 PM
 AVERAGE    54

..........................................................


THE HELENA MT CLIMATE NORMALS FOR TODAY
                         NORMAL    RECORD    YEAR
 MAXIMUM TEMPERATURE (F)   88       104      2003
 MINIMUM TEMPERATURE (F)   55        41      1918


SUNRISE AND SUNSET
JULY 23 2014..........SUNRISE   558 AM MDT   SUNSET   910 PM MDT
JULY 24 2014..........SUNRISE   559 AM MDT   SUNSET   909 PM MDT


-  INDICATES NEGATIVE NUMBERS.
R  INDICATES RECORD WAS SET OR TIED.
MM INDICATES DATA IS MISSING.
T  INDICATES TRACE AMOUNT.




$$
