009
CDHW40 PHFO 230317
CLIHNL


CLIMATE REPORT
NATIONAL WEATHER SERVICE HONOLULU HI
513 PM HST THU JUN 22 2017


...................................

...THE HONOLULU HI CLIMATE SUMMARY FOR JUNE 22 2017...
VALID TODAY AS OF 0500 PM LOCAL TIME.

CLIMATE NORMAL PERIOD 1981 TO 2010
CLIMATE RECORD PERIOD 1946 TO 2017


WEATHER ITEM   OBSERVED TIME   RECORD YEAR NORMAL DEPARTURE LAST
                VALUE   (LST)  VALUE       VALUE  FROM      YEAR
                                                  NORMAL
..................................................................
TEMPERATURE (F)
 TODAY
  MAXIMUM         86    245 PM  90    2005  87     -1       87
                                      1996
                                      1979
  MINIMUM         73    539 AM  67    1975  74     -1       75
  AVERAGE         80                        81     -1       81

PRECIPITATION (IN)
  TODAY            0.00          0.14 1963   0.00   0.00      T
  MONTH TO DATE    0.48                      0.19   0.29     0.12
  SINCE JUN 1      0.48                      0.19   0.29     0.12
  SINCE JAN 1     13.97                      7.76   6.21     4.16

SNOWFALL (IN)
  TODAY            0.0
  MONTH TO DATE    0.0
  SINCE JUN 1      0.0
  SINCE JUL 1      0.0
  SNOW DEPTH      MM

DEGREE DAYS
 HEATING
  TODAY            0                         0      0        0
  MONTH TO DATE    0                         0      0        0
  SINCE JUN 1      0                         0      0        0
  SINCE JUL 1      0                         0      0        0

 COOLING
  TODAY           15                        16     -1       16
  MONTH TO DATE  335                       330      5      301
  SINCE JUN 1    335                       330      5      301
  SINCE JAN 1   2036                      1832    204     2015
..................................................................


WIND (MPH)
  HIGHEST WIND SPEED    20   HIGHEST WIND DIRECTION    NE (60)
  HIGHEST GUST SPEED    27   HIGHEST GUST DIRECTION    NE (50)
  AVERAGE WIND SPEED    MM


SKY COVER
  POSSIBLE SUNSHINE  MM
  AVERAGE SKY COVER  MM


WEATHER CONDITIONS
 THE FOLLOWING WEATHER WAS RECORDED TODAY.
  NO SIGNIFICANT WEATHER WAS OBSERVED.


RELATIVE HUMIDITY (PERCENT)
 HIGHEST    MM
 LOWEST     MM
 AVERAGE    MM

..........................................................


THE HONOLULU HI CLIMATE NORMALS FOR TOMORROW
                         NORMAL    RECORD    YEAR
 MAXIMUM TEMPERATURE (F)   87        91      1989
 MINIMUM TEMPERATURE (F)   74        68      1973


SUNRISE AND SUNSET
JUNE 22 2017..........SUNRISE   551 AM HST   SUNSET   717 PM HST
JUNE 23 2017..........SUNRISE   551 AM HST   SUNSET   717 PM HST


-  INDICATES NEGATIVE NUMBERS.
R  INDICATES RECORD WAS SET OR TIED.
MM INDICATES DATA IS MISSING.
T  INDICATES TRACE AMOUNT.




$$
