000
CDHW40 PHFO 191245
CLIHNL


CLIMATE REPORT
NATIONAL WEATHER SERVICE HONOLULU HI
245 AM HST SAT APR 19 2014


...................................

...THE HONOLULU HI CLIMATE SUMMARY FOR APRIL 18 2014...

CLIMATE NORMAL PERIOD 1981 TO 2010
CLIMATE RECORD PERIOD 1946 TO 2014


WEATHER ITEM   OBSERVED TIME   RECORD YEAR NORMAL DEPARTURE LAST
                VALUE   (LST)  VALUE       VALUE  FROM      YEAR
                                                  NORMAL
..................................................................
TEMPERATURE (F)
 YESTERDAY
  MAXIMUM         85    255 PM  89    1996  83      2       84
  MINIMUM         71    610 AM  62    1989  70      1       73
  AVERAGE         78                        76      2       79

PRECIPITATION (IN)
  YESTERDAY        T             0.46 1977   0.02  -0.02      T
  MONTH TO DATE    0.16                      0.46  -0.30     0.78
  SINCE MAR 1      2.77                      2.48   0.29     3.73
  SINCE JAN 1      6.45                      6.78  -0.33     6.80

SNOWFALL (IN)
  YESTERDAY        0.0
  MONTH TO DATE    0.0
  SINCE MAR 1      0.0
  SINCE JUL 1      0.0
  SNOW DEPTH       0

DEGREE DAYS
 HEATING
  YESTERDAY        0                         0      0        0
  MONTH TO DATE    0                         0      0        0
  SINCE MAR 1      0                         0      0        0
  SINCE JUL 1      0                         0      0        0

 COOLING
  YESTERDAY       13                        11      2       14
  MONTH TO DATE  213                       198     15      185
  SINCE MAR 1    522                       491     31      442
  SINCE JAN 1   1041                       973     68      940
..................................................................


WIND (MPH)
  HIGHEST WIND SPEED    22   HIGHEST WIND DIRECTION    NE (50)
  HIGHEST GUST SPEED    29   HIGHEST GUST DIRECTION    NE (40)
  AVERAGE WIND SPEED    10.4


SKY COVER
  POSSIBLE SUNSHINE  MM
  AVERAGE SKY COVER 0.7


WEATHER CONDITIONS
 THE FOLLOWING WEATHER WAS RECORDED YESTERDAY.
  NO SIGNIFICANT WEATHER WAS OBSERVED.


RELATIVE HUMIDITY (PERCENT)
 HIGHEST    84           600 AM
 LOWEST     51           200 PM
 AVERAGE    68

..........................................................


THE HONOLULU HI CLIMATE NORMALS FOR TODAY
                         NORMAL    RECORD    YEAR
 MAXIMUM TEMPERATURE (F)   83        89      1996
 MINIMUM TEMPERATURE (F)   70        62      1954


SUNRISE AND SUNSET
APRIL 19 2014.........SUNRISE   609 AM HST   SUNSET   653 PM HST
APRIL 20 2014.........SUNRISE   608 AM HST   SUNSET   653 PM HST


-  INDICATES NEGATIVE NUMBERS.
R  INDICATES RECORD WAS SET OR TIED.
MM INDICATES DATA IS MISSING.
T  INDICATES TRACE AMOUNT.




$$
