000
CDHW40 PHFO 281245
CLIHNL


CLIMATE REPORT
NATIONAL WEATHER SERVICE HONOLULU HI
245 AM HST SAT FEB 28 2015


...................................

...THE HONOLULU HI CLIMATE SUMMARY FOR FEBRUARY 27 2015...

CLIMATE NORMAL PERIOD 1981 TO 2010
CLIMATE RECORD PERIOD 1946 TO 2015


WEATHER ITEM   OBSERVED TIME   RECORD YEAR NORMAL DEPARTURE LAST
                VALUE   (LST)  VALUE       VALUE  FROM      YEAR
                                                  NORMAL
..................................................................
TEMPERATURE (F)
 YESTERDAY
  MAXIMUM         84   1055 AM  85    2001  80      4       80
                                      1977
  MINIMUM         71    655 AM  56    1898  66      5       65
  AVERAGE         78                        73      5       73

PRECIPITATION (IN)
  YESTERDAY        0.08          8.65 1888   0.07   0.01     0.00
  MONTH TO DATE    0.86                      1.91  -1.05     1.22
  SINCE DEC 1      2.87                      7.46  -4.59     7.31
  SINCE JAN 1      1.80                      4.22  -2.42     3.67

SNOWFALL (IN)
  YESTERDAY        0.0
  MONTH TO DATE    0.0
  SINCE DEC 1      0.0
  SINCE JUL 1      0.0
  SNOW DEPTH       0

DEGREE DAYS
 HEATING
  YESTERDAY        0                         0      0        0
  MONTH TO DATE    0                         0      0        0
  SINCE DEC 1      0                         0      0        0
  SINCE JUL 1      0                         0      0        0

 COOLING
  YESTERDAY       13                         8      5        8
  MONTH TO DATE  269                       216     53      262
  SINCE DEC 1    782                       772     10      843
  SINCE JAN 1    498                       470     28      508
..................................................................


WIND (MPH)
  HIGHEST WIND SPEED    15   HIGHEST WIND DIRECTION    NE (50)
  HIGHEST GUST SPEED    25   HIGHEST GUST DIRECTION     N (350)
  AVERAGE WIND SPEED     4.6


SKY COVER
  POSSIBLE SUNSHINE  MM
  AVERAGE SKY COVER 0.7


WEATHER CONDITIONS
 THE FOLLOWING WEATHER WAS RECORDED YESTERDAY.
  LIGHT RAIN
  HAZE


RELATIVE HUMIDITY (PERCENT)
 HIGHEST    90           600 AM
 LOWEST     55          1100 AM
 AVERAGE    73

..........................................................


THE HONOLULU HI CLIMATE NORMALS FOR TODAY
                         NORMAL    RECORD    YEAR
 MAXIMUM TEMPERATURE (F)   81        86      1977
 MINIMUM TEMPERATURE (F)   66        54      1898


SUNRISE AND SUNSET
FEBRUARY 28 2015......SUNRISE   653 AM HST   SUNSET   636 PM HST
MARCH  1 2015.........SUNRISE   652 AM HST   SUNSET   636 PM HST


-  INDICATES NEGATIVE NUMBERS.
R  INDICATES RECORD WAS SET OR TIED.
MM INDICATES DATA IS MISSING.
T  INDICATES TRACE AMOUNT.




$$
