000
CDHW40 PHFO 211245
CLIHNL


CLIMATE REPORT
NATIONAL WEATHER SERVICE HONOLULU HI
245 AM HST TUE FEB 21 2017


...................................

...THE HONOLULU HI CLIMATE SUMMARY FOR FEBRUARY 20 2017...

CLIMATE NORMAL PERIOD 1981 TO 2010
CLIMATE RECORD PERIOD 1946 TO 2017


WEATHER ITEM   OBSERVED TIME   RECORD YEAR NORMAL DEPARTURE LAST
                VALUE   (LST)  VALUE       VALUE  FROM      YEAR
                                                  NORMAL
..................................................................
TEMPERATURE (F)
 YESTERDAY
  MAXIMUM         80    121 PM  87    1977  80      0       79
  MINIMUM         69    551 AM  58    1990  66      3       65
  AVERAGE         75                        73      2       72

PRECIPITATION (IN)
  YESTERDAY        0.00          1.07 1979   0.07  -0.07      T
  MONTH TO DATE    5.74                      1.37   4.37     0.24
  SINCE DEC 1      6.82                      6.92  -0.10     0.54
  SINCE JAN 1      5.95                      3.68   2.27     0.27

SNOWFALL (IN)
  YESTERDAY        0.0
  MONTH TO DATE    0.0
  SINCE DEC 1      0.0
  SINCE JUL 1      0.0
  SNOW DEPTH       0

DEGREE DAYS
 HEATING
  YESTERDAY        0                         0      0        0
  MONTH TO DATE    0                         0      0        0
  SINCE DEC 1      0                         0      0        0
  SINCE JUL 1      0                         0      0        0

 COOLING
  YESTERDAY       10                         8      2        7
  MONTH TO DATE  185                       160     25      205
  SINCE DEC 1    763                       716     47      904
  SINCE JAN 1    458                       414     44      498
..................................................................


WIND (MPH)
  HIGHEST WIND SPEED    29   HIGHEST WIND DIRECTION     E (70)
  HIGHEST GUST SPEED    40   HIGHEST GUST DIRECTION     E (70)
  AVERAGE WIND SPEED    17.3


SKY COVER
  POSSIBLE SUNSHINE  MM
  AVERAGE SKY COVER 0.3


WEATHER CONDITIONS
 THE FOLLOWING WEATHER WAS RECORDED YESTERDAY.
  NO SIGNIFICANT WEATHER WAS OBSERVED.


RELATIVE HUMIDITY (PERCENT)
 HIGHEST    66           200 AM
 LOWEST     42          1200 PM
 AVERAGE    54

..........................................................


THE HONOLULU HI CLIMATE NORMALS FOR TODAY
                         NORMAL    RECORD    YEAR
 MAXIMUM TEMPERATURE (F)   80        87      1977
 MINIMUM TEMPERATURE (F)   66        55      1962


SUNRISE AND SUNSET
FEBRUARY 21 2017......SUNRISE   658 AM HST   SUNSET   633 PM HST
FEBRUARY 22 2017......SUNRISE   657 AM HST   SUNSET   633 PM HST


-  INDICATES NEGATIVE NUMBERS.
R  INDICATES RECORD WAS SET OR TIED.
MM INDICATES DATA IS MISSING.
T  INDICATES TRACE AMOUNT.




$$
