000
CDHW40 PHFO 131245
CLIHNL


CLIMATE REPORT
NATIONAL WEATHER SERVICE HONOLULU HI
245 AM HST WED DEC 13 2017


...................................

...THE HONOLULU HI CLIMATE SUMMARY FOR DECEMBER 12 2017...

CLIMATE NORMAL PERIOD 1981 TO 2010
CLIMATE RECORD PERIOD 1946 TO 2017


WEATHER ITEM   OBSERVED TIME   RECORD YEAR NORMAL DEPARTURE LAST
                VALUE   (LST)  VALUE       VALUE  FROM      YEAR
                                                  NORMAL
..................................................................
TEMPERATURE (F)
 YESTERDAY
  MAXIMUM         83   1154 AM  89    1995  81      2       81
  MINIMUM         69   1159 PM  57    1972  69      0       64
  AVERAGE         76                        75      1       73

PRECIPITATION (IN)
  YESTERDAY        0.03          7.89 1987   0.11  -0.08     0.00
  MONTH TO DATE    0.39                      1.08  -0.69     0.64
  SINCE DEC 1      0.39                      1.08  -0.69     0.64
  SINCE JAN 1     19.61                     14.94   4.67    12.93

SNOWFALL (IN)
  YESTERDAY        0.0
  MONTH TO DATE    0.0
  SINCE DEC 1      0.0
  SINCE JUL 1      0.0
  SNOW DEPTH      MM

DEGREE DAYS
 HEATING
  YESTERDAY        0                         0      0        0
  MONTH TO DATE    0                         0      0        0
  SINCE DEC 1      0                         0      0        0
  SINCE JUL 1      0                         0      0        0

 COOLING
  YESTERDAY       11                        10      1        8
  MONTH TO DATE  128                       127      1      112
  SINCE DEC 1    128                       127      1      112
  SINCE JAN 1   4569                      4453    116     4545
..................................................................


WIND (MPH)
  HIGHEST WIND SPEED    24   HIGHEST WIND DIRECTION     W (250)
  HIGHEST GUST SPEED    29   HIGHEST GUST DIRECTION     W (250)
  AVERAGE WIND SPEED    10.4


SKY COVER
  POSSIBLE SUNSHINE  MM
  AVERAGE SKY COVER  MM


WEATHER CONDITIONS
 THE FOLLOWING WEATHER WAS RECORDED YESTERDAY.
  NO SIGNIFICANT WEATHER WAS OBSERVED.


RELATIVE HUMIDITY (PERCENT)
 HIGHEST    MM
 LOWEST     MM
 AVERAGE    MM

..........................................................


THE HONOLULU HI CLIMATE NORMALS FOR TODAY
                         NORMAL    RECORD    YEAR
 MAXIMUM TEMPERATURE (F)   81        89      1977
 MINIMUM TEMPERATURE (F)   69        58      1972


SUNRISE AND SUNSET
DECEMBER 13 2017......SUNRISE   701 AM HST   SUNSET   552 PM HST
DECEMBER 14 2017......SUNRISE   701 AM HST   SUNSET   552 PM HST


-  INDICATES NEGATIVE NUMBERS.
R  INDICATES RECORD WAS SET OR TIED.
MM INDICATES DATA IS MISSING.
T  INDICATES TRACE AMOUNT.




$$
