000
CDHW40 PHFO 240259
CLIHNL


CLIMATE REPORT
NATIONAL WEATHER SERVICE HONOLULU HI
434 PM HST FRI FEB 23 2018


...................................

...THE HONOLULU HI CLIMATE SUMMARY FOR FEBRUARY 23 2018...
VALID TODAY AS OF 0400 PM LOCAL TIME.

CLIMATE NORMAL PERIOD 1981 TO 2010
CLIMATE RECORD PERIOD 1946 TO 2018


WEATHER ITEM   OBSERVED TIME   RECORD YEAR NORMAL DEPARTURE LAST
                VALUE   (LST)  VALUE       VALUE  FROM      YEAR
                                                  NORMAL
..................................................................
TEMPERATURE (F)
 TODAY
  MAXIMUM         85    211 PM  85    1996  80      5       80
                                      1984
                                      1981
  MINIMUM         73    724 AM  60    1990  66      7       67
                                      1987
  AVERAGE         79                        73      6       74

PRECIPITATION (IN)
  TODAY            0.00          5.52 1955   0.08  -0.08     0.00
  MONTH TO DATE    3.91                      1.61   2.30     5.82
  SINCE DEC 1      7.37                      7.16   0.21     6.90
  SINCE JAN 1      3.97                      3.92   0.05     6.03

SNOWFALL (IN)
  TODAY            0.0
  MONTH TO DATE    0.0
  SINCE DEC 1      0.0
  SINCE JUL 1      0.0
  SNOW DEPTH      MM

DEGREE DAYS
 HEATING
  TODAY            0                         0      0        0
  MONTH TO DATE    0                         0      0        0
  SINCE DEC 1      0                         0      0        0
  SINCE JUL 1      0                         0      0        0

 COOLING
  TODAY           14                         8      6        9
  MONTH TO DATE  227                       184     43      213
  SINCE DEC 1    905                       740    165      791
  SINCE JAN 1    599                       438    161      486
..................................................................


WIND (MPH)
  HIGHEST WIND SPEED    15   HIGHEST WIND DIRECTION    NE (60)
  HIGHEST GUST SPEED    21   HIGHEST GUST DIRECTION    NE (40)
  AVERAGE WIND SPEED    MM


SKY COVER
  POSSIBLE SUNSHINE  MM
  AVERAGE SKY COVER  MM


WEATHER CONDITIONS
 THE FOLLOWING WEATHER WAS RECORDED TODAY.
  NO SIGNIFICANT WEATHER WAS OBSERVED.


RELATIVE HUMIDITY (PERCENT)
 HIGHEST    MM
 LOWEST     MM
 AVERAGE    MM

..........................................................


THE HONOLULU HI CLIMATE NORMALS FOR TOMORROW
                         NORMAL    RECORD    YEAR
 MAXIMUM TEMPERATURE (F)   80        86      2004
 MINIMUM TEMPERATURE (F)   66        58      1962


SUNRISE AND SUNSET
FEBRUARY 23 2018......SUNRISE   657 AM HST   SUNSET   634 PM HST
FEBRUARY 24 2018......SUNRISE   656 AM HST   SUNSET   634 PM HST


-  INDICATES NEGATIVE NUMBERS.
R  INDICATES RECORD WAS SET OR TIED.
MM INDICATES DATA IS MISSING.
T  INDICATES TRACE AMOUNT.




$$
