000
CDHW40 PHFO 290240
CLIHNL


CLIMATE REPORT
NATIONAL WEATHER SERVICE HONOLULU HI
438 PM HST FRI APR 28 2017


...................................

...THE HONOLULU HI CLIMATE SUMMARY FOR APRIL 28 2017...
VALID TODAY AS OF 0400 PM LOCAL TIME.

CLIMATE NORMAL PERIOD 1981 TO 2010
CLIMATE RECORD PERIOD 1946 TO 2017


WEATHER ITEM   OBSERVED TIME   RECORD YEAR NORMAL DEPARTURE LAST
                VALUE   (LST)  VALUE       VALUE  FROM      YEAR
                                                  NORMAL
..................................................................
TEMPERATURE (F)
 TODAY
  MAXIMUM         84    109 PM  91    1996  83      1       87
  MINIMUM         71    350 PM  60    1979  70      1       74
  AVERAGE         78                        77      1       81

PRECIPITATION (IN)
  TODAY            1.35R         0.21 1950   0.02   1.33     0.00
  MONTH TO DATE    1.89                      0.60   1.29     0.21
  SINCE MAR 1      4.64                      2.62   2.02     0.43
  SINCE JAN 1     11.97                      6.92   5.05     0.86

SNOWFALL (IN)
  TODAY            0.0
  MONTH TO DATE    0.0
  SINCE MAR 1      0.0
  SINCE JUL 1      0.0
  SNOW DEPTH      MM

DEGREE DAYS
 HEATING
  TODAY            0                         0      0        0
  MONTH TO DATE    0                         0      0        0
  SINCE MAR 1      0                         0      0        0
  SINCE JUL 1      0                         0      0        0

 COOLING
  TODAY           13                        11      2       16
  MONTH TO DATE  384                       308     76      366
  SINCE MAR 1    741                       601    140      668
  SINCE JAN 1   1268                      1083    185     1250
..................................................................


WIND (MPH)
  HIGHEST WIND SPEED    20   HIGHEST WIND DIRECTION     W (250)
  HIGHEST GUST SPEED    27   HIGHEST GUST DIRECTION     W (260)
  AVERAGE WIND SPEED    MM


SKY COVER
  POSSIBLE SUNSHINE  MM
  AVERAGE SKY COVER  MM


WEATHER CONDITIONS
 THE FOLLOWING WEATHER WAS RECORDED TODAY.
  FOG


RELATIVE HUMIDITY (PERCENT)
 HIGHEST    MM
 LOWEST     MM
 AVERAGE    MM

..........................................................


THE HONOLULU HI CLIMATE NORMALS FOR TOMORROW
                         NORMAL    RECORD    YEAR
 MAXIMUM TEMPERATURE (F)   83        89      1978
 MINIMUM TEMPERATURE (F)   70        62      1995


SUNRISE AND SUNSET
APRIL 28 2017.........SUNRISE   603 AM HST   SUNSET   656 PM HST
APRIL 29 2017.........SUNRISE   602 AM HST   SUNSET   656 PM HST


-  INDICATES NEGATIVE NUMBERS.
R  INDICATES RECORD WAS SET OR TIED.
MM INDICATES DATA IS MISSING.
T  INDICATES TRACE AMOUNT.




$$
