000
CDHW40 PHFO 231245
CLIHNL


CLIMATE REPORT
NATIONAL WEATHER SERVICE HONOLULU HI
245 AM HST WED APR 23 2014


...................................

...THE HONOLULU HI CLIMATE SUMMARY FOR APRIL 22 2014...

CLIMATE NORMAL PERIOD 1981 TO 2010
CLIMATE RECORD PERIOD 1946 TO 2014


WEATHER ITEM   OBSERVED TIME   RECORD YEAR NORMAL DEPARTURE LAST
                VALUE   (LST)  VALUE       VALUE  FROM      YEAR
                                                  NORMAL
..................................................................
TEMPERATURE (F)
 YESTERDAY
  MAXIMUM         84    200 PM  88    1996  83      1       82
  MINIMUM         74    557 AM  56    1958  70      4       71
  AVERAGE         79                        76      3       77

PRECIPITATION (IN)
  YESTERDAY        T             2.29 1950   0.01  -0.01     0.28
  MONTH TO DATE    0.17                      0.51  -0.34     1.62
  SINCE MAR 1      2.78                      2.53   0.25     4.57
  SINCE JAN 1      6.46                      6.83  -0.37     7.64

SNOWFALL (IN)
  YESTERDAY        0.0
  MONTH TO DATE    0.0
  SINCE MAR 1      0.0
  SINCE JUL 1      0.0
  SNOW DEPTH       0

DEGREE DAYS
 HEATING
  YESTERDAY        0                         0      0        0
  MONTH TO DATE    0                         0      0        0
  SINCE MAR 1      0                         0      0        0
  SINCE JUL 1      0                         0      0        0

 COOLING
  YESTERDAY       14                        11      3       12
  MONTH TO DATE  266                       242     24      233
  SINCE MAR 1    575                       535     40      490
  SINCE JAN 1   1094                      1017     77      988
..................................................................


WIND (MPH)
  HIGHEST WIND SPEED    31   HIGHEST WIND DIRECTION    NE (50)
  HIGHEST GUST SPEED    45   HIGHEST GUST DIRECTION    NE (60)
  AVERAGE WIND SPEED    15.7


SKY COVER
  POSSIBLE SUNSHINE  MM
  AVERAGE SKY COVER 0.7


WEATHER CONDITIONS
 THE FOLLOWING WEATHER WAS RECORDED YESTERDAY.
  NO SIGNIFICANT WEATHER WAS OBSERVED.


RELATIVE HUMIDITY (PERCENT)
 HIGHEST    73           500 AM
 LOWEST     51          1200 PM
 AVERAGE    62

..........................................................


THE HONOLULU HI CLIMATE NORMALS FOR TODAY
                         NORMAL    RECORD    YEAR
 MAXIMUM TEMPERATURE (F)   83        90      1996
 MINIMUM TEMPERATURE (F)   70        61      1958


SUNRISE AND SUNSET
APRIL 23 2014.........SUNRISE   606 AM HST   SUNSET   654 PM HST
APRIL 24 2014.........SUNRISE   605 AM HST   SUNSET   654 PM HST


-  INDICATES NEGATIVE NUMBERS.
R  INDICATES RECORD WAS SET OR TIED.
MM INDICATES DATA IS MISSING.
T  INDICATES TRACE AMOUNT.




$$
