000
CDUS43 KFSD 040633
CLIHON


CLIMATE REPORT
NATIONAL WEATHER SERVICE SIOUX FALLS SD
131 AM CDT FRI SEP 4 2015


...................................

...THE HURON SD CLIMATE SUMMARY FOR SEPTEMBER 3 2015...

CLIMATE NORMAL PERIOD 1981 TO 2010
CLIMATE RECORD PERIOD 1881 TO 2015


WEATHER ITEM   OBSERVED TIME   RECORD YEAR NORMAL DEPARTURE LAST
                VALUE   (LST)  VALUE       VALUE  FROM      YEAR
                                                  NORMAL
..................................................................
TEMPERATURE (F)
 YESTERDAY
  MAXIMUM         92    246 PM 102    1893  80     12       87
  MINIMUM         68    645 AM  31    1974  55     13       62
  AVERAGE         80                        67     13       75

PRECIPITATION (IN)
  YESTERDAY        0.00          1.00 1971   0.08  -0.08     0.00
  MONTH TO DATE    0.00                      0.24  -0.24     0.05
  SINCE SEP 1      0.00                      0.24  -0.24     0.05
  SINCE JAN 1     19.19                     17.50   1.69    13.61

SNOWFALL (IN)
  YESTERDAY        0.0           0.0    MM   0.0    0.0      0.0
  MONTH TO DATE    0.0                       0.0    0.0      0.0
  SINCE SEP 1      0.0                       0.0    0.0      0.0
  SINCE JUL 1      0.0                       0.0    0.0      0.0
  SNOW DEPTH       0

DEGREE DAYS
 HEATING
  YESTERDAY        0                         2     -2        0
  MONTH TO DATE    0                         6     -6        0
  SINCE SEP 1      0                         6     -6        0
  SINCE JUL 1     40                        35      5       33

 COOLING
  YESTERDAY       15                         5     10       10
  MONTH TO DATE   38                        15     23       12
  SINCE SEP 1     38                        15     23       12
  SINCE JAN 1    694                       684     10      535
..................................................................


WIND (MPH)
  HIGHEST WIND SPEED    18   HIGHEST WIND DIRECTION    SE (150)
  HIGHEST GUST SPEED    23   HIGHEST GUST DIRECTION    SE (140)
  AVERAGE WIND SPEED    11.2


SKY COVER
  POSSIBLE SUNSHINE  MM
  AVERAGE SKY COVER 0.0


WEATHER CONDITIONS
 THE FOLLOWING WEATHER WAS RECORDED YESTERDAY.
  FOG


RELATIVE HUMIDITY (PERCENT)
 HIGHEST    97           500 AM
 LOWEST     49           200 PM
 AVERAGE    73

..........................................................


THE HURON SD CLIMATE NORMALS FOR TODAY
                         NORMAL    RECORD    YEAR
 MAXIMUM TEMPERATURE (F)   80       100      2001
                                             1931
                                             1913
 MINIMUM TEMPERATURE (F)   54        34      1961
                                             1902


SUNRISE AND SUNSET
SEPTEMBER  4 2015.....SUNRISE   659 AM CDT   SUNSET   804 PM CDT
SEPTEMBER  5 2015.....SUNRISE   700 AM CDT   SUNSET   802 PM CDT


-  INDICATES NEGATIVE NUMBERS.
R  INDICATES RECORD WAS SET OR TIED.
MM INDICATES DATA IS MISSING.
T  INDICATES TRACE AMOUNT.




$$
